{"id":13044,"date":"2024-07-23T08:53:43","date_gmt":"2024-07-23T06:53:43","guid":{"rendered":"https:\/\/vivasem.ro\/?post_type=product&#038;p=13044"},"modified":"2024-12-20T22:48:26","modified_gmt":"2024-12-20T20:48:26","slug":"kimono-karate-180","status":"publish","type":"product","link":"https:\/\/vivasem.ro\/?product=kimono-karate-180","title":{"rendered":"KIMONO KARATE 180"},"content":{"rendered":"<h5><span style=\"color: #ff0000;\"><strong><u>KIMONOURI KARATE : <\/u><u>KIHON \u00a0BUDO-NORD (SUEDIA),<\/u><\/strong><\/span><\/h5>\n<h5><span style=\"color: #ff0000;\"><strong>KIMONOURI KARATE marca KIHON BUDO-NORD , absolut noi,cu etichete .<\/strong><\/span><br \/>\n<span style=\"color: #ff0000;\"><strong>Compania BUDO-NORD, din Suedia, are o experien\u021b\u0103 de peste 50 de ani ,\u00een confec\u021bionarea echipamentelor sportive, produsele sale fiind de cea mai bun\u0103 calitate .<\/strong><\/span><br \/>\n<span style=\"color: #ff0000;\"><strong>Kmonourile din gama KIHON, sunt destinate pentru kumite \u0219i kihon, \u0219i sunt confectionate din material sub\u021bire \u0219i foarte rezistent,<\/strong><\/span><br \/>\n<span style=\"color: #ff0000;\"><strong>M\u0103surile ,\u00een centimetrii, sunt date ,conform schi\u021belor din ultima imagine:<\/strong><\/span><br \/>\n<span style=\"color: #ff0000;\"><strong>M\u0103rimea 180:pentru sportivi cu \u00een\u0103l\u021bimea de 165-180 m.<\/strong><\/span><br \/>\n<span style=\"color: #ff0000;\"><strong>Dimensiuni:<\/strong><\/span><br \/>\n<span style=\"color: #ff0000;\"><strong>A=163 cm<\/strong><\/span><br \/>\n<span style=\"color: #ff0000;\"><strong>B=84 cm- lungime bluz\u0103<\/strong><\/span><br \/>\n<span style=\"color: #ff0000;\"><strong>C=60 cm-l\u0103rgime bluz\u0103<\/strong><\/span><br \/>\n<span style=\"color: #ff0000;\"><strong>D=106 cm-lungime pantaloni<\/strong><\/span><br \/>\n<span style=\"color: #ff0000;\"><strong>X=50 cm<\/strong><\/span><br \/>\n<span style=\"color: #ff0000;\"><strong>Y=50 cm<\/strong><\/span><br \/>\n<span style=\"color: #ff0000;\"><strong>E min. =38 cm -talie pantaloni cu elastic str\u0103ns<\/strong><\/span><br \/>\n<span style=\"color: #ff0000;\"><strong>E max.=56 cm-talie pantalon cu elastic \u00eentins<\/strong><\/span><br \/>\n<span style=\"color: #ff0000;\"><strong>G=43 cm<\/strong><\/span><br \/>\n<span style=\"color: #ff0000;\"><strong>F=23 cm<\/strong><\/span><\/h5>\n<h5><span style=\"color: #ff0000;\"><strong>Centura alb\u0103 ,op\u021bional\u0103\u00a0 la pre\u021b de 10 lei.<\/strong><\/span><\/h5>\n<h5><span style=\"color: #ff0000;\"><strong>Pentru mai multe rela\u021bii, v\u0103 rug\u0103m s\u0103 ne contactati telefonic.<\/strong><\/span><\/h5>\n","protected":false},"excerpt":{"rendered":"<p>KIMONOURI KARATE : KIHON \u00a0BUDO-NORD (SUEDIA), KIMONOURI KARATE marca KIHON BUDO-NORD , absolut noi,cu etichete . Compania BUDO-NORD, din Suedia, are o experien\u021b\u0103 de peste 50 de ani ,\u00een confec\u021bionarea echipamentelor sportive, produsele sale fiind de cea mai bun\u0103 calitate . Kmonourile din gama KIHON, sunt destinate pentru kumite \u0219i kihon, \u0219i sunt confectionate din [&hellip;]<\/p>\n","protected":false},"featured_media":13059,"comment_status":"open","ping_status":"closed","template":"","meta":{"site-sidebar-layout":"default","site-content-layout":"default","ast-site-content-layout":"default","site-content-style":"default","site-sidebar-style":"default","ast-global-header-display":"","ast-banner-title-visibility":"","ast-main-header-display":"","ast-hfb-above-header-display":"","ast-hfb-below-header-display":"","ast-hfb-mobile-header-display":"","site-post-title":"","ast-breadcrumbs-content":"","ast-featured-img":"","footer-sml-layout":"","ast-disable-related-posts":"","theme-transparent-header-meta":"default","adv-header-id-meta":"","stick-header-meta":"","header-above-stick-meta":"","header-main-stick-meta":"","header-below-stick-meta":"","astra-migrate-meta-layouts":"set","ast-page-background-enabled":"default","ast-page-background-meta":{"desktop":{"background-color":"var(--ast-global-color-4)","background-image":"","background-repeat":"repeat","background-position":"center center","background-size":"auto","background-attachment":"scroll","background-type":"","background-media":"","overlay-type":"","overlay-color":"","overlay-opacity":"","overlay-gradient":""},"tablet":{"background-color":"","background-image":"","background-repeat":"repeat","background-position":"center center","background-size":"auto","background-attachment":"scroll","background-type":"","background-media":"","overlay-type":"","overlay-color":"","overlay-opacity":"","overlay-gradient":""},"mobile":{"background-color":"","background-image":"","background-repeat":"repeat","background-position":"center center","background-size":"auto","background-attachment":"scroll","background-type":"","background-media":"","overlay-type":"","overlay-color":"","overlay-opacity":"","overlay-gradient":""}},"ast-content-background-meta":{"desktop":{"background-color":"var(--ast-global-color-5)","background-image":"","background-repeat":"repeat","background-position":"center center","background-size":"auto","background-attachment":"scroll","background-type":"","background-media":"","overlay-type":"","overlay-color":"","overlay-opacity":"","overlay-gradient":""},"tablet":{"background-color":"var(--ast-global-color-5)","background-image":"","background-repeat":"repeat","background-position":"center center","background-size":"auto","background-attachment":"scroll","background-type":"","background-media":"","overlay-type":"","overlay-color":"","overlay-opacity":"","overlay-gradient":""},"mobile":{"background-color":"var(--ast-global-color-5)","background-image":"","background-repeat":"repeat","background-position":"center center","background-size":"auto","background-attachment":"scroll","background-type":"","background-media":"","overlay-type":"","overlay-color":"","overlay-opacity":"","overlay-gradient":""}}},"product_brand":[],"product_cat":[92,93],"product_tag":[],"class_list":{"0":"post-13044","1":"product","2":"type-product","3":"status-publish","4":"has-post-thumbnail","6":"product_cat-papetarie","7":"product_cat-alte-produse","8":"desktop-align-left","9":"tablet-align-left","10":"mobile-align-left","12":"first","13":"instock","14":"sale","15":"taxable","16":"shipping-taxable","17":"purchasable","18":"product-type-simple"},"_links":{"self":[{"href":"https:\/\/vivasem.ro\/index.php?rest_route=\/wp\/v2\/product\/13044","targetHints":{"allow":["GET"]}}],"collection":[{"href":"https:\/\/vivasem.ro\/index.php?rest_route=\/wp\/v2\/product"}],"about":[{"href":"https:\/\/vivasem.ro\/index.php?rest_route=\/wp\/v2\/types\/product"}],"replies":[{"embeddable":true,"href":"https:\/\/vivasem.ro\/index.php?rest_route=%2Fwp%2Fv2%2Fcomments&post=13044"}],"wp:featuredmedia":[{"embeddable":true,"href":"https:\/\/vivasem.ro\/index.php?rest_route=\/wp\/v2\/media\/13059"}],"wp:attachment":[{"href":"https:\/\/vivasem.ro\/index.php?rest_route=%2Fwp%2Fv2%2Fmedia&parent=13044"}],"wp:term":[{"taxonomy":"product_brand","embeddable":true,"href":"https:\/\/vivasem.ro\/index.php?rest_route=%2Fwp%2Fv2%2Fproduct_brand&post=13044"},{"taxonomy":"product_cat","embeddable":true,"href":"https:\/\/vivasem.ro\/index.php?rest_route=%2Fwp%2Fv2%2Fproduct_cat&post=13044"},{"taxonomy":"product_tag","embeddable":true,"href":"https:\/\/vivasem.ro\/index.php?rest_route=%2Fwp%2Fv2%2Fproduct_tag&post=13044"}],"curies":[{"name":"wp","href":"https:\/\/api.w.org\/{rel}","templated":true}]}}