{"id":13027,"date":"2024-07-12T14:51:54","date_gmt":"2024-07-12T12:51:54","guid":{"rendered":"https:\/\/vivasem.ro\/?post_type=product&#038;p=13027"},"modified":"2026-02-04T07:55:08","modified_gmt":"2026-02-04T05:55:08","slug":"fasole-meraviglia-di-venezia-beurre-merveille-de-venise-agrosem","status":"publish","type":"product","link":"https:\/\/vivasem.ro\/?product=fasole-meraviglia-di-venezia-beurre-merveille-de-venise-agrosem","title":{"rendered":"\u201eFasole MERAVIGLIA DI VENEZIA (A GRANE NERO)\/ MINUNEA VENE\u021aIEI UNTOAS\u0102 (AGROSEM) 40g"},"content":{"rendered":"<h6><span style=\"color: #ff0000;\"><strong><u>MERAVIGLIA DI VENEZIA A GRANO NERO\/<\/u><\/strong>Beurre Merveille de Venise,<\/span><\/h6>\n<h6><span style=\"color: #ff0000;\"><strong><u>-Agrosem Tg. Mure\u0219,<\/u><\/strong><\/span><\/h6>\n<h6><span style=\"color: #000080;\"><strong><i>S<\/i>oi italian de fasole urc\u0103toare, originar din Vene\u021bia, dar foarte popular \u0219i \u00een Fran\u021ba, unde , \u00een traducere se nume\u0219te :,,MINUNEA VENE\u021aIEI UNTOAS\u0102\u201d, pentru c\u0103, dup\u0103 fierbere devine foarte fraged\u0103.<\/strong><\/span><\/h6>\n<h6><span style=\"color: #0000ff;\"><strong>Produce abundent p\u0103st\u0103i foarte late de 2 &#8211; 2,5 cm l\u0103\u021bime \u0219i lungime medie de 16-20 cm, de culoare galben\u0103.<br \/>\nP\u0103st\u0103ile stau proaspete \u0219i fragede mult timp. <\/strong><\/span><\/h6>\n<h6><span style=\"color: #0000ff;\"><strong>Nu fac a\u021be chiar \u0219i c\u00e2nd ajung la maturitate, la o lungime de 22 &#8211; 24 cm.<br \/>\nLa aceasta varietate, semin\u021bele sunt de culoare neagr\u0103.<br \/>\n<span style=\"color: #000080;\">Fiecare plant\u0103 produce c\u00e2teva zeci de p\u0103st\u0103i de-a lungul \u00eentregii veri \u0219i se va urca pe orice suport p\u00e2n\u0103 la 2 &#8211; 3 m \u00een\u0103l\u021bime, <\/span><\/strong><\/span><span style=\"color: #000080;\">cu o inflorire continu\u0103.<\/span><\/h6>\n<h6><span style=\"color: #0000ff;\"><strong>Poate fi consumat\u0103 din stare proasp\u0103t\u0103 sau poate fi conservat\u0103.<br \/>\n<em>Fasolea Meraviglia di Venetia ,<\/em>prefer\u0103 zonele \u00eensorite, cu un sol bine lucrat, u\u0219or acidic cu o udare \u0219i fertilizare medie \u0219i poate fi cultivat\u0103 \u00een c\u00e2mp direct din s\u0103m\u00e2n\u021b\u0103, pe perioada verii \u0219i toamnei, sau tot timpul anului \u00een ser\u0103 sau solar.<br \/>\nPlanta ajunge la maturitate la 65-68 zile.<\/strong><\/span><\/h6>\n<h6><span style=\"color: #0000ff;\">Este fraged\u0103 \u015fi f\u0103r\u0103 a\u0163e, cu gust foarte pl\u0103cut.<\/span><\/h6>\n<h6>Se poate utiliza in stare proaspat\u0103 sau se poate conserva prin fierbere sau congelare.<\/h6>\n<h6>Pentru FRUCTIFICARE TIMPURIE ,SE RECOMAND\u0102 C\u00c2RNITUL PLANTEI LA 0,5m, 1m. \u0219i la 1,5 m.<\/h6>\n<div class=\"ast-oembed-container \" style=\"height: 100%;\"><iframe loading=\"lazy\" title=\"Doua soiuri super roditoare de fasole  de arac\" width=\"500\" height=\"281\" src=\"https:\/\/www.youtube.com\/embed\/mo-w2bizoFw?feature=oembed\" frameborder=\"0\" allow=\"accelerometer; autoplay; clipboard-write; encrypted-media; gyroscope; picture-in-picture; web-share\" referrerpolicy=\"strict-origin-when-cross-origin\" allowfullscreen><\/iframe><\/div>\n","protected":false},"excerpt":{"rendered":"<h6><span style=\"color: #0000ff;\">40 grame\/75-80 SEMIN\u021aE<\/span><\/h6>\n<h6><span style=\"color: #ff00ff;\">SOI TIMPURIU FOARTE PRODUCTIV !<\/span><\/h6>\n<p>VEZI VIDEOCLIP<\/p>\n","protected":false},"featured_media":13028,"comment_status":"open","ping_status":"closed","template":"","meta":{"site-sidebar-layout":"default","site-content-layout":"default","ast-site-content-layout":"default","site-content-style":"default","site-sidebar-style":"default","ast-global-header-display":"","ast-banner-title-visibility":"","ast-main-header-display":"","ast-hfb-above-header-display":"","ast-hfb-below-header-display":"","ast-hfb-mobile-header-display":"","site-post-title":"","ast-breadcrumbs-content":"","ast-featured-img":"","footer-sml-layout":"","ast-disable-related-posts":"","theme-transparent-header-meta":"default","adv-header-id-meta":"","stick-header-meta":"","header-above-stick-meta":"","header-main-stick-meta":"","header-below-stick-meta":"","astra-migrate-meta-layouts":"set","ast-page-background-enabled":"default","ast-page-background-meta":{"desktop":{"background-color":"var(--ast-global-color-4)","background-image":"","background-repeat":"repeat","background-position":"center center","background-size":"auto","background-attachment":"scroll","background-type":"","background-media":"","overlay-type":"","overlay-color":"","overlay-opacity":"","overlay-gradient":""},"tablet":{"background-color":"","background-image":"","background-repeat":"repeat","background-position":"center center","background-size":"auto","background-attachment":"scroll","background-type":"","background-media":"","overlay-type":"","overlay-color":"","overlay-opacity":"","overlay-gradient":""},"mobile":{"background-color":"","background-image":"","background-repeat":"repeat","background-position":"center center","background-size":"auto","background-attachment":"scroll","background-type":"","background-media":"","overlay-type":"","overlay-color":"","overlay-opacity":"","overlay-gradient":""}},"ast-content-background-meta":{"desktop":{"background-color":"var(--ast-global-color-5)","background-image":"","background-repeat":"repeat","background-position":"center center","background-size":"auto","background-attachment":"scroll","background-type":"","background-media":"","overlay-type":"","overlay-color":"","overlay-opacity":"","overlay-gradient":""},"tablet":{"background-color":"var(--ast-global-color-5)","background-image":"","background-repeat":"repeat","background-position":"center center","background-size":"auto","background-attachment":"scroll","background-type":"","background-media":"","overlay-type":"","overlay-color":"","overlay-opacity":"","overlay-gradient":""},"mobile":{"background-color":"var(--ast-global-color-5)","background-image":"","background-repeat":"repeat","background-position":"center center","background-size":"auto","background-attachment":"scroll","background-type":"","background-media":"","overlay-type":"","overlay-color":"","overlay-opacity":"","overlay-gradient":""}}},"product_brand":[],"product_cat":[85],"product_tag":[],"class_list":{"0":"post-13027","1":"product","2":"type-product","3":"status-publish","4":"has-post-thumbnail","6":"product_cat-fasole","7":"desktop-align-left","8":"tablet-align-left","9":"mobile-align-left","11":"first","12":"outofstock","13":"taxable","14":"shipping-taxable","15":"purchasable","16":"product-type-simple"},"_links":{"self":[{"href":"https:\/\/vivasem.ro\/index.php?rest_route=\/wp\/v2\/product\/13027","targetHints":{"allow":["GET"]}}],"collection":[{"href":"https:\/\/vivasem.ro\/index.php?rest_route=\/wp\/v2\/product"}],"about":[{"href":"https:\/\/vivasem.ro\/index.php?rest_route=\/wp\/v2\/types\/product"}],"replies":[{"embeddable":true,"href":"https:\/\/vivasem.ro\/index.php?rest_route=%2Fwp%2Fv2%2Fcomments&post=13027"}],"wp:featuredmedia":[{"embeddable":true,"href":"https:\/\/vivasem.ro\/index.php?rest_route=\/wp\/v2\/media\/13028"}],"wp:attachment":[{"href":"https:\/\/vivasem.ro\/index.php?rest_route=%2Fwp%2Fv2%2Fmedia&parent=13027"}],"wp:term":[{"taxonomy":"product_brand","embeddable":true,"href":"https:\/\/vivasem.ro\/index.php?rest_route=%2Fwp%2Fv2%2Fproduct_brand&post=13027"},{"taxonomy":"product_cat","embeddable":true,"href":"https:\/\/vivasem.ro\/index.php?rest_route=%2Fwp%2Fv2%2Fproduct_cat&post=13027"},{"taxonomy":"product_tag","embeddable":true,"href":"https:\/\/vivasem.ro\/index.php?rest_route=%2Fwp%2Fv2%2Fproduct_tag&post=13027"}],"curies":[{"name":"wp","href":"https:\/\/api.w.org\/{rel}","templated":true}]}}