{"id":12314,"date":"2024-02-08T12:44:43","date_gmt":"2024-02-08T10:44:43","guid":{"rendered":"https:\/\/vivasem.ro\/?post_type=product&#038;p=12314"},"modified":"2024-11-18T08:17:41","modified_gmt":"2024-11-18T06:17:41","slug":"varza-roem-van-enkhuizen-2","status":"publish","type":"product","link":"https:\/\/vivasem.ro\/?product=varza-roem-van-enkhuizen-2","title":{"rendered":"\u201e\u201eVarz\u0103  ROEM VAN ENKHUIZEN 2 (Pentru murat)"},"content":{"rendered":"<h6><span style=\"color: #ff0000;\"><strong><u>Varz\u0103 <\/u><\/strong> ROEM VAN ENKHUIZEN 2-HOLLAND FARMING ,<\/span><\/h6>\n<section class=\"container\">\n<div class=\"single-product\">\n<div class=\"row single-product-wrapper\">\n<div class=\"col-6 col-md-6 product-summary-wrapper\">\n<div class=\"short-description-wrapper\">\n<h6><span style=\"color: #000080;\">Soi semitardiv cu perioad\u0103 de vegeta\u021bie de 75 &#8211; 80 zile, pentru cultura de var\u0103 &#8211; toamn\u0103, \u00een c\u00e2mp deschis.<\/span><br \/>\n<span style=\"color: #000080;\">C\u0103p\u0103\u021b\u00e2nile au form\u0103 rotund\u0103.<\/span><br \/>\n<span style=\"color: #000080;\">Greutatea medie este cuprins\u0103 \u00eentre 3 &#8211; 3,5kg.<\/span><br \/>\n<span style=\"color: #000080;\">Frunzele sunt sub\u021biri, au culoare verde deschis \u0219i se preteaz\u0103 pentru murat.<\/span><br \/>\n<span style=\"color: #000080;\">Prezint\u0103 rezisten\u021b\u0103 la emiterea tijei florale.<\/span><br \/>\n<span style=\"color: #000080;\">Pentru consum \u00een stare proasp\u0103t\u0103 \u0219i procesare.<\/span><\/h6>\n<\/div>\n<\/div>\n<\/div>\n<\/div>\n<\/section>\n","protected":false},"excerpt":{"rendered":"<h6><span style=\"color: #0000ff;\">1\u00a0 gram ( 300 SEMIN\u021aE)<img loading=\"lazy\" decoding=\"async\" class=\"alignnone wp-image-6106\" src=\"https:\/\/vivasem.ro\/wp-content\/uploads\/2021\/12\/NOU3.jpg\" alt=\"\" width=\"72\" height=\"69\" srcset=\"https:\/\/vivasem.ro\/wp-content\/uploads\/2021\/12\/NOU3.jpg 270w, https:\/\/vivasem.ro\/wp-content\/uploads\/2021\/12\/NOU3-248x241.jpg 248w\" sizes=\"auto, (max-width: 72px) 100vw, 72px\" \/><\/span><\/h6>\n<h5><span style=\"color: #ff00ff;\">SOI CU FOAIE SUB\u021aIRE PENTRU MURAT<\/span><\/h5>\n","protected":false},"featured_media":12365,"comment_status":"open","ping_status":"closed","template":"","meta":{"site-sidebar-layout":"default","site-content-layout":"default","ast-site-content-layout":"default","site-content-style":"default","site-sidebar-style":"default","ast-global-header-display":"","ast-banner-title-visibility":"","ast-main-header-display":"","ast-hfb-above-header-display":"","ast-hfb-below-header-display":"","ast-hfb-mobile-header-display":"","site-post-title":"","ast-breadcrumbs-content":"","ast-featured-img":"","footer-sml-layout":"","ast-disable-related-posts":"","theme-transparent-header-meta":"default","adv-header-id-meta":"","stick-header-meta":"","header-above-stick-meta":"","header-main-stick-meta":"","header-below-stick-meta":"","astra-migrate-meta-layouts":"set","ast-page-background-enabled":"default","ast-page-background-meta":{"desktop":{"background-color":"var(--ast-global-color-4)","background-image":"","background-repeat":"repeat","background-position":"center center","background-size":"auto","background-attachment":"scroll","background-type":"","background-media":"","overlay-type":"","overlay-color":"","overlay-opacity":"","overlay-gradient":""},"tablet":{"background-color":"","background-image":"","background-repeat":"repeat","background-position":"center center","background-size":"auto","background-attachment":"scroll","background-type":"","background-media":"","overlay-type":"","overlay-color":"","overlay-opacity":"","overlay-gradient":""},"mobile":{"background-color":"","background-image":"","background-repeat":"repeat","background-position":"center center","background-size":"auto","background-attachment":"scroll","background-type":"","background-media":"","overlay-type":"","overlay-color":"","overlay-opacity":"","overlay-gradient":""}},"ast-content-background-meta":{"desktop":{"background-color":"var(--ast-global-color-5)","background-image":"","background-repeat":"repeat","background-position":"center center","background-size":"auto","background-attachment":"scroll","background-type":"","background-media":"","overlay-type":"","overlay-color":"","overlay-opacity":"","overlay-gradient":""},"tablet":{"background-color":"var(--ast-global-color-5)","background-image":"","background-repeat":"repeat","background-position":"center center","background-size":"auto","background-attachment":"scroll","background-type":"","background-media":"","overlay-type":"","overlay-color":"","overlay-opacity":"","overlay-gradient":""},"mobile":{"background-color":"var(--ast-global-color-5)","background-image":"","background-repeat":"repeat","background-position":"center center","background-size":"auto","background-attachment":"scroll","background-type":"","background-media":"","overlay-type":"","overlay-color":"","overlay-opacity":"","overlay-gradient":""}}},"product_brand":[],"product_cat":[148],"product_tag":[],"class_list":{"0":"post-12314","1":"product","2":"type-product","3":"status-publish","4":"has-post-thumbnail","6":"product_cat-10-varza-varza-kale","7":"desktop-align-left","8":"tablet-align-left","9":"mobile-align-left","11":"first","12":"outofstock","13":"taxable","14":"shipping-taxable","15":"purchasable","16":"product-type-simple"},"_links":{"self":[{"href":"https:\/\/vivasem.ro\/index.php?rest_route=\/wp\/v2\/product\/12314","targetHints":{"allow":["GET"]}}],"collection":[{"href":"https:\/\/vivasem.ro\/index.php?rest_route=\/wp\/v2\/product"}],"about":[{"href":"https:\/\/vivasem.ro\/index.php?rest_route=\/wp\/v2\/types\/product"}],"replies":[{"embeddable":true,"href":"https:\/\/vivasem.ro\/index.php?rest_route=%2Fwp%2Fv2%2Fcomments&post=12314"}],"wp:featuredmedia":[{"embeddable":true,"href":"https:\/\/vivasem.ro\/index.php?rest_route=\/wp\/v2\/media\/12365"}],"wp:attachment":[{"href":"https:\/\/vivasem.ro\/index.php?rest_route=%2Fwp%2Fv2%2Fmedia&parent=12314"}],"wp:term":[{"taxonomy":"product_brand","embeddable":true,"href":"https:\/\/vivasem.ro\/index.php?rest_route=%2Fwp%2Fv2%2Fproduct_brand&post=12314"},{"taxonomy":"product_cat","embeddable":true,"href":"https:\/\/vivasem.ro\/index.php?rest_route=%2Fwp%2Fv2%2Fproduct_cat&post=12314"},{"taxonomy":"product_tag","embeddable":true,"href":"https:\/\/vivasem.ro\/index.php?rest_route=%2Fwp%2Fv2%2Fproduct_tag&post=12314"}],"curies":[{"name":"wp","href":"https:\/\/api.w.org\/{rel}","templated":true}]}}