{"id":12182,"date":"2024-01-25T16:50:30","date_gmt":"2024-01-25T14:50:30","guid":{"rendered":"https:\/\/vivasem.ro\/?post_type=product&#038;p=12182"},"modified":"2024-04-05T10:10:31","modified_gmt":"2024-04-05T08:10:31","slug":"big-beef-f1-seminis-25s","status":"publish","type":"product","link":"https:\/\/vivasem.ro\/?product=big-beef-f1-seminis-25s","title":{"rendered":"\u201e\u201eBIG BEEF F1-Seminis (25s)"},"content":{"rendered":"<h6><span style=\"color: #ff0000;\"><strong><u>BIG BEEF F1,<\/u><\/strong><\/span><\/h6>\n<h6><span style=\"color: #ff0000;\"><strong><u>Produc\u0103tor:SEMINS-MONSANTO HOLLAND BV ,<\/u><\/strong><\/span><\/h6>\n<div class=\"ast-oembed-container \" style=\"height: 100%;\"><iframe loading=\"lazy\" title=\"Impressive Big Beef Tomatoes, Gardening, &amp; Prepping\" width=\"500\" height=\"375\" src=\"https:\/\/www.youtube.com\/embed\/WMl1HBC2INw?feature=oembed\" frameborder=\"0\" allow=\"accelerometer; autoplay; clipboard-write; encrypted-media; gyroscope; picture-in-picture; web-share\" referrerpolicy=\"strict-origin-when-cross-origin\" allowfullscreen><\/iframe><\/div>\n<div class=\"ast-oembed-container \" style=\"height: 100%;\"><iframe loading=\"lazy\" title=\"PlantProfile : Big Beef\" width=\"500\" height=\"281\" src=\"https:\/\/www.youtube.com\/embed\/DiNXpv4YZic?feature=oembed\" frameborder=\"0\" allow=\"accelerometer; autoplay; clipboard-write; encrypted-media; gyroscope; picture-in-picture; web-share\" referrerpolicy=\"strict-origin-when-cross-origin\" allowfullscreen><\/iframe><\/div>\n<h6><span style=\"color: #0000ff;\">Hibrid timpuriu, excep\u021bional, c\u00e2\u0219tig\u0103tor al premiului AAS-All America Selection , datorit\u0103 productivit\u0103\u021bii \u00eenalte, at\u00e2t \u00een solarii c\u00e2t \u0219i \u00een gr\u0103din\u0103 pecum \u0219i calit\u0103\u021bilor deosebite gustative.<\/span><\/h6>\n<h6><span style=\"color: #000000;\">Fructele mari, ,\u00een medie de 200-280 grame, pot trece de 400 grame. Noi am ob\u021binut\u00a0 de 450 grame, vezi foto.<\/span><\/h6>\n<h6><span style=\"color: #0000ff;\">Acestea sunt de calitate \u00eenalt\u0103, sunt foarte aromate, gustoase, bine echilibrate dulce-acid, c\u0103rnoase, cu pulp\u0103 beefsteak, ce se poate felia.<\/span><\/h6>\n<h6><span style=\"color: #000000;\">Plantele sunt nedeterminate, viguroase, rezistente la numeroase boli: Aal, Fol1-2, M, ,TMV, V1, RN, Ss, N . <\/span><\/h6>\n<h6><span style=\"color: #000000;\">Coacere \u00een 73 zile, de la transplant.<\/span><\/h6>\n<h6><span style=\"color: #ff00ff;\">FOTOGRAFIILE DE LA ACEAST\u0102 PAGIN\u0102 ,SUNT DE LA NOI, DIN SOLAR.<\/span><\/h6>\n<h6><\/h6>\n","protected":false},"excerpt":{"rendered":"<h6><span style=\"color: #0000ff;\">25 SEMIN\u021aE<\/span><\/h6>\n<h6 style=\"text-align: left;\"><span style=\"color: #ff00ff;\">HIBRID CAMPION EXCEP\u021aIONAL, FOARTE PRODUCTIV, GUST EXCELENT<\/span><\/h6>\n<h6><\/h6>\n","protected":false},"featured_media":4854,"comment_status":"open","ping_status":"closed","template":"","meta":{"site-sidebar-layout":"default","site-content-layout":"default","ast-site-content-layout":"default","site-content-style":"default","site-sidebar-style":"default","ast-global-header-display":"","ast-banner-title-visibility":"","ast-main-header-display":"","ast-hfb-above-header-display":"","ast-hfb-below-header-display":"","ast-hfb-mobile-header-display":"","site-post-title":"","ast-breadcrumbs-content":"","ast-featured-img":"","footer-sml-layout":"","ast-disable-related-posts":"","theme-transparent-header-meta":"default","adv-header-id-meta":"","stick-header-meta":"","header-above-stick-meta":"","header-main-stick-meta":"","header-below-stick-meta":"","astra-migrate-meta-layouts":"set","ast-page-background-enabled":"default","ast-page-background-meta":{"desktop":{"background-color":"var(--ast-global-color-4)","background-image":"","background-repeat":"repeat","background-position":"center center","background-size":"auto","background-attachment":"scroll","background-type":"","background-media":"","overlay-type":"","overlay-color":"","overlay-opacity":"","overlay-gradient":""},"tablet":{"background-color":"","background-image":"","background-repeat":"repeat","background-position":"center center","background-size":"auto","background-attachment":"scroll","background-type":"","background-media":"","overlay-type":"","overlay-color":"","overlay-opacity":"","overlay-gradient":""},"mobile":{"background-color":"","background-image":"","background-repeat":"repeat","background-position":"center center","background-size":"auto","background-attachment":"scroll","background-type":"","background-media":"","overlay-type":"","overlay-color":"","overlay-opacity":"","overlay-gradient":""}},"ast-content-background-meta":{"desktop":{"background-color":"var(--ast-global-color-5)","background-image":"","background-repeat":"repeat","background-position":"center center","background-size":"auto","background-attachment":"scroll","background-type":"","background-media":"","overlay-type":"","overlay-color":"","overlay-opacity":"","overlay-gradient":""},"tablet":{"background-color":"var(--ast-global-color-5)","background-image":"","background-repeat":"repeat","background-position":"center center","background-size":"auto","background-attachment":"scroll","background-type":"","background-media":"","overlay-type":"","overlay-color":"","overlay-opacity":"","overlay-gradient":""},"mobile":{"background-color":"var(--ast-global-color-5)","background-image":"","background-repeat":"repeat","background-position":"center center","background-size":"auto","background-attachment":"scroll","background-type":"","background-media":"","overlay-type":"","overlay-color":"","overlay-opacity":"","overlay-gradient":""}}},"product_brand":[],"product_cat":[110],"product_tag":[],"class_list":{"0":"post-12182","1":"product","2":"type-product","3":"status-publish","4":"has-post-thumbnail","6":"product_cat-tomate-hibrid","7":"pa_z-cantitate-10-seminte","8":"pa_z-cantitate-100-seminte","9":"pa_z-cantitate-200-seminte","10":"pa_z-cantitate-25-seminte","11":"pa_z-cantitate-250-seminte","12":"pa_z-cantitate-50-seminte","13":"pa_z-cantitate-500-seminte","14":"desktop-align-left","15":"tablet-align-left","16":"mobile-align-left","18":"first","19":"outofstock","20":"taxable","21":"shipping-taxable","22":"purchasable","23":"product-type-simple"},"_links":{"self":[{"href":"https:\/\/vivasem.ro\/index.php?rest_route=\/wp\/v2\/product\/12182","targetHints":{"allow":["GET"]}}],"collection":[{"href":"https:\/\/vivasem.ro\/index.php?rest_route=\/wp\/v2\/product"}],"about":[{"href":"https:\/\/vivasem.ro\/index.php?rest_route=\/wp\/v2\/types\/product"}],"replies":[{"embeddable":true,"href":"https:\/\/vivasem.ro\/index.php?rest_route=%2Fwp%2Fv2%2Fcomments&post=12182"}],"wp:featuredmedia":[{"embeddable":true,"href":"https:\/\/vivasem.ro\/index.php?rest_route=\/wp\/v2\/media\/4854"}],"wp:attachment":[{"href":"https:\/\/vivasem.ro\/index.php?rest_route=%2Fwp%2Fv2%2Fmedia&parent=12182"}],"wp:term":[{"taxonomy":"product_brand","embeddable":true,"href":"https:\/\/vivasem.ro\/index.php?rest_route=%2Fwp%2Fv2%2Fproduct_brand&post=12182"},{"taxonomy":"product_cat","embeddable":true,"href":"https:\/\/vivasem.ro\/index.php?rest_route=%2Fwp%2Fv2%2Fproduct_cat&post=12182"},{"taxonomy":"product_tag","embeddable":true,"href":"https:\/\/vivasem.ro\/index.php?rest_route=%2Fwp%2Fv2%2Fproduct_tag&post=12182"}],"curies":[{"name":"wp","href":"https:\/\/api.w.org\/{rel}","templated":true}]}}