{"id":11936,"date":"2024-01-06T00:20:25","date_gmt":"2024-01-05T22:20:25","guid":{"rendered":"https:\/\/vivasem.ro\/?post_type=product&#038;p=11936"},"modified":"2024-01-31T00:18:06","modified_gmt":"2024-01-30T22:18:06","slug":"yety-f1-100s","status":"publish","type":"product","link":"https:\/\/vivasem.ro\/?product=yety-f1-100s","title":{"rendered":"\u201e\u201eYETY F1 (100s)"},"content":{"rendered":"<h6 style=\"text-align: left;\"><span style=\"color: #ff0000;\">YETI F1 -Sakata Vegetable,<\/span><\/h6>\n<h6>Yeti F1 este un <span style=\"color: #0000ff;\">hibrid de tomate extratimpuriu,<\/span> <span style=\"color: #0000ff;\">cu crestere nedeterminata, cu fructe mari, ce ajung la o greutate de 220-260 grame, sunt uniforme, de culoare ro\u0219u intens<\/span>.<\/h6>\n<h6><span style=\"color: #0000ff;\">De asemeni se remarc\u0103 printr-un gust deosebit de bun.<\/span><\/h6>\n<h6>Fructele, au o uniformitate bun\u0103 \u0219i culoarea ro\u0219ie- intens\u0103.<\/h6>\n<h6>Plantele au o vigoare medie. Interodiile sunt scurte fapt ce\u00a0califica hibridul pentru plantarea in solariile cu talie joasa.<\/h6>\n<h6><span style=\"color: #0000ff;\">Productivitatea este foarte ridicat\u0103, datorit\u0103 \u0219i capacit\u0103\u021bii de legare\u00a0 foarte buna, inclusiv in condi\u021bii de stres termic<\/span> .<\/h6>\n<h6><strong>Hibridul de tomate Yeti F1<\/strong> este destinat culturilor in spa\u021bii protejate, dar si in c\u00e2mp, av\u00e2nd o genetica noua si crestere nedeterminata.<\/h6>\n<h6><strong>Rezistenta la boli:<\/strong><\/h6>\n<ul>\n<li>\n<h6><em>Patare Cafenie (Ff A-E)<\/em><\/h6>\n<\/li>\n<li>\n<h6><em>ToMV : 0, 1, 2<\/em><\/h6>\n<\/li>\n<li>\n<h6><em>Fol : 0, 1<\/em><\/h6>\n<\/li>\n<li>\n<h6><em>Vd : 0\u00a0<\/em><\/h6>\n<\/li>\n<li>\n<h6><em>TSWV (Virusul petelor de bronz)<\/em><\/h6>\n<\/li>\n<li>\n<h6><em>TYLCV (Virusul rasucirii si ingalbenirii frunzelor)<\/em><\/h6>\n<\/li>\n<li>\n<h6><em>Mi (Nematozi)<\/em><\/h6>\n<\/li>\n<li>\n<h6>PENTRU VARIANTELE DE CANTITATE , DE MAI JOS, SPECIFICA\u021aI \u00ceN FORMULARUL DE COMAND\u0102, LA RUBRICA *NOT\u0102 DE COMAND\u0102*, CANTITATEA DORIT\u0102:<\/h6>\n<\/li>\n<\/ul>\n<h6><\/h6>\n<h6><\/h6>\n<h6><\/h6>\n","protected":false},"excerpt":{"rendered":"<h6><span style=\"color: #0000ff;\">100 SEMIN\u021aE<\/span><img loading=\"lazy\" decoding=\"async\" class=\"alignnone wp-image-5567\" src=\"https:\/\/vivasem.ro\/wp-content\/uploads\/2021\/11\/NOU3.jpg\" alt=\"\" width=\"57\" height=\"55\" srcset=\"https:\/\/vivasem.ro\/wp-content\/uploads\/2021\/11\/NOU3.jpg 270w, https:\/\/vivasem.ro\/wp-content\/uploads\/2021\/11\/NOU3-248x241.jpg 248w\" sizes=\"auto, (max-width: 57px) 100vw, 57px\" \/><\/h6>\n<h6><span style=\"color: #ff00ff;\">DEOSEBIT DE PRODUCTIV<\/span><\/h6>\n<h6><span style=\"color: #ff00ff;\">GUST EXCELENT !<\/span><\/h6>\n","protected":false},"featured_media":6686,"comment_status":"open","ping_status":"closed","template":"","meta":{"site-sidebar-layout":"default","site-content-layout":"default","ast-site-content-layout":"default","site-content-style":"default","site-sidebar-style":"default","ast-global-header-display":"","ast-banner-title-visibility":"","ast-main-header-display":"","ast-hfb-above-header-display":"","ast-hfb-below-header-display":"","ast-hfb-mobile-header-display":"","site-post-title":"","ast-breadcrumbs-content":"","ast-featured-img":"","footer-sml-layout":"","ast-disable-related-posts":"","theme-transparent-header-meta":"default","adv-header-id-meta":"","stick-header-meta":"","header-above-stick-meta":"","header-main-stick-meta":"","header-below-stick-meta":"","astra-migrate-meta-layouts":"set","ast-page-background-enabled":"default","ast-page-background-meta":{"desktop":{"background-color":"var(--ast-global-color-4)","background-image":"","background-repeat":"repeat","background-position":"center center","background-size":"auto","background-attachment":"scroll","background-type":"","background-media":"","overlay-type":"","overlay-color":"","overlay-opacity":"","overlay-gradient":""},"tablet":{"background-color":"","background-image":"","background-repeat":"repeat","background-position":"center center","background-size":"auto","background-attachment":"scroll","background-type":"","background-media":"","overlay-type":"","overlay-color":"","overlay-opacity":"","overlay-gradient":""},"mobile":{"background-color":"","background-image":"","background-repeat":"repeat","background-position":"center center","background-size":"auto","background-attachment":"scroll","background-type":"","background-media":"","overlay-type":"","overlay-color":"","overlay-opacity":"","overlay-gradient":""}},"ast-content-background-meta":{"desktop":{"background-color":"var(--ast-global-color-5)","background-image":"","background-repeat":"repeat","background-position":"center center","background-size":"auto","background-attachment":"scroll","background-type":"","background-media":"","overlay-type":"","overlay-color":"","overlay-opacity":"","overlay-gradient":""},"tablet":{"background-color":"var(--ast-global-color-5)","background-image":"","background-repeat":"repeat","background-position":"center center","background-size":"auto","background-attachment":"scroll","background-type":"","background-media":"","overlay-type":"","overlay-color":"","overlay-opacity":"","overlay-gradient":""},"mobile":{"background-color":"var(--ast-global-color-5)","background-image":"","background-repeat":"repeat","background-position":"center center","background-size":"auto","background-attachment":"scroll","background-type":"","background-media":"","overlay-type":"","overlay-color":"","overlay-opacity":"","overlay-gradient":""}}},"product_brand":[],"product_cat":[110],"product_tag":[],"class_list":{"0":"post-11936","1":"product","2":"type-product","3":"status-publish","4":"has-post-thumbnail","6":"product_cat-tomate-hibrid","7":"desktop-align-left","8":"tablet-align-left","9":"mobile-align-left","11":"first","12":"outofstock","13":"taxable","14":"shipping-taxable","15":"purchasable","16":"product-type-simple"},"_links":{"self":[{"href":"https:\/\/vivasem.ro\/index.php?rest_route=\/wp\/v2\/product\/11936","targetHints":{"allow":["GET"]}}],"collection":[{"href":"https:\/\/vivasem.ro\/index.php?rest_route=\/wp\/v2\/product"}],"about":[{"href":"https:\/\/vivasem.ro\/index.php?rest_route=\/wp\/v2\/types\/product"}],"replies":[{"embeddable":true,"href":"https:\/\/vivasem.ro\/index.php?rest_route=%2Fwp%2Fv2%2Fcomments&post=11936"}],"wp:featuredmedia":[{"embeddable":true,"href":"https:\/\/vivasem.ro\/index.php?rest_route=\/wp\/v2\/media\/6686"}],"wp:attachment":[{"href":"https:\/\/vivasem.ro\/index.php?rest_route=%2Fwp%2Fv2%2Fmedia&parent=11936"}],"wp:term":[{"taxonomy":"product_brand","embeddable":true,"href":"https:\/\/vivasem.ro\/index.php?rest_route=%2Fwp%2Fv2%2Fproduct_brand&post=11936"},{"taxonomy":"product_cat","embeddable":true,"href":"https:\/\/vivasem.ro\/index.php?rest_route=%2Fwp%2Fv2%2Fproduct_cat&post=11936"},{"taxonomy":"product_tag","embeddable":true,"href":"https:\/\/vivasem.ro\/index.php?rest_route=%2Fwp%2Fv2%2Fproduct_tag&post=11936"}],"curies":[{"name":"wp","href":"https:\/\/api.w.org\/{rel}","templated":true}]}}