{"id":11891,"date":"2024-01-05T23:45:25","date_gmt":"2024-01-05T21:45:25","guid":{"rendered":"https:\/\/vivasem.ro\/?post_type=product&#038;p=11891"},"modified":"2025-01-12T15:01:59","modified_gmt":"2025-01-12T13:01:59","slug":"angelina-f1-superior-seeds-serbia-100s","status":"publish","type":"product","link":"https:\/\/vivasem.ro\/?product=angelina-f1-superior-seeds-serbia-100s","title":{"rendered":"\u201e\u201eANGELINA F1 (SUPERIOR SEEDS Serbia)"},"content":{"rendered":"<h6><span style=\"color: #ff0000;\"><strong><u>ANGELINA F1\/ANDELINA F1<\/u><\/strong><\/span>, <a href=\"https:\/\/vivasem.ro\/wp-content\/uploads\/2023\/12\/SUPERIOR-PROFESIONAL-SEEDS-original.jpg\"><img loading=\"lazy\" decoding=\"async\" class=\"alignnone size-medium wp-image-11688\" src=\"https:\/\/vivasem.ro\/wp-content\/uploads\/2023\/12\/SUPERIOR-PROFESIONAL-SEEDS-300x69.jpg\" alt=\"\" width=\"300\" height=\"69\" srcset=\"https:\/\/vivasem.ro\/wp-content\/uploads\/2023\/12\/SUPERIOR-PROFESIONAL-SEEDS-300x69.jpg 300w, https:\/\/vivasem.ro\/wp-content\/uploads\/2023\/12\/SUPERIOR-PROFESIONAL-SEEDS-original-248x57.jpg 248w, https:\/\/vivasem.ro\/wp-content\/uploads\/2023\/12\/SUPERIOR-PROFESIONAL-SEEDS-original.jpg 533w\" sizes=\"auto, (max-width: 300px) 100vw, 300px\" \/><\/a><span style=\"color: #ff0000;\"><strong><u><a href=\"https:\/\/vivasem.ro\/wp-content\/uploads\/2022\/01\/SUPERIOR-SEEDS-SERBIA.jpg\"><img loading=\"lazy\" decoding=\"async\" class=\"alignnone wp-image-11678\" src=\"https:\/\/vivasem.ro\/wp-content\/uploads\/2022\/01\/SUPERIOR-SEEDS-SERBIA-300x192.jpg\" alt=\"\" width=\"119\" height=\"76\" srcset=\"https:\/\/vivasem.ro\/wp-content\/uploads\/2022\/01\/SUPERIOR-SEEDS-SERBIA-300x192.jpg 300w, https:\/\/vivasem.ro\/wp-content\/uploads\/2022\/01\/SUPERIOR-SEEDS-SERBIA-original-248x158.jpg 248w, https:\/\/vivasem.ro\/wp-content\/uploads\/2022\/01\/SUPERIOR-SEEDS-SERBIA-original.jpg 426w\" sizes=\"auto, (max-width: 119px) 100vw, 119px\" \/><\/a><\/u><\/strong><\/span><\/h6>\n<h6><span style=\"color: #ff0000;\"><strong><u>Produc\u0103torsemin\u021be :-SUPERIOR SEEDS-SERBIA,<\/u><\/strong><\/span><\/h6>\n<h6><span style=\"color: #000080;\"><strong>Hibrid s\u00e2rbesc extratimpuriu, cu fructe mari , roz, extraordinar de gustoase, foarte dulci, slab acide, c\u0103rnoase, suculente, cu t\u0103rie medie.<\/strong><\/span><\/h6>\n<h6><span style=\"color: #ff0000;\">Plantele sunt de sezon lung, roditoare p\u00e2n\u0103 la venirea iernii, foarte inalte, cu foliaj bogat, care protejeaza fructele de soare.<\/span><\/h6>\n<h6><span style=\"color: #000080;\">Hibrid rezistent la boli( VFTm ), stabil in diferite condi\u021bii.<\/span><\/h6>\n<h6><span style=\"color: #ff0000;\">Potrivit pentru cre\u0219tere in gr\u0103din\u0103, \u00een aer liber, sau \u00een solarii.<\/span><\/h6>\n<h6><span style=\"color: #000080;\">Masa medie a tomatei este de 150- 200 de grame.<\/span><\/h6>\n<h6><\/h6>\n<h6><\/h6>\n","protected":false},"excerpt":{"rendered":"<h6><span style=\"color: #ff00ff;\">HIBRID S\u00c2RBESC FOARTE GUSTOS<\/span><\/h6>\n","protected":false},"featured_media":4922,"comment_status":"open","ping_status":"closed","template":"","meta":{"site-sidebar-layout":"default","site-content-layout":"default","ast-site-content-layout":"default","site-content-style":"default","site-sidebar-style":"default","ast-global-header-display":"","ast-banner-title-visibility":"","ast-main-header-display":"","ast-hfb-above-header-display":"","ast-hfb-below-header-display":"","ast-hfb-mobile-header-display":"","site-post-title":"","ast-breadcrumbs-content":"","ast-featured-img":"","footer-sml-layout":"","ast-disable-related-posts":"","theme-transparent-header-meta":"default","adv-header-id-meta":"","stick-header-meta":"","header-above-stick-meta":"","header-main-stick-meta":"","header-below-stick-meta":"","astra-migrate-meta-layouts":"set","ast-page-background-enabled":"default","ast-page-background-meta":{"desktop":{"background-color":"var(--ast-global-color-4)","background-image":"","background-repeat":"repeat","background-position":"center center","background-size":"auto","background-attachment":"scroll","background-type":"","background-media":"","overlay-type":"","overlay-color":"","overlay-opacity":"","overlay-gradient":""},"tablet":{"background-color":"","background-image":"","background-repeat":"repeat","background-position":"center center","background-size":"auto","background-attachment":"scroll","background-type":"","background-media":"","overlay-type":"","overlay-color":"","overlay-opacity":"","overlay-gradient":""},"mobile":{"background-color":"","background-image":"","background-repeat":"repeat","background-position":"center center","background-size":"auto","background-attachment":"scroll","background-type":"","background-media":"","overlay-type":"","overlay-color":"","overlay-opacity":"","overlay-gradient":""}},"ast-content-background-meta":{"desktop":{"background-color":"var(--ast-global-color-5)","background-image":"","background-repeat":"repeat","background-position":"center center","background-size":"auto","background-attachment":"scroll","background-type":"","background-media":"","overlay-type":"","overlay-color":"","overlay-opacity":"","overlay-gradient":""},"tablet":{"background-color":"var(--ast-global-color-5)","background-image":"","background-repeat":"repeat","background-position":"center center","background-size":"auto","background-attachment":"scroll","background-type":"","background-media":"","overlay-type":"","overlay-color":"","overlay-opacity":"","overlay-gradient":""},"mobile":{"background-color":"var(--ast-global-color-5)","background-image":"","background-repeat":"repeat","background-position":"center center","background-size":"auto","background-attachment":"scroll","background-type":"","background-media":"","overlay-type":"","overlay-color":"","overlay-opacity":"","overlay-gradient":""}}},"product_brand":[],"product_cat":[110],"product_tag":[],"class_list":{"0":"post-11891","1":"product","2":"type-product","3":"status-publish","4":"has-post-thumbnail","6":"product_cat-tomate-hibrid","7":"pa_z-cantitate-10-seminte","8":"pa_z-cantitate-100-seminte","9":"pa_z-cantitate-1000-seminte","10":"pa_z-cantitate-20-seminte","11":"pa_z-cantitate-200-seminte","12":"pa_z-cantitate-25-seminte","13":"pa_z-cantitate-250-seminte","14":"pa_z-cantitate-30-seminte","15":"pa_z-cantitate-40-seminte","16":"pa_z-cantitate-50-seminte","17":"pa_z-cantitate-500-seminte","18":"desktop-align-left","19":"tablet-align-left","20":"mobile-align-left","22":"first","23":"outofstock","24":"sale","25":"taxable","26":"shipping-taxable","27":"purchasable","28":"product-type-variable"},"_links":{"self":[{"href":"https:\/\/vivasem.ro\/index.php?rest_route=\/wp\/v2\/product\/11891","targetHints":{"allow":["GET"]}}],"collection":[{"href":"https:\/\/vivasem.ro\/index.php?rest_route=\/wp\/v2\/product"}],"about":[{"href":"https:\/\/vivasem.ro\/index.php?rest_route=\/wp\/v2\/types\/product"}],"replies":[{"embeddable":true,"href":"https:\/\/vivasem.ro\/index.php?rest_route=%2Fwp%2Fv2%2Fcomments&post=11891"}],"wp:featuredmedia":[{"embeddable":true,"href":"https:\/\/vivasem.ro\/index.php?rest_route=\/wp\/v2\/media\/4922"}],"wp:attachment":[{"href":"https:\/\/vivasem.ro\/index.php?rest_route=%2Fwp%2Fv2%2Fmedia&parent=11891"}],"wp:term":[{"taxonomy":"product_brand","embeddable":true,"href":"https:\/\/vivasem.ro\/index.php?rest_route=%2Fwp%2Fv2%2Fproduct_brand&post=11891"},{"taxonomy":"product_cat","embeddable":true,"href":"https:\/\/vivasem.ro\/index.php?rest_route=%2Fwp%2Fv2%2Fproduct_cat&post=11891"},{"taxonomy":"product_tag","embeddable":true,"href":"https:\/\/vivasem.ro\/index.php?rest_route=%2Fwp%2Fv2%2Fproduct_tag&post=11891"}],"curies":[{"name":"wp","href":"https:\/\/api.w.org\/{rel}","templated":true}]}}