{"id":11625,"date":"2023-12-22T10:29:26","date_gmt":"2023-12-22T08:29:26","guid":{"rendered":"https:\/\/vivasem.ro\/?post_type=product&#038;p=11625"},"modified":"2024-04-08T10:24:49","modified_gmt":"2024-04-08T08:24:49","slug":"varza-cataleya-f1-250s","status":"publish","type":"product","link":"https:\/\/vivasem.ro\/?product=varza-cataleya-f1-250s","title":{"rendered":"\u201e\u201eVARZA CATALEYA F1 (300s)"},"content":{"rendered":"<h6><span style=\"color: #333399;\"><u><b>VARZ\u0102 CATALEYA F1,<\/b><\/u><\/span><\/h6>\n<h6><span style=\"color: #333399;\"><u><b>Produc\u0103tor-HAZERA SEEDS.Israel<\/b><\/u><\/span>, \u00a0\u00a0 \u00a0\u00a0 \u00a0\u00a0 \u00a0\u00a0 \u00a0\u00a0 \u00a0\u00a0 \u00a0\u00a0 \u00a0\u00a0 \u00a0\u00a0 \u00a0<span style=\"color: #333399;\"><u><a href=\"https:\/\/vivasem.ro\/wp-content\/uploads\/2021\/11\/HAZERA-LOGO.jpg\"><img loading=\"lazy\" decoding=\"async\" class=\"alignnone wp-image-11430\" src=\"https:\/\/vivasem.ro\/wp-content\/uploads\/2021\/11\/HAZERA-LOGO-original.jpg\" alt=\"\" width=\"182\" height=\"73\" srcset=\"https:\/\/vivasem.ro\/wp-content\/uploads\/2021\/11\/HAZERA-LOGO-original.jpg 354w, https:\/\/vivasem.ro\/wp-content\/uploads\/2021\/11\/HAZERA-LOGO-original-248x99.jpg 248w, https:\/\/vivasem.ro\/wp-content\/uploads\/2021\/11\/HAZERA-LOGO-300x120.jpg 300w\" sizes=\"auto, (max-width: 182px) 100vw, 182px\" \/><\/a><\/u><\/span><\/h6>\n<h6><span style=\"color: #000080;\"><strong>Cataleya F1 &#8211;<\/strong>\u00a0hibrid de\u00a0<strong>varza alb\u0103 plat\u0103<\/strong>, cu f<strong>runze sub\u021biri, fragede,<\/strong>\u00a0recomandate pentru\u00a0<strong>prepararea sarmalelor, cu r<\/strong><strong>ezisten\u021b\u0103 la cr\u0103pare<\/strong> in c\u00e2mp , iar <strong>dupa maturizare \u0219i <\/strong><strong>la ofilirea vascular\u0103.<\/strong><\/span><\/h6>\n<h6><span style=\"color: #000080;\"> Maturitate \u00een <strong>75-80 zile\u00a0<\/strong>de la plantare,<\/span><\/h6>\n<h6><span style=\"color: #ff0000;\">Greutatea medie a c\u0103p\u0103\u021b\u00e2nii este de <strong>2,5-4 kg, <\/strong>\u00een functie de densitate \u0219i tehnologia de cultur\u0103.<\/span><\/h6>\n<ul>\n<li>\n<h6><span style=\"color: #000080;\">Se poate<strong>\u00a0consuma<\/strong> \u00een\u00a0<strong>stare proaspat\u0103<\/strong>, ca salat\u0103, dar in special ca varz\u0103 <strong>murat\u0103<\/strong>.<\/span><\/h6>\n<\/li>\n<li>\n<h6><span style=\"color: #000080;\"><strong>Frunzele sub\u021biri si fragede<\/strong>\u00a0o recomanda pentru\u00a0<strong>prepararea sarmalelor.<\/strong><\/span><\/h6>\n<\/li>\n<li>\n<h6><span style=\"color: #000080;\">Perioada de maturitate:\u00a0<strong>75-80 zile\u00a0<\/strong>de la plantare.<\/span><\/h6>\n<\/li>\n<li>\n<h6><span style=\"color: #000080;\"><strong>Rezisten\u021b\u0103 la cr\u0103pare<\/strong> in c\u00e2mp, <strong>dupa maturizare<\/strong>.<\/span><\/h6>\n<\/li>\n<li>\n<h6><span style=\"color: #000080;\"><strong>Rezisten\u021b\u0103 la ofilirea vasculara.<\/strong><\/span><\/h6>\n<\/li>\n<li>\n<h6><span style=\"color: #000080;\">Densitate de cultura:\u00a0<strong>30.000-35.000 plante\/ha<\/strong>.<\/span><\/h6>\n<\/li>\n<li>\n<h6><span style=\"color: #000080;\">Perioada de\u00a0<strong>plantare<\/strong>:\u00a0<strong>mai-iulie<\/strong>.<\/span><\/h6>\n<\/li>\n<\/ul>\n<div class=\"tabs product-tabs\">\n<div id=\"product-infos-tabs-content\" class=\"tab-content\">\n<div id=\"description\" class=\"tab-pane in active\">\n<div class=\"product-description\">\n<div class=\"rte-content\"><\/div>\n<\/div>\n<\/div>\n<\/div>\n<\/div>\n<h6><\/h6>\n<h6><\/h6>\n<h6><\/h6>\n","protected":false},"excerpt":{"rendered":"<h6><span style=\"color: #0000ff;\">300 SEMIN\u021aE <\/span><\/h6>\n<h6><span style=\"color: #ff00ff;\">HIBRID PLAT, PENTRU SARMALE<\/span><\/h6>\n<h6><\/h6>\n","protected":false},"featured_media":11624,"comment_status":"open","ping_status":"closed","template":"","meta":{"site-sidebar-layout":"default","site-content-layout":"default","ast-site-content-layout":"default","site-content-style":"default","site-sidebar-style":"default","ast-global-header-display":"","ast-banner-title-visibility":"","ast-main-header-display":"","ast-hfb-above-header-display":"","ast-hfb-below-header-display":"","ast-hfb-mobile-header-display":"","site-post-title":"","ast-breadcrumbs-content":"","ast-featured-img":"","footer-sml-layout":"","ast-disable-related-posts":"","theme-transparent-header-meta":"default","adv-header-id-meta":"","stick-header-meta":"","header-above-stick-meta":"","header-main-stick-meta":"","header-below-stick-meta":"","astra-migrate-meta-layouts":"set","ast-page-background-enabled":"default","ast-page-background-meta":{"desktop":{"background-color":"var(--ast-global-color-4)","background-image":"","background-repeat":"repeat","background-position":"center center","background-size":"auto","background-attachment":"scroll","background-type":"","background-media":"","overlay-type":"","overlay-color":"","overlay-opacity":"","overlay-gradient":""},"tablet":{"background-color":"","background-image":"","background-repeat":"repeat","background-position":"center center","background-size":"auto","background-attachment":"scroll","background-type":"","background-media":"","overlay-type":"","overlay-color":"","overlay-opacity":"","overlay-gradient":""},"mobile":{"background-color":"","background-image":"","background-repeat":"repeat","background-position":"center center","background-size":"auto","background-attachment":"scroll","background-type":"","background-media":"","overlay-type":"","overlay-color":"","overlay-opacity":"","overlay-gradient":""}},"ast-content-background-meta":{"desktop":{"background-color":"var(--ast-global-color-5)","background-image":"","background-repeat":"repeat","background-position":"center center","background-size":"auto","background-attachment":"scroll","background-type":"","background-media":"","overlay-type":"","overlay-color":"","overlay-opacity":"","overlay-gradient":""},"tablet":{"background-color":"var(--ast-global-color-5)","background-image":"","background-repeat":"repeat","background-position":"center center","background-size":"auto","background-attachment":"scroll","background-type":"","background-media":"","overlay-type":"","overlay-color":"","overlay-opacity":"","overlay-gradient":""},"mobile":{"background-color":"var(--ast-global-color-5)","background-image":"","background-repeat":"repeat","background-position":"center center","background-size":"auto","background-attachment":"scroll","background-type":"","background-media":"","overlay-type":"","overlay-color":"","overlay-opacity":"","overlay-gradient":""}}},"product_brand":[],"product_cat":[148],"product_tag":[],"class_list":{"0":"post-11625","1":"product","2":"type-product","3":"status-publish","4":"has-post-thumbnail","6":"product_cat-10-varza-varza-kale","7":"desktop-align-left","8":"tablet-align-left","9":"mobile-align-left","11":"first","12":"outofstock","13":"taxable","14":"shipping-taxable","15":"purchasable","16":"product-type-simple"},"_links":{"self":[{"href":"https:\/\/vivasem.ro\/index.php?rest_route=\/wp\/v2\/product\/11625","targetHints":{"allow":["GET"]}}],"collection":[{"href":"https:\/\/vivasem.ro\/index.php?rest_route=\/wp\/v2\/product"}],"about":[{"href":"https:\/\/vivasem.ro\/index.php?rest_route=\/wp\/v2\/types\/product"}],"replies":[{"embeddable":true,"href":"https:\/\/vivasem.ro\/index.php?rest_route=%2Fwp%2Fv2%2Fcomments&post=11625"}],"wp:featuredmedia":[{"embeddable":true,"href":"https:\/\/vivasem.ro\/index.php?rest_route=\/wp\/v2\/media\/11624"}],"wp:attachment":[{"href":"https:\/\/vivasem.ro\/index.php?rest_route=%2Fwp%2Fv2%2Fmedia&parent=11625"}],"wp:term":[{"taxonomy":"product_brand","embeddable":true,"href":"https:\/\/vivasem.ro\/index.php?rest_route=%2Fwp%2Fv2%2Fproduct_brand&post=11625"},{"taxonomy":"product_cat","embeddable":true,"href":"https:\/\/vivasem.ro\/index.php?rest_route=%2Fwp%2Fv2%2Fproduct_cat&post=11625"},{"taxonomy":"product_tag","embeddable":true,"href":"https:\/\/vivasem.ro\/index.php?rest_route=%2Fwp%2Fv2%2Fproduct_tag&post=11625"}],"curies":[{"name":"wp","href":"https:\/\/api.w.org\/{rel}","templated":true}]}}