{"id":11504,"date":"2023-12-15T11:36:43","date_gmt":"2023-12-15T09:36:43","guid":{"rendered":"https:\/\/vivasem.ro\/?post_type=product&#038;p=11504"},"modified":"2026-01-10T11:30:54","modified_gmt":"2026-01-10T09:30:54","slug":"vinete-kreola-f1-50s","status":"publish","type":"product","link":"https:\/\/vivasem.ro\/?product=vinete-kreola-f1-50s","title":{"rendered":"\u201e\u201eVINETE KREOLA F1 (25s)"},"content":{"rendered":"<h6><span style=\"color: #333399;\"><u><b>VINETE KREOLA F1\u00a0 \u00a0 \u00a0 \u00a0 \u00a0 \u00a0 <a href=\"https:\/\/vivasem.ro\/wp-content\/uploads\/2023\/12\/ROYAL-SLUIS-original.jpg\"><img loading=\"lazy\" decoding=\"async\" class=\"alignnone wp-image-11506\" src=\"https:\/\/vivasem.ro\/wp-content\/uploads\/2023\/12\/ROYAL-SLUIS-300x119.jpg\" alt=\"\" width=\"179\" height=\"71\" srcset=\"https:\/\/vivasem.ro\/wp-content\/uploads\/2023\/12\/ROYAL-SLUIS-300x119.jpg 300w, https:\/\/vivasem.ro\/wp-content\/uploads\/2023\/12\/ROYAL-SLUIS-original-248x98.jpg 248w, https:\/\/vivasem.ro\/wp-content\/uploads\/2023\/12\/ROYAL-SLUIS-original-590x234.jpg 590w, https:\/\/vivasem.ro\/wp-content\/uploads\/2023\/12\/ROYAL-SLUIS-original.jpg 700w\" sizes=\"auto, (max-width: 179px) 100vw, 179px\" \/><\/a><\/b><\/u><\/span><\/h6>\n<h6><span style=\"color: #333399;\"><u><b>Produc\u0103tor-ROYAL SLUIS MAGROVET Kft.Ungaria<\/b><\/u><\/span>, \u00a0\u00a0 \u00a0\u00a0 \u00a0\u00a0 \u00a0\u00a0 \u00a0\u00a0 \u00a0\u00a0 \u00a0\u00a0 \u00a0\u00a0 \u00a0\u00a0 \u00a0<u><\/u><\/h6>\n<div>\n<div id=\"productTabContent\">\n<div id=\"tab-description\" role=\"tabpanel\" aria-labelledby=\"tab-title-description\">\n<h6><span style=\"color: #ff0000;\">Hibrid de vinete destinat \u00een principal cultiv\u0103rii \u00een c\u00e2mp deschis. <\/span><\/h6>\n<h6><span style=\"color: #000080;\">R\u0103d\u0103cina este puternic\u0103, plantele\u00a0 sunt robuste, cu un excelent echilibru vegetativ-generativ.<\/span><\/h6>\n<h6><span style=\"color: #ff0000;\"><span style=\"color: #000080;\"> Fructele au forma de lacrim\u0103 alungit\u0103, de culoare violet \u00eenchis, lucioas\u0103 la suprafa\u021b\u0103.<\/span> Fructele sunt uniforme, cu o greutate medie de 400-500 grame.<\/span><\/h6>\n<h6><span style=\"color: #ff0000;\"> Miezul este cremos, de culoare alb, cu semin\u021be de dimensiuni mici. <\/span><\/h6>\n<h6><span style=\"color: #ff0000;\">Combina\u021bia dintre form\u0103-culoare-gust face cu adev\u0103rat pre\u021bios hibridul.<\/span><\/h6>\n<h6><span style=\"color: #ff0000;\"> Se preteaz\u0103 excelent \u00een gastronomie, ridic\u0103 valoarea oric\u0103rui preparat \u00een care se folose\u0219te.<\/span><\/h6>\n<\/div>\n<\/div>\n<\/div>\n<h6><span style=\"color: #000080;\"><strong>Hibrid special de cultivat \u00een gr\u0103din\u0103, sau \u00een c\u00e2mp,<\/strong> dar poate fi cultivat \u0219i \u00een solar, are\u00a0 un potential ridicat de produc\u021bie .<\/span><\/h6>\n<h6><\/h6>\n<h6><\/h6>\n","protected":false},"excerpt":{"rendered":"<h6><span style=\"color: #0000ff;\">25 SEMIN\u021aE<\/span><\/h6>\n<h6><span style=\"color: #ff00ff;\">HIBRID DE C\u00c2MP, TIP ARAGON!<\/span><\/h6>\n<h6><\/h6>\n","protected":false},"featured_media":11507,"comment_status":"open","ping_status":"closed","template":"","meta":{"site-sidebar-layout":"default","site-content-layout":"default","ast-site-content-layout":"default","site-content-style":"default","site-sidebar-style":"default","ast-global-header-display":"","ast-banner-title-visibility":"","ast-main-header-display":"","ast-hfb-above-header-display":"","ast-hfb-below-header-display":"","ast-hfb-mobile-header-display":"","site-post-title":"","ast-breadcrumbs-content":"","ast-featured-img":"","footer-sml-layout":"","ast-disable-related-posts":"","theme-transparent-header-meta":"default","adv-header-id-meta":"","stick-header-meta":"","header-above-stick-meta":"","header-main-stick-meta":"","header-below-stick-meta":"","astra-migrate-meta-layouts":"set","ast-page-background-enabled":"default","ast-page-background-meta":{"desktop":{"background-color":"var(--ast-global-color-4)","background-image":"","background-repeat":"repeat","background-position":"center center","background-size":"auto","background-attachment":"scroll","background-type":"","background-media":"","overlay-type":"","overlay-color":"","overlay-opacity":"","overlay-gradient":""},"tablet":{"background-color":"","background-image":"","background-repeat":"repeat","background-position":"center center","background-size":"auto","background-attachment":"scroll","background-type":"","background-media":"","overlay-type":"","overlay-color":"","overlay-opacity":"","overlay-gradient":""},"mobile":{"background-color":"","background-image":"","background-repeat":"repeat","background-position":"center center","background-size":"auto","background-attachment":"scroll","background-type":"","background-media":"","overlay-type":"","overlay-color":"","overlay-opacity":"","overlay-gradient":""}},"ast-content-background-meta":{"desktop":{"background-color":"var(--ast-global-color-5)","background-image":"","background-repeat":"repeat","background-position":"center center","background-size":"auto","background-attachment":"scroll","background-type":"","background-media":"","overlay-type":"","overlay-color":"","overlay-opacity":"","overlay-gradient":""},"tablet":{"background-color":"var(--ast-global-color-5)","background-image":"","background-repeat":"repeat","background-position":"center center","background-size":"auto","background-attachment":"scroll","background-type":"","background-media":"","overlay-type":"","overlay-color":"","overlay-opacity":"","overlay-gradient":""},"mobile":{"background-color":"var(--ast-global-color-5)","background-image":"","background-repeat":"repeat","background-position":"center center","background-size":"auto","background-attachment":"scroll","background-type":"","background-media":"","overlay-type":"","overlay-color":"","overlay-opacity":"","overlay-gradient":""}}},"product_brand":[],"product_cat":[86],"product_tag":[],"class_list":{"0":"post-11504","1":"product","2":"type-product","3":"status-publish","4":"has-post-thumbnail","6":"product_cat-vinete","7":"desktop-align-left","8":"tablet-align-left","9":"mobile-align-left","11":"first","12":"outofstock","13":"taxable","14":"shipping-taxable","15":"purchasable","16":"product-type-simple"},"_links":{"self":[{"href":"https:\/\/vivasem.ro\/index.php?rest_route=\/wp\/v2\/product\/11504","targetHints":{"allow":["GET"]}}],"collection":[{"href":"https:\/\/vivasem.ro\/index.php?rest_route=\/wp\/v2\/product"}],"about":[{"href":"https:\/\/vivasem.ro\/index.php?rest_route=\/wp\/v2\/types\/product"}],"replies":[{"embeddable":true,"href":"https:\/\/vivasem.ro\/index.php?rest_route=%2Fwp%2Fv2%2Fcomments&post=11504"}],"wp:featuredmedia":[{"embeddable":true,"href":"https:\/\/vivasem.ro\/index.php?rest_route=\/wp\/v2\/media\/11507"}],"wp:attachment":[{"href":"https:\/\/vivasem.ro\/index.php?rest_route=%2Fwp%2Fv2%2Fmedia&parent=11504"}],"wp:term":[{"taxonomy":"product_brand","embeddable":true,"href":"https:\/\/vivasem.ro\/index.php?rest_route=%2Fwp%2Fv2%2Fproduct_brand&post=11504"},{"taxonomy":"product_cat","embeddable":true,"href":"https:\/\/vivasem.ro\/index.php?rest_route=%2Fwp%2Fv2%2Fproduct_cat&post=11504"},{"taxonomy":"product_tag","embeddable":true,"href":"https:\/\/vivasem.ro\/index.php?rest_route=%2Fwp%2Fv2%2Fproduct_tag&post=11504"}],"curies":[{"name":"wp","href":"https:\/\/api.w.org\/{rel}","templated":true}]}}