{"id":11361,"date":"2023-11-26T20:10:38","date_gmt":"2023-11-26T18:10:38","guid":{"rendered":"https:\/\/vivasem.ro\/?post_type=product&#038;p=11361"},"modified":"2024-10-17T20:51:36","modified_gmt":"2024-10-17T18:51:36","slug":"tomate-hibrid-sandoline-f1-syngenta-25s","status":"publish","type":"product","link":"https:\/\/vivasem.ro\/?product=tomate-hibrid-sandoline-f1-syngenta-25s","title":{"rendered":"\u201e\u201eSANDOLINE F1-SYNGENTA (25s)"},"content":{"rendered":"<h6><span style=\"color: #ff0000;\"><strong><u>SANDOLINE F1,<\/u><\/strong><\/span> \u00a0\u00a0 \u00a0\u00a0 \u00a0\u00a0 \u00a0\u00a0 \u00a0\u00a0 \u00a0\u00a0 \u00a0\u00a0<span style=\"color: #ff0000;\"><strong><u><a href=\"https:\/\/vivasem.ro\/wp-content\/uploads\/2023\/11\/SYNGENTA-LOGO-original.jpg\"><img loading=\"lazy\" decoding=\"async\" class=\"alignnone wp-image-11252\" src=\"https:\/\/vivasem.ro\/wp-content\/uploads\/2023\/11\/SYNGENTA-LOGO-original.jpg\" alt=\"\" width=\"195\" height=\"65\" srcset=\"https:\/\/vivasem.ro\/wp-content\/uploads\/2023\/11\/SYNGENTA-LOGO-original.jpg 378w, https:\/\/vivasem.ro\/wp-content\/uploads\/2023\/11\/SYNGENTA-LOGO-original-248x83.jpg 248w, https:\/\/vivasem.ro\/wp-content\/uploads\/2023\/11\/SYNGENTA-LOGO-300x100.jpg 300w\" sizes=\"auto, (max-width: 195px) 100vw, 195px\" \/><\/a><\/u><\/strong><\/span><\/h6>\n<h6><span style=\"color: #ff0000;\">Produc\u0103tor:SYNGENTA,<\/span><\/h6>\n<div class=\"ast-oembed-container \" style=\"height: 100%;\"><iframe loading=\"lazy\" title=\"Sandoline - Tomate cu toleranta ridicata la TSWV - Testimonial Dan Marian, Baleni, jud. Dambovita\" width=\"500\" height=\"281\" src=\"https:\/\/www.youtube.com\/embed\/0LM1UUmUU_c?feature=oembed\" frameborder=\"0\" allow=\"accelerometer; autoplay; clipboard-write; encrypted-media; gyroscope; picture-in-picture; web-share\" referrerpolicy=\"strict-origin-when-cross-origin\" allowfullscreen><\/iframe><\/div>\n<div class=\"ast-oembed-container \" style=\"height: 100%;\"><iframe loading=\"lazy\" title=\"Testimonial Marian Spiridon - tomata Sandoline, Fierbin\u021bii de Jos\" width=\"500\" height=\"281\" src=\"https:\/\/www.youtube.com\/embed\/C02TfxZvpdw?feature=oembed\" frameborder=\"0\" allow=\"accelerometer; autoplay; clipboard-write; encrypted-media; gyroscope; picture-in-picture; web-share\" referrerpolicy=\"strict-origin-when-cross-origin\" allowfullscreen><\/iframe><\/div>\n<h6><\/h6>\n<h6><span style=\"color: #000080;\">Sandoline F1 este un hibrid de tomate cu cre\u0219tere nedeterminat\u0103, de la Syngenta Vegetables,ce se remarc\u0103 prin<\/span><span style=\"color: #000080;\"> timpurietate, productivitate, \u0219i calitate a fructelor.<\/span><\/h6>\n<h6><span style=\"color: #ff0000;\">Fructele sunt globulare, avand greutatea medie de 180-200 grame \u0219i gust foarte bun, culoarea este ro\u0219u intens, str\u0103lucitor.<\/span><\/h6>\n<h6><span style=\"color: #000080;\">Plantele <\/span><span style=\"color: #000080;\">asigur\u0103 produc\u021bii mari, constante, <\/span><span style=\"color: #000080;\">sunt puternice, cu o legare foarte bun\u0103 a fructelor, chiar si in conditii de caldur\u0103 ridicat\u0103.<\/span><\/h6>\n<h6><span style=\"color: #ff0000;\">Fermierii apreciaza Sandoline F1 datorita productivit\u0103\u021bii (peste 5 kg\/plant\u0103) \u0219i aspectului excelent al fructelor, totodata ace\u0219tia sus\u021bin c\u0103 hibridul este rezistent la transport, nu crap\u0103 \u0219i are un gust foarte bun.<\/span><\/h6>\n<h6><span style=\"color: #000080;\">Hibrid destinat cultiv\u0103rii in spatii protejate \u0219i in c\u00e2mp deschis, palisat,<\/span><\/h6>\n<h6><span style=\"color: #000080;\">ce se remarca printr-o timpurietate deosebit\u0103.<\/span><\/h6>\n<h6><strong>Rezistente la boli:<\/strong><\/h6>\n<h6>Hibridul prezinta o toleranta ridicat\u0103 la :<\/h6>\n<h6>nematozi (Ma\/Mi\/Mj),<\/h6>\n<h6>virusul mozaicului tutunului (ToMV: 0-2\/ TMV:0),<\/h6>\n<h6>ofilirea vasculara (Fol: 0-1, US1-2),<\/h6>\n<h6>uscare vasculara, patarea cafenie (Ff A-E),<\/h6>\n<h6>virusul petelor de bronz (TSWV).<\/h6>\n<h6>De asemenea, hibridul \u00a0prezinta toleranta \u0219i la :<\/h6>\n<h6>virusul rasucirii si ingalbenirii frunzelor (TYLCV).<\/h6>\n","protected":false},"excerpt":{"rendered":"<h6><span style=\"color: #0000ff;\">25 SEMIN\u021aE<\/span><\/h6>\n<h6><span style=\"color: #ff00ff;\">TIMPURIU,PRODUCTIV, FRUCTE DE CALITATE !<\/span><\/h6>\n<h6><span style=\"color: #333399;\">VEZI VIDEOCLIP !<\/span><\/h6>\n","protected":false},"featured_media":11332,"comment_status":"open","ping_status":"closed","template":"","meta":{"site-sidebar-layout":"default","site-content-layout":"default","ast-site-content-layout":"default","site-content-style":"default","site-sidebar-style":"default","ast-global-header-display":"","ast-banner-title-visibility":"","ast-main-header-display":"","ast-hfb-above-header-display":"","ast-hfb-below-header-display":"","ast-hfb-mobile-header-display":"","site-post-title":"","ast-breadcrumbs-content":"","ast-featured-img":"","footer-sml-layout":"","ast-disable-related-posts":"","theme-transparent-header-meta":"default","adv-header-id-meta":"","stick-header-meta":"","header-above-stick-meta":"","header-main-stick-meta":"","header-below-stick-meta":"","astra-migrate-meta-layouts":"set","ast-page-background-enabled":"default","ast-page-background-meta":{"desktop":{"background-color":"var(--ast-global-color-4)","background-image":"","background-repeat":"repeat","background-position":"center center","background-size":"auto","background-attachment":"scroll","background-type":"","background-media":"","overlay-type":"","overlay-color":"","overlay-opacity":"","overlay-gradient":""},"tablet":{"background-color":"","background-image":"","background-repeat":"repeat","background-position":"center center","background-size":"auto","background-attachment":"scroll","background-type":"","background-media":"","overlay-type":"","overlay-color":"","overlay-opacity":"","overlay-gradient":""},"mobile":{"background-color":"","background-image":"","background-repeat":"repeat","background-position":"center center","background-size":"auto","background-attachment":"scroll","background-type":"","background-media":"","overlay-type":"","overlay-color":"","overlay-opacity":"","overlay-gradient":""}},"ast-content-background-meta":{"desktop":{"background-color":"var(--ast-global-color-5)","background-image":"","background-repeat":"repeat","background-position":"center center","background-size":"auto","background-attachment":"scroll","background-type":"","background-media":"","overlay-type":"","overlay-color":"","overlay-opacity":"","overlay-gradient":""},"tablet":{"background-color":"var(--ast-global-color-5)","background-image":"","background-repeat":"repeat","background-position":"center center","background-size":"auto","background-attachment":"scroll","background-type":"","background-media":"","overlay-type":"","overlay-color":"","overlay-opacity":"","overlay-gradient":""},"mobile":{"background-color":"var(--ast-global-color-5)","background-image":"","background-repeat":"repeat","background-position":"center center","background-size":"auto","background-attachment":"scroll","background-type":"","background-media":"","overlay-type":"","overlay-color":"","overlay-opacity":"","overlay-gradient":""}}},"product_brand":[],"product_cat":[110],"product_tag":[],"class_list":{"0":"post-11361","1":"product","2":"type-product","3":"status-publish","4":"has-post-thumbnail","6":"product_cat-tomate-hibrid","7":"desktop-align-left","8":"tablet-align-left","9":"mobile-align-left","11":"first","12":"outofstock","13":"taxable","14":"shipping-taxable","15":"purchasable","16":"product-type-simple"},"_links":{"self":[{"href":"https:\/\/vivasem.ro\/index.php?rest_route=\/wp\/v2\/product\/11361","targetHints":{"allow":["GET"]}}],"collection":[{"href":"https:\/\/vivasem.ro\/index.php?rest_route=\/wp\/v2\/product"}],"about":[{"href":"https:\/\/vivasem.ro\/index.php?rest_route=\/wp\/v2\/types\/product"}],"replies":[{"embeddable":true,"href":"https:\/\/vivasem.ro\/index.php?rest_route=%2Fwp%2Fv2%2Fcomments&post=11361"}],"wp:featuredmedia":[{"embeddable":true,"href":"https:\/\/vivasem.ro\/index.php?rest_route=\/wp\/v2\/media\/11332"}],"wp:attachment":[{"href":"https:\/\/vivasem.ro\/index.php?rest_route=%2Fwp%2Fv2%2Fmedia&parent=11361"}],"wp:term":[{"taxonomy":"product_brand","embeddable":true,"href":"https:\/\/vivasem.ro\/index.php?rest_route=%2Fwp%2Fv2%2Fproduct_brand&post=11361"},{"taxonomy":"product_cat","embeddable":true,"href":"https:\/\/vivasem.ro\/index.php?rest_route=%2Fwp%2Fv2%2Fproduct_cat&post=11361"},{"taxonomy":"product_tag","embeddable":true,"href":"https:\/\/vivasem.ro\/index.php?rest_route=%2Fwp%2Fv2%2Fproduct_tag&post=11361"}],"curies":[{"name":"wp","href":"https:\/\/api.w.org\/{rel}","templated":true}]}}