{"id":11358,"date":"2023-11-26T20:04:51","date_gmt":"2023-11-26T18:04:51","guid":{"rendered":"https:\/\/vivasem.ro\/?post_type=product&#038;p=11358"},"modified":"2024-10-17T19:54:09","modified_gmt":"2024-10-17T17:54:09","slug":"tomate-hibrid-kingset-f1-syngenta-25s","status":"publish","type":"product","link":"https:\/\/vivasem.ro\/?product=tomate-hibrid-kingset-f1-syngenta-25s","title":{"rendered":"\u201e\u201eKINGSET F1-SYNGENTA (25s)"},"content":{"rendered":"<h6><span style=\"color: #ff0000;\"><strong><u>KINGSET F1,<\/u><\/strong><\/span> \u00a0\u00a0 \u00a0\u00a0 \u00a0\u00a0 \u00a0\u00a0 \u00a0\u00a0 \u00a0\u00a0 \u00a0\u00a0<span style=\"color: #ff0000;\"><strong><u><a href=\"https:\/\/vivasem.ro\/wp-content\/uploads\/2023\/11\/SYNGENTA-LOGO-original.jpg\"><img loading=\"lazy\" decoding=\"async\" class=\"alignnone wp-image-11252\" src=\"https:\/\/vivasem.ro\/wp-content\/uploads\/2023\/11\/SYNGENTA-LOGO-original.jpg\" alt=\"\" width=\"195\" height=\"65\" srcset=\"https:\/\/vivasem.ro\/wp-content\/uploads\/2023\/11\/SYNGENTA-LOGO-original.jpg 378w, https:\/\/vivasem.ro\/wp-content\/uploads\/2023\/11\/SYNGENTA-LOGO-original-248x83.jpg 248w, https:\/\/vivasem.ro\/wp-content\/uploads\/2023\/11\/SYNGENTA-LOGO-300x100.jpg 300w\" sizes=\"auto, (max-width: 195px) 100vw, 195px\" \/><\/a><\/u><\/strong><\/span><\/h6>\n<h6><span style=\"color: #ff0000;\">Produc\u0103tor:SYNGENTA,<\/span><\/h6>\n<div class=\"ast-oembed-container \" style=\"height: 100%;\"><iframe loading=\"lazy\" title=\"Prezentare tomate timpurii -  Kingset F1\" width=\"500\" height=\"281\" src=\"https:\/\/www.youtube.com\/embed\/1uKjV20iDfs?feature=oembed\" frameborder=\"0\" allow=\"accelerometer; autoplay; clipboard-write; encrypted-media; gyroscope; picture-in-picture; web-share\" referrerpolicy=\"strict-origin-when-cross-origin\" allowfullscreen><\/iframe><\/div>\n<div class=\"ast-oembed-container \" style=\"height: 100%;\"><iframe loading=\"lazy\" title=\"Kingset - Tomate cu gust - testimonial Marius Cazan, Glodeanu Sarat. jud. Buzau\" width=\"500\" height=\"281\" src=\"https:\/\/www.youtube.com\/embed\/nakxHST53_E?feature=oembed\" frameborder=\"0\" allow=\"accelerometer; autoplay; clipboard-write; encrypted-media; gyroscope; picture-in-picture; web-share\" referrerpolicy=\"strict-origin-when-cross-origin\" allowfullscreen><\/iframe><\/div>\n<h6><\/h6>\n<h6><span style=\"color: #ff0000;\">Kingset F1 este un nou hibrid de tomate nedeterminate din gama Syngenta ce se remarca in primul r\u00e2nd prin timpurietea sa, prin calitatea fructelor sale si gustul excelent , productivitatea ridicat\u0103, al\u0103turi de un\u00a0 pachet bogat de rezistente la boli.<\/span><\/h6>\n<h6><span style=\"color: #000080;\">Fructele hibridului de tomate\u00a0Kingset F1\u00a0sunt pe tip beef, u\u0219or turtite si costate in partea superioara, f\u0103ra capac verde. <\/span><\/h6>\n<h6><span style=\"color: #000080;\">Greutatea medie a fructelor este intre 200 si 220 grame.\u00a0<\/span><\/h6>\n<h6><span style=\"color: #000080;\">Gustul este unul foarte bun, tomatele avand un miez carnos \u0219i o culoare interioara ideala.<\/span><\/h6>\n<h6><span style=\"color: #ff0000;\">Kingset F1\u00a0face parte din noua generatie de hibrizi ce propune o coacere perfect\u0103 in ro\u0219u, de la interior c\u0103tre exterior.<\/span><\/h6>\n<h6><span style=\"color: #000080;\"> In ceea ce priveste destinatia acestui hibrid acesta se preteaza in special pentru culturile timpurii din spatii protejate.<\/span><\/h6>\n<h6><span style=\"color: #000080;\">Hibridul de tomate are o crestere nedeterminata si se remarca prin timpurietatea sa \u0219i productiile ridicate.<\/span><\/h6>\n<h6><span style=\"color: #000080;\">Planta hibridului\u00a0Kingset F1 are o vigoare medie, un port deschis iar distantele intre internoduri sunt scurte. Se deosebeste printr-o dezvoltarea foarte rapida a inflorescentelor si o legare excelenta chiar si in conditii de stres termic .<\/span><\/h6>\n<h6><span style=\"color: #ff0000;\">Hibridul de tomate\u00a0Kingset\u00a0F1 are\u00a0si un pachet bogat de rezistente\u00a0la boli:<\/span><\/h6>\n<h6><span style=\"color: #ff0000;\">Ofilirea vascular\u0103 de r\u0103d\u0103cin\u0103 \u2013 toleranta ridicata;<\/span><\/h6>\n<h6><span style=\"color: #ff0000;\">Virusul mozaicului tomatelor \u2013 toleranta ridicata;<\/span><\/h6>\n<h6><span style=\"color: #ff0000;\">Virusul mozaicului tutunului\u00a0 \u2013 toleranta ridicata;<\/span><\/h6>\n<h6><span style=\"color: #ff0000;\">Ofilirea vascular\u0103 \u2013 toleranta ridicata;<\/span><\/h6>\n<h6><span style=\"color: #ff0000;\">Uscarea vascular\u0103 \u2013 toleranta ridicata;<\/span><\/h6>\n<h6><span style=\"color: #ff0000;\">P\u0103tarea cafenie (Cladosporium fulvum) \u2013 toleranta ridicata;<\/span><\/h6>\n<h6><span style=\"color: #ff0000;\">Virusul r\u0103sucirii \u0219i \u00eeng\u0103lbenirii frunzelor\u00a0 \u2013 toleranta medie.<\/span><\/h6>\n","protected":false},"excerpt":{"rendered":"<h6><span style=\"color: #0000ff;\">25 SEMIN\u021aE <\/span><\/h6>\n<h6><span style=\"color: #ff00ff;\">FRUCTE FOARTE GUSTOASE, DE \u00ceNALT\u0102 CALITATE, PRODUCTIVITATE RIDICAT\u0102!<\/span><\/h6>\n<h6><span style=\"color: #000080;\">VEZI VIDEOCLIP!<\/span><\/h6>\n","protected":false},"featured_media":11328,"comment_status":"open","ping_status":"closed","template":"","meta":{"site-sidebar-layout":"default","site-content-layout":"default","ast-site-content-layout":"default","site-content-style":"default","site-sidebar-style":"default","ast-global-header-display":"","ast-banner-title-visibility":"","ast-main-header-display":"","ast-hfb-above-header-display":"","ast-hfb-below-header-display":"","ast-hfb-mobile-header-display":"","site-post-title":"","ast-breadcrumbs-content":"","ast-featured-img":"","footer-sml-layout":"","ast-disable-related-posts":"","theme-transparent-header-meta":"default","adv-header-id-meta":"","stick-header-meta":"","header-above-stick-meta":"","header-main-stick-meta":"","header-below-stick-meta":"","astra-migrate-meta-layouts":"set","ast-page-background-enabled":"default","ast-page-background-meta":{"desktop":{"background-color":"var(--ast-global-color-4)","background-image":"","background-repeat":"repeat","background-position":"center center","background-size":"auto","background-attachment":"scroll","background-type":"","background-media":"","overlay-type":"","overlay-color":"","overlay-opacity":"","overlay-gradient":""},"tablet":{"background-color":"","background-image":"","background-repeat":"repeat","background-position":"center center","background-size":"auto","background-attachment":"scroll","background-type":"","background-media":"","overlay-type":"","overlay-color":"","overlay-opacity":"","overlay-gradient":""},"mobile":{"background-color":"","background-image":"","background-repeat":"repeat","background-position":"center center","background-size":"auto","background-attachment":"scroll","background-type":"","background-media":"","overlay-type":"","overlay-color":"","overlay-opacity":"","overlay-gradient":""}},"ast-content-background-meta":{"desktop":{"background-color":"var(--ast-global-color-5)","background-image":"","background-repeat":"repeat","background-position":"center center","background-size":"auto","background-attachment":"scroll","background-type":"","background-media":"","overlay-type":"","overlay-color":"","overlay-opacity":"","overlay-gradient":""},"tablet":{"background-color":"var(--ast-global-color-5)","background-image":"","background-repeat":"repeat","background-position":"center center","background-size":"auto","background-attachment":"scroll","background-type":"","background-media":"","overlay-type":"","overlay-color":"","overlay-opacity":"","overlay-gradient":""},"mobile":{"background-color":"var(--ast-global-color-5)","background-image":"","background-repeat":"repeat","background-position":"center center","background-size":"auto","background-attachment":"scroll","background-type":"","background-media":"","overlay-type":"","overlay-color":"","overlay-opacity":"","overlay-gradient":""}}},"product_brand":[],"product_cat":[110],"product_tag":[],"class_list":{"0":"post-11358","1":"product","2":"type-product","3":"status-publish","4":"has-post-thumbnail","6":"product_cat-tomate-hibrid","7":"desktop-align-left","8":"tablet-align-left","9":"mobile-align-left","11":"first","12":"outofstock","13":"taxable","14":"shipping-taxable","15":"purchasable","16":"product-type-simple"},"_links":{"self":[{"href":"https:\/\/vivasem.ro\/index.php?rest_route=\/wp\/v2\/product\/11358","targetHints":{"allow":["GET"]}}],"collection":[{"href":"https:\/\/vivasem.ro\/index.php?rest_route=\/wp\/v2\/product"}],"about":[{"href":"https:\/\/vivasem.ro\/index.php?rest_route=\/wp\/v2\/types\/product"}],"replies":[{"embeddable":true,"href":"https:\/\/vivasem.ro\/index.php?rest_route=%2Fwp%2Fv2%2Fcomments&post=11358"}],"wp:featuredmedia":[{"embeddable":true,"href":"https:\/\/vivasem.ro\/index.php?rest_route=\/wp\/v2\/media\/11328"}],"wp:attachment":[{"href":"https:\/\/vivasem.ro\/index.php?rest_route=%2Fwp%2Fv2%2Fmedia&parent=11358"}],"wp:term":[{"taxonomy":"product_brand","embeddable":true,"href":"https:\/\/vivasem.ro\/index.php?rest_route=%2Fwp%2Fv2%2Fproduct_brand&post=11358"},{"taxonomy":"product_cat","embeddable":true,"href":"https:\/\/vivasem.ro\/index.php?rest_route=%2Fwp%2Fv2%2Fproduct_cat&post=11358"},{"taxonomy":"product_tag","embeddable":true,"href":"https:\/\/vivasem.ro\/index.php?rest_route=%2Fwp%2Fv2%2Fproduct_tag&post=11358"}],"curies":[{"name":"wp","href":"https:\/\/api.w.org\/{rel}","templated":true}]}}