{"id":11279,"date":"2023-11-26T07:49:21","date_gmt":"2023-11-26T05:49:21","guid":{"rendered":"https:\/\/vivasem.ro\/?post_type=product&#038;p=11279"},"modified":"2025-01-29T12:59:59","modified_gmt":"2025-01-29T10:59:59","slug":"tomate-hibrid-ciciu-f1-syngenta-100s","status":"publish","type":"product","link":"https:\/\/vivasem.ro\/?product=tomate-hibrid-ciciu-f1-syngenta-100s","title":{"rendered":"\u201e\u201eCICIU F1-SYNGENTA"},"content":{"rendered":"<h6><span style=\"color: #ff0000;\"><strong><u>CICIU F1,<\/u><\/strong><\/span> \u00a0\u00a0 \u00a0\u00a0 \u00a0\u00a0 \u00a0\u00a0 \u00a0\u00a0 \u00a0\u00a0 \u00a0\u00a0<span style=\"color: #ff0000;\"><strong><u><a href=\"https:\/\/vivasem.ro\/wp-content\/uploads\/2023\/11\/SYNGENTA-LOGO-original.jpg\"><img loading=\"lazy\" decoding=\"async\" class=\"alignnone wp-image-11252\" src=\"https:\/\/vivasem.ro\/wp-content\/uploads\/2023\/11\/SYNGENTA-LOGO-original.jpg\" alt=\"\" width=\"195\" height=\"65\" srcset=\"https:\/\/vivasem.ro\/wp-content\/uploads\/2023\/11\/SYNGENTA-LOGO-original.jpg 378w, https:\/\/vivasem.ro\/wp-content\/uploads\/2023\/11\/SYNGENTA-LOGO-original-248x83.jpg 248w, https:\/\/vivasem.ro\/wp-content\/uploads\/2023\/11\/SYNGENTA-LOGO-300x100.jpg 300w\" sizes=\"auto, (max-width: 195px) 100vw, 195px\" \/><\/a><\/u><\/strong><\/span><\/h6>\n<h6><span style=\"color: #ff0000;\">Produc\u0103tor:SYNGENTA,<\/span><\/h6>\n<div class=\"ast-oembed-container \" style=\"height: 100%;\"><iframe loading=\"lazy\" title=\"Ciciu - Tomate cu toleranta la TSWV - Testimonial Marius Cazan, Glodeanu Sarat, jud. Buzau\" width=\"500\" height=\"281\" src=\"https:\/\/www.youtube.com\/embed\/NIW-YgX_qkc?feature=oembed\" frameborder=\"0\" allow=\"accelerometer; autoplay; clipboard-write; encrypted-media; gyroscope; picture-in-picture; web-share\" referrerpolicy=\"strict-origin-when-cross-origin\" allowfullscreen><\/iframe><\/div>\n<h6>VIDEOCLIP CICIUF1\u00a0 SI SANDOLINE F1<\/h6>\n<div class=\"ast-oembed-container \" style=\"height: 100%;\"><iframe loading=\"lazy\" title=\"Tomate cu toleran\u021b\u0103 la TSVW: Sandoline F1 \u0219i Ciciu F1 - Testimonial Florin Pop, Seleu\u0219, Arad\" width=\"500\" height=\"281\" src=\"https:\/\/www.youtube.com\/embed\/AC4kwgMsd4w?start=1&#038;feature=oembed\" frameborder=\"0\" allow=\"accelerometer; autoplay; clipboard-write; encrypted-media; gyroscope; picture-in-picture; web-share\" referrerpolicy=\"strict-origin-when-cross-origin\" allowfullscreen><\/iframe><\/div>\n<h6><span style=\"color: #000080;\">Hibrid timpuriu cu\u00a0cre\u0219tere nedeterminat\u0103,\u00a0recomandat pentru\u00a0ciclul 1 \u0219i ciclul prelungit\u00a0de cultur\u0103;<\/span><\/h6>\n<h6><span style=\"color: #ff0000;\">Fructele au gust foarte bun,sunt \u00een greutate medie de 180 &#8211; 200 grame, sunt aspectuase,cu o culoare de un ro\u0219u intens ,uniforme, cu fermitate medie.<\/span><\/h6>\n<h6><span style=\"color: #000080;\">Legare constant\u0103, distan\u021b\u0103 medie \u00eentre internodii.<\/span><\/h6>\n<h6><span style=\"color: #000080;\">Plante cu vigoare medie.<\/span><\/h6>\n<h6><span style=\"color: #000080;\"><strong>\u00a0Ciciu F1, ARE REZISTEN\u021a\u0102 RIDICAT\u0102 LA URM\u0102TOARELE BOLI:<\/strong><\/span><\/h6>\n<h6><span style=\"color: #000080;\"> ToMV &#8211; Virusul mozaicului tomatelor, <\/span><\/h6>\n<h6><span style=\"color: #000080;\">TSWV &#8211; Virusul petelor de bronz<\/span><\/h6>\n<h6><span style=\"color: #000080;\">\u00a0Ff &#8211; Patarea Cafenie,<\/span><\/h6>\n<h6><span style=\"color: #000080;\">V (Va\/Vd) &#8211; Uscare vasculara,<\/span><\/h6>\n<h6><span style=\"color: #000080;\"> Fol &#8211; Ofilirea Vasculara, <\/span><\/h6>\n<h6><span style=\"color: #000080;\">For &#8211; Ofilirea vasculara de radacina,\u00a0<\/span><\/h6>\n<h6><span style=\"color: #000080;\"><strong>REZISTEN\u021a\u0102 MEDIE LA<\/strong><\/span><\/h6>\n<h6><span style=\"color: #000080;\">M (Ma\/Mi\/Mj) &#8211; Nematozi,<\/span><\/h6>\n<h6><span style=\"color: #000080;\">\u00a0<\/span><br \/>\n<span style=\"color: #000080;\">OBSERVA\u0162II: <\/span><span style=\"color: #000080;\">Densitate recomandat\u0103 de 2,8 &#8211; 3,5\u00a0plante\/m.<\/span><\/h6>\n<p>&nbsp;<\/p>\n","protected":false},"excerpt":{"rendered":"<h6><span style=\"color: #ff00ff;\">HIBRID FOARTE GUSTOS , PRODUCTIV, REZISTEN\u021aE MULTIPLE!<\/span><\/h6>\n","protected":false},"featured_media":11322,"comment_status":"open","ping_status":"closed","template":"","meta":{"site-sidebar-layout":"default","site-content-layout":"default","ast-site-content-layout":"default","site-content-style":"default","site-sidebar-style":"default","ast-global-header-display":"","ast-banner-title-visibility":"","ast-main-header-display":"","ast-hfb-above-header-display":"","ast-hfb-below-header-display":"","ast-hfb-mobile-header-display":"","site-post-title":"","ast-breadcrumbs-content":"","ast-featured-img":"","footer-sml-layout":"","ast-disable-related-posts":"","theme-transparent-header-meta":"default","adv-header-id-meta":"","stick-header-meta":"","header-above-stick-meta":"","header-main-stick-meta":"","header-below-stick-meta":"","astra-migrate-meta-layouts":"set","ast-page-background-enabled":"default","ast-page-background-meta":{"desktop":{"background-color":"var(--ast-global-color-4)","background-image":"","background-repeat":"repeat","background-position":"center center","background-size":"auto","background-attachment":"scroll","background-type":"","background-media":"","overlay-type":"","overlay-color":"","overlay-opacity":"","overlay-gradient":""},"tablet":{"background-color":"","background-image":"","background-repeat":"repeat","background-position":"center center","background-size":"auto","background-attachment":"scroll","background-type":"","background-media":"","overlay-type":"","overlay-color":"","overlay-opacity":"","overlay-gradient":""},"mobile":{"background-color":"","background-image":"","background-repeat":"repeat","background-position":"center center","background-size":"auto","background-attachment":"scroll","background-type":"","background-media":"","overlay-type":"","overlay-color":"","overlay-opacity":"","overlay-gradient":""}},"ast-content-background-meta":{"desktop":{"background-color":"var(--ast-global-color-5)","background-image":"","background-repeat":"repeat","background-position":"center center","background-size":"auto","background-attachment":"scroll","background-type":"","background-media":"","overlay-type":"","overlay-color":"","overlay-opacity":"","overlay-gradient":""},"tablet":{"background-color":"var(--ast-global-color-5)","background-image":"","background-repeat":"repeat","background-position":"center center","background-size":"auto","background-attachment":"scroll","background-type":"","background-media":"","overlay-type":"","overlay-color":"","overlay-opacity":"","overlay-gradient":""},"mobile":{"background-color":"var(--ast-global-color-5)","background-image":"","background-repeat":"repeat","background-position":"center center","background-size":"auto","background-attachment":"scroll","background-type":"","background-media":"","overlay-type":"","overlay-color":"","overlay-opacity":"","overlay-gradient":""}}},"product_brand":[],"product_cat":[110],"product_tag":[],"class_list":{"0":"post-11279","1":"product","2":"type-product","3":"status-publish","4":"has-post-thumbnail","6":"product_cat-tomate-hibrid","7":"pa_cantitate-10-seminte","8":"pa_cantitate-100-seminte","9":"pa_cantitate-200-seminte","10":"pa_cantitate-25-seminte","11":"pa_cantitate-250-seminte","12":"pa_cantitate-50-seminte","13":"pa_cantitate-500-seminte","14":"desktop-align-left","15":"tablet-align-left","16":"mobile-align-left","18":"first","19":"outofstock","20":"sale","21":"taxable","22":"shipping-taxable","23":"purchasable","24":"product-type-variable"},"_links":{"self":[{"href":"https:\/\/vivasem.ro\/index.php?rest_route=\/wp\/v2\/product\/11279","targetHints":{"allow":["GET"]}}],"collection":[{"href":"https:\/\/vivasem.ro\/index.php?rest_route=\/wp\/v2\/product"}],"about":[{"href":"https:\/\/vivasem.ro\/index.php?rest_route=\/wp\/v2\/types\/product"}],"replies":[{"embeddable":true,"href":"https:\/\/vivasem.ro\/index.php?rest_route=%2Fwp%2Fv2%2Fcomments&post=11279"}],"wp:featuredmedia":[{"embeddable":true,"href":"https:\/\/vivasem.ro\/index.php?rest_route=\/wp\/v2\/media\/11322"}],"wp:attachment":[{"href":"https:\/\/vivasem.ro\/index.php?rest_route=%2Fwp%2Fv2%2Fmedia&parent=11279"}],"wp:term":[{"taxonomy":"product_brand","embeddable":true,"href":"https:\/\/vivasem.ro\/index.php?rest_route=%2Fwp%2Fv2%2Fproduct_brand&post=11279"},{"taxonomy":"product_cat","embeddable":true,"href":"https:\/\/vivasem.ro\/index.php?rest_route=%2Fwp%2Fv2%2Fproduct_cat&post=11279"},{"taxonomy":"product_tag","embeddable":true,"href":"https:\/\/vivasem.ro\/index.php?rest_route=%2Fwp%2Fv2%2Fproduct_tag&post=11279"}],"curies":[{"name":"wp","href":"https:\/\/api.w.org\/{rel}","templated":true}]}}