{"id":11261,"date":"2023-11-25T19:20:49","date_gmt":"2023-11-25T17:20:49","guid":{"rendered":"https:\/\/vivasem.ro\/?post_type=product&#038;p=11261"},"modified":"2025-01-08T12:53:14","modified_gmt":"2025-01-08T10:53:14","slug":"gogosari-kabala-f1-syngenta-25s","status":"publish","type":"product","link":"https:\/\/vivasem.ro\/?product=gogosari-kabala-f1-syngenta-25s","title":{"rendered":"\u201e\u201eGOGOSARI KABALA F1-SYNGENTA (25s)"},"content":{"rendered":"<h6><span style=\"color: #ff0000;\"><strong><u>ARDEI GOGO\u0218ARI KABALA F1 <\/u><\/strong><\/span>\u00a0 \u00a0 \u00a0 \u00a0 \u00a0 \u00a0 \u00a0 \u00a0 \u00a0 \u00a0 \u00a0 \u00a0 \u00a0 \u00a0 \u00a0 \u00a0 \u00a0 <span style=\"color: #ff0000;\"><strong><u><a href=\"https:\/\/vivasem.ro\/wp-content\/uploads\/2023\/11\/SYNGENTA-LOGO-original.jpg\"><img loading=\"lazy\" decoding=\"async\" class=\"alignnone wp-image-11252\" src=\"https:\/\/vivasem.ro\/wp-content\/uploads\/2023\/11\/SYNGENTA-LOGO-original.jpg\" alt=\"\" width=\"204\" height=\"68\" srcset=\"https:\/\/vivasem.ro\/wp-content\/uploads\/2023\/11\/SYNGENTA-LOGO-original.jpg 378w, https:\/\/vivasem.ro\/wp-content\/uploads\/2023\/11\/SYNGENTA-LOGO-original-248x83.jpg 248w, https:\/\/vivasem.ro\/wp-content\/uploads\/2023\/11\/SYNGENTA-LOGO-300x100.jpg 300w\" sizes=\"auto, (max-width: 204px) 100vw, 204px\" \/><\/a><\/u><\/strong><\/span><\/h6>\n<h6><span style=\"color: #ff0000;\"><strong><u>Produc\u0103tor: SYNGENTA,<\/u><\/strong><\/span><\/h6>\n<div id=\"product-description-short-1129\">\n<h6><span style=\"color: #000080;\">\u00a0KABALA F1 <\/span><span style=\"color: #000080;\">este un hibrid timpuriu de a<\/span><span style=\"color: #000080;\">rdei gogo\u0219ar cu fructe mari \u00een greutate medie de 220-240 grame, \u00een 3-4 lobi, de calitate superioar\u0103 ,culoarea extern\u0103 si interna atractiv\u0103 \u0219i gust pl\u0103cut, con\u021binut mare de substan\u021b\u0103 uscat\u0103 .<\/span><\/h6>\n<h6><span style=\"color: #000080;\">Plantele sunt puternice cu bun\u0103 capacitate de acoperire,au cre\u0219tere viguroas\u0103, fiind usor de cultivat, sistemul radicular este bine dezvoltat, internodii mediu-lungi.<\/span><\/h6>\n<h6><span style=\"color: #000080;\">\u00a0<span style=\"color: #ff0000;\">Se remarc\u0103 printr-un num\u0103r mare de fructe pe plant\u0103 care se coc concentrat;<\/span><\/span><\/h6>\n<h6><span style=\"color: #000080;\">Fructele,de c<\/span><span style=\"color: #000080;\">alitate superioar\u0103, <\/span><span style=\"color: #000080;\">au culoare verde \u00eenchis, cu coacere \u00een ro\u0219u intens, uniform\u0103, la maturitatea fiziologic\u0103.<\/span><\/h6>\n<h6><span style=\"color: #ff0000;\">KABALA F1, este destinat cultivarii in camp deschis ,tunele joase, spa\u021bii protejate, ofer\u0103 performan\u0163e foarte bune la cultivare pe ciclul II \u00een solar.<\/span><\/h6>\n<h6><span style=\"color: #000080;\">Legarea fructelor este perfecta, iar planta nu este sensibila la Alternaria<\/span><\/h6>\n<h6><span style=\"color: #000080;\">\u0219i are rezisten\u021ba \u00eenalt\u0103 la Virusul mozaicul tutunului(Tm: 0-3)<\/span><\/h6>\n<h6><span style=\"color: #000080;\">rezistenta la Tm:2<\/span><\/h6>\n<\/div>\n<h6><span style=\"color: #ff0000;\">Plantele au adaptabilitate foarte buna la conditiile din c\u00e2mp deschis, rezist\u0103 bine \u0219i la temperaturile ridicate din var\u0103 .<\/span><\/h6>\n<h6>Recomandat pentru consum in stare proaspata, conservare sau industrializare<\/h6>\n<h6><span style=\"color: #000080;\">DE CULTIVAT \u00ceN C\u00c2MP, GR\u0102DINA \u0218I \u00ceN SOLAR.<\/span><\/h6>\n<h6><\/h6>\n<h6><\/h6>\n","protected":false},"excerpt":{"rendered":"<h6><span style=\"color: #0000ff;\">25 SEMIN\u021aE<\/span><\/h6>\n<h6><span style=\"color: #ff0000;\">HIBRID PRODUCTIV ,FRUCTE MARI, COACERE CONCENTRAT\u0102!<\/span><\/h6>\n<h6><\/h6>\n<p>&nbsp;<\/p>\n<h6><\/h6>\n","protected":false},"featured_media":11258,"comment_status":"open","ping_status":"closed","template":"","meta":{"site-sidebar-layout":"default","site-content-layout":"default","ast-site-content-layout":"default","site-content-style":"default","site-sidebar-style":"default","ast-global-header-display":"","ast-banner-title-visibility":"","ast-main-header-display":"","ast-hfb-above-header-display":"","ast-hfb-below-header-display":"","ast-hfb-mobile-header-display":"","site-post-title":"","ast-breadcrumbs-content":"","ast-featured-img":"","footer-sml-layout":"","ast-disable-related-posts":"","theme-transparent-header-meta":"default","adv-header-id-meta":"","stick-header-meta":"","header-above-stick-meta":"","header-main-stick-meta":"","header-below-stick-meta":"","astra-migrate-meta-layouts":"set","ast-page-background-enabled":"default","ast-page-background-meta":{"desktop":{"background-color":"var(--ast-global-color-4)","background-image":"","background-repeat":"repeat","background-position":"center center","background-size":"auto","background-attachment":"scroll","background-type":"","background-media":"","overlay-type":"","overlay-color":"","overlay-opacity":"","overlay-gradient":""},"tablet":{"background-color":"","background-image":"","background-repeat":"repeat","background-position":"center center","background-size":"auto","background-attachment":"scroll","background-type":"","background-media":"","overlay-type":"","overlay-color":"","overlay-opacity":"","overlay-gradient":""},"mobile":{"background-color":"","background-image":"","background-repeat":"repeat","background-position":"center center","background-size":"auto","background-attachment":"scroll","background-type":"","background-media":"","overlay-type":"","overlay-color":"","overlay-opacity":"","overlay-gradient":""}},"ast-content-background-meta":{"desktop":{"background-color":"var(--ast-global-color-5)","background-image":"","background-repeat":"repeat","background-position":"center center","background-size":"auto","background-attachment":"scroll","background-type":"","background-media":"","overlay-type":"","overlay-color":"","overlay-opacity":"","overlay-gradient":""},"tablet":{"background-color":"var(--ast-global-color-5)","background-image":"","background-repeat":"repeat","background-position":"center center","background-size":"auto","background-attachment":"scroll","background-type":"","background-media":"","overlay-type":"","overlay-color":"","overlay-opacity":"","overlay-gradient":""},"mobile":{"background-color":"var(--ast-global-color-5)","background-image":"","background-repeat":"repeat","background-position":"center center","background-size":"auto","background-attachment":"scroll","background-type":"","background-media":"","overlay-type":"","overlay-color":"","overlay-opacity":"","overlay-gradient":""}}},"product_brand":[],"product_cat":[84,145],"product_tag":[],"class_list":{"0":"post-11261","1":"product","2":"type-product","3":"status-publish","4":"has-post-thumbnail","6":"product_cat-ardei","7":"product_cat-ardei-hibrid","8":"desktop-align-left","9":"tablet-align-left","10":"mobile-align-left","12":"first","13":"outofstock","14":"taxable","15":"shipping-taxable","16":"purchasable","17":"product-type-simple"},"_links":{"self":[{"href":"https:\/\/vivasem.ro\/index.php?rest_route=\/wp\/v2\/product\/11261","targetHints":{"allow":["GET"]}}],"collection":[{"href":"https:\/\/vivasem.ro\/index.php?rest_route=\/wp\/v2\/product"}],"about":[{"href":"https:\/\/vivasem.ro\/index.php?rest_route=\/wp\/v2\/types\/product"}],"replies":[{"embeddable":true,"href":"https:\/\/vivasem.ro\/index.php?rest_route=%2Fwp%2Fv2%2Fcomments&post=11261"}],"wp:featuredmedia":[{"embeddable":true,"href":"https:\/\/vivasem.ro\/index.php?rest_route=\/wp\/v2\/media\/11258"}],"wp:attachment":[{"href":"https:\/\/vivasem.ro\/index.php?rest_route=%2Fwp%2Fv2%2Fmedia&parent=11261"}],"wp:term":[{"taxonomy":"product_brand","embeddable":true,"href":"https:\/\/vivasem.ro\/index.php?rest_route=%2Fwp%2Fv2%2Fproduct_brand&post=11261"},{"taxonomy":"product_cat","embeddable":true,"href":"https:\/\/vivasem.ro\/index.php?rest_route=%2Fwp%2Fv2%2Fproduct_cat&post=11261"},{"taxonomy":"product_tag","embeddable":true,"href":"https:\/\/vivasem.ro\/index.php?rest_route=%2Fwp%2Fv2%2Fproduct_tag&post=11261"}],"curies":[{"name":"wp","href":"https:\/\/api.w.org\/{rel}","templated":true}]}}