{"id":11207,"date":"2023-11-24T07:38:54","date_gmt":"2023-11-24T05:38:54","guid":{"rendered":"https:\/\/vivasem.ro\/?post_type=product&#038;p=11207"},"modified":"2024-11-03T10:30:20","modified_gmt":"2024-11-03T08:30:20","slug":"ardei-gras-silverado-f1-capsico-100s","status":"publish","type":"product","link":"https:\/\/vivasem.ro\/?product=ardei-gras-silverado-f1-capsico-100s","title":{"rendered":"\u201e\u201eARDEI GRAS SILVERADO F1 -CAPSICO (100s)"},"content":{"rendered":"<h6 style=\"text-align: left;\"><span style=\"color: #ff0000;\"><u>ARDEI GRAS SILVERADO F1 ,<\/u><\/span>\u00a0 \u00a0 \u00a0 \u00a0 \u00a0 \u00a0 \u00a0 \u00a0 \u00a0 \u00a0 \u00a0 <span style=\"color: #ff0000;\"><u><a href=\"https:\/\/vivasem.ro\/wp-content\/uploads\/2023\/11\/CAPSICO.jpg\"><img loading=\"lazy\" decoding=\"async\" class=\"alignnone size-medium wp-image-11194\" src=\"https:\/\/vivasem.ro\/wp-content\/uploads\/2023\/11\/CAPSICO-300x60.jpg\" alt=\"\" width=\"300\" height=\"60\" srcset=\"https:\/\/vivasem.ro\/wp-content\/uploads\/2023\/11\/CAPSICO-300x60.jpg 300w, https:\/\/vivasem.ro\/wp-content\/uploads\/2023\/11\/CAPSICO-original-248x50.jpg 248w, https:\/\/vivasem.ro\/wp-content\/uploads\/2023\/11\/CAPSICO-original.jpg 474w\" sizes=\"auto, (max-width: 300px) 100vw, 300px\" \/><\/a><\/u><\/span><\/h6>\n<h6><span style=\"color: #ff0000;\"><strong>-Produc\u0103tor : CAPSICO Ungaria,\u00a0 \u00a0 \u00a0 \u00a0 \u00a0 \u00a0 \u00a0 <\/strong><\/span><\/h6>\n<h6><span style=\"color: #000080;\">Ardeiul SILVERADO F1 este un hibrid foarte timpuriu, de ardei gras, cu fructe foarte mari de tip blocky, \u00eenalte de 10 cm \u0219i late de 8-9 cm., cu 3-4 lobi, \u00een greutate medie de 180-210 grame \u0219i pulp\u0103 foarte groas\u0103 .<\/span><\/h6>\n<h6><span style=\"color: #ff0000;\">Poten\u0163ialul de produc\u0163ie este ie\u015fit din comun. <\/span><\/h6>\n<h6><span style=\"color: #ff0000;\"><span style=\"color: #000080;\">Plantele au internoduri scurte, cu tulpin\u0103 puternic\u0103 cu ajutorul c\u0103reia poate rodi uniform \u015fi bine chiar \u015fi \u00een condi\u0163ii climaterice extreme.<\/span><\/span><\/h6>\n<h6><span style=\"color: #ff0000;\"><span style=\"color: #000080;\"> Se recomand\u0103 cultivarea palisat pe dou\u0103 bra\u021be sau nepalisat. <\/span><\/span><\/h6>\n<h6><span style=\"color: #ff0000;\"><span style=\"color: #000080;\">Produce fructe str\u0103lucitoare, groase, c\u0103rnoase care \u00ee\u015fi p\u0103streaz\u0103 dimensiunile \u015fi calitatea p\u00e2n\u0103 la sf\u00e2r\u015fitul perioadei de cultivare.<\/span><\/span><\/h6>\n<h6><span style=\"color: #ff0000;\"><span style=\"color: #000080;\">Culoarea este g\u0103lbuie , dar la coacere deplin\u0103 se transform\u0103 \u00een ro\u0219u.<\/span><\/span><\/h6>\n<h6><span style=\"color: #0000ff;\">Are rezisten\u021ba \u00eenalt\u0103 la Virusul mozaicul tutunului(Tm: 0-3) \u0219i intermediar\u0103 la Virusul Petelor de Bronz (TSWV) \u0219i la Virusul Mozaic al Castravetelui (CMV) fapt pentru care poate fi cultivat \u00een siguran\u0163\u0103 \u015fi \u00een zone infestate de viru\u015fi.<\/span><\/h6>\n<h6><span style=\"color: #ff0000;\">Acest hibrid prezinta o maturitate extratimpurie, o planta cu o vigoare ridicat\u0103 ,\u00een solarii dep\u0103\u0219ind 2 m \u00een\u0103l\u021bime. <\/span><\/h6>\n<h6><span style=\"color: #ff0000; font-size: 17.6px;\">Acest hibrid se poate adapta cu u\u0219urinta la diferite tipuri de sol si poate fi cultivat atat in sere, cat si in camp deschis.<\/span><\/h6>\n<h6>Pentru a obtine o productie c\u00e2t mai ridicat\u0103, se recomand\u0103 cultivarea\u00a0 palisat pe doua bra\u021be.<\/h6>\n<h6><span style=\"color: #0000ff; font-size: 17.6px;\">Acest hibrid prezinta productii sigure si ridicate pe tot ciclul de cultura, cu un randament mai bun vizibil inca de la primele culegeri.<\/span><\/h6>\n<p><span style=\"font-size: 1.1em; font-weight: bold;\">Pe lang\u0103 productivitatea ridicat\u0103 \u0219i rezisten\u021ba la boli, se remarc\u0103 prin aspectul atractiv al fructelor, care pot fi v\u00e2ndute cu u\u0219urint\u0103 \u00een magazine sau\u00a0 pie\u021be.<\/span><\/p>\n<h6><span style=\"color: #0000ff;\">De asemenea, acest hibrid poate fi cultivat cu costuri reduse, prin utilizarea unor tehnici moderne de cultivare si prin reducerea costurilor legate de tratamentele impotriva bolilor si daunatorilor.<\/span><\/h6>\n<h6><span style=\"color: #0000ff;\">Are un gust dulce si pl\u0103cut,\u00a0 potrivit pentru consumul fresh sau pentru procesare.\u00a0<\/span><\/h6>\n<p>&nbsp;<\/p>\n","protected":false},"excerpt":{"rendered":"<h6><span style=\"color: #0000ff;\">100 SEMIN\u021aE\u00a0<\/span><\/h6>\n<h6><span style=\"color: #ff00ff;\">PRODUCTIVITATE \u00ceNALT\u0102, FRUCTE FOARTE MARI<\/span><span style=\"color: #ff00ff;\">\u00a0!<\/span><\/h6>\n<h6><\/h6>\n<p>&nbsp;<\/p>\n<p>&nbsp;<\/p>\n","protected":false},"featured_media":11204,"comment_status":"open","ping_status":"closed","template":"","meta":{"site-sidebar-layout":"default","site-content-layout":"default","ast-site-content-layout":"default","site-content-style":"default","site-sidebar-style":"default","ast-global-header-display":"","ast-banner-title-visibility":"","ast-main-header-display":"","ast-hfb-above-header-display":"","ast-hfb-below-header-display":"","ast-hfb-mobile-header-display":"","site-post-title":"","ast-breadcrumbs-content":"","ast-featured-img":"","footer-sml-layout":"","ast-disable-related-posts":"","theme-transparent-header-meta":"default","adv-header-id-meta":"","stick-header-meta":"","header-above-stick-meta":"","header-main-stick-meta":"","header-below-stick-meta":"","astra-migrate-meta-layouts":"set","ast-page-background-enabled":"default","ast-page-background-meta":{"desktop":{"background-color":"var(--ast-global-color-4)","background-image":"","background-repeat":"repeat","background-position":"center center","background-size":"auto","background-attachment":"scroll","background-type":"","background-media":"","overlay-type":"","overlay-color":"","overlay-opacity":"","overlay-gradient":""},"tablet":{"background-color":"","background-image":"","background-repeat":"repeat","background-position":"center center","background-size":"auto","background-attachment":"scroll","background-type":"","background-media":"","overlay-type":"","overlay-color":"","overlay-opacity":"","overlay-gradient":""},"mobile":{"background-color":"","background-image":"","background-repeat":"repeat","background-position":"center center","background-size":"auto","background-attachment":"scroll","background-type":"","background-media":"","overlay-type":"","overlay-color":"","overlay-opacity":"","overlay-gradient":""}},"ast-content-background-meta":{"desktop":{"background-color":"var(--ast-global-color-5)","background-image":"","background-repeat":"repeat","background-position":"center center","background-size":"auto","background-attachment":"scroll","background-type":"","background-media":"","overlay-type":"","overlay-color":"","overlay-opacity":"","overlay-gradient":""},"tablet":{"background-color":"var(--ast-global-color-5)","background-image":"","background-repeat":"repeat","background-position":"center center","background-size":"auto","background-attachment":"scroll","background-type":"","background-media":"","overlay-type":"","overlay-color":"","overlay-opacity":"","overlay-gradient":""},"mobile":{"background-color":"var(--ast-global-color-5)","background-image":"","background-repeat":"repeat","background-position":"center center","background-size":"auto","background-attachment":"scroll","background-type":"","background-media":"","overlay-type":"","overlay-color":"","overlay-opacity":"","overlay-gradient":""}}},"product_brand":[],"product_cat":[84,145],"product_tag":[],"class_list":{"0":"post-11207","1":"product","2":"type-product","3":"status-publish","4":"has-post-thumbnail","6":"product_cat-ardei","7":"product_cat-ardei-hibrid","8":"desktop-align-left","9":"tablet-align-left","10":"mobile-align-left","12":"first","13":"outofstock","14":"taxable","15":"shipping-taxable","16":"purchasable","17":"product-type-simple"},"_links":{"self":[{"href":"https:\/\/vivasem.ro\/index.php?rest_route=\/wp\/v2\/product\/11207","targetHints":{"allow":["GET"]}}],"collection":[{"href":"https:\/\/vivasem.ro\/index.php?rest_route=\/wp\/v2\/product"}],"about":[{"href":"https:\/\/vivasem.ro\/index.php?rest_route=\/wp\/v2\/types\/product"}],"replies":[{"embeddable":true,"href":"https:\/\/vivasem.ro\/index.php?rest_route=%2Fwp%2Fv2%2Fcomments&post=11207"}],"wp:featuredmedia":[{"embeddable":true,"href":"https:\/\/vivasem.ro\/index.php?rest_route=\/wp\/v2\/media\/11204"}],"wp:attachment":[{"href":"https:\/\/vivasem.ro\/index.php?rest_route=%2Fwp%2Fv2%2Fmedia&parent=11207"}],"wp:term":[{"taxonomy":"product_brand","embeddable":true,"href":"https:\/\/vivasem.ro\/index.php?rest_route=%2Fwp%2Fv2%2Fproduct_brand&post=11207"},{"taxonomy":"product_cat","embeddable":true,"href":"https:\/\/vivasem.ro\/index.php?rest_route=%2Fwp%2Fv2%2Fproduct_cat&post=11207"},{"taxonomy":"product_tag","embeddable":true,"href":"https:\/\/vivasem.ro\/index.php?rest_route=%2Fwp%2Fv2%2Fproduct_tag&post=11207"}],"curies":[{"name":"wp","href":"https:\/\/api.w.org\/{rel}","templated":true}]}}