{"id":11093,"date":"2023-11-18T10:39:07","date_gmt":"2023-11-18T08:39:07","guid":{"rendered":"https:\/\/vivasem.ro\/?post_type=product&#038;p=11093"},"modified":"2024-04-05T10:15:15","modified_gmt":"2024-04-05T08:15:15","slug":"monteforte-10s","status":"publish","type":"product","link":"https:\/\/vivasem.ro\/?product=monteforte-10s","title":{"rendered":"\u201e\u201eMONTEFORTE (10s)"},"content":{"rendered":"<h6 class=\"page-title\"><span class=\"base\" style=\"color: #ff0000;\" data-ui-id=\"page-title-wrapper\">MONTEFORTE ,<\/span><\/h6>\n<h6 class=\"page-title\"><span style=\"color: #ff0000;\">-Produc\u0103tor :La Semiorto Sementi ITALIA<a href=\"https:\/\/vivasem.ro\/wp-content\/uploads\/2022\/12\/LA-SEMIORTO-2.jpg\"><img loading=\"lazy\" decoding=\"async\" class=\"alignnone size-medium wp-image-8634\" src=\"https:\/\/vivasem.ro\/wp-content\/uploads\/2022\/12\/LA-SEMIORTO-2-300x83.jpg\" alt=\"\" width=\"300\" height=\"83\" srcset=\"https:\/\/vivasem.ro\/wp-content\/uploads\/2022\/12\/LA-SEMIORTO-2-300x83.jpg 300w, https:\/\/vivasem.ro\/wp-content\/uploads\/2022\/12\/LA-SEMIORTO-2-248x69.jpg 248w, https:\/\/vivasem.ro\/wp-content\/uploads\/2022\/12\/LA-SEMIORTO-2.jpg 523w\" sizes=\"auto, (max-width: 300px) 100vw, 300px\" \/><\/a>\u00a0 \u00a0 \u00a0 \u00a0 \u00a0 \u00a0 \u00a0 \u00a0 \u00a0 \u00a0 \u00a0 \u00a0 \u00a0 \u00a0 \u00a0 \u00a0 \u00a0 \u00a0 \u00a0 \u00a0 \u00a0 \u00a0 \u00a0 \u00a0 \u00a0 \u00a0 \u00a0 \u00a0<\/span><\/h6>\n<h6><span style=\"color: #0000ff;\"><strong>Monteforte F1<\/strong> este un hibrid de tomate cu cre\u0219tere nedeterminata, de tip cluster (se poate recolta ciorchinele \u00eentreg) iar fructele au culoarea ro\u0219u-aprins, cu greutatea cuprins\u0103 intre 120 &#8211; 140 grame, foarte uniforme.\u00a0<\/span><\/h6>\n<h6><span style=\"color: #ff0000;\">Hibridul de\u00a0<strong>rosii Monteforte F1<\/strong> se incadreaza in categoria specialita\u021bilor, av\u00e2nd un gust excelent, dar si o via\u021ba de raft foarte bun\u0103.<\/span><\/h6>\n<h6><span style=\"color: #0000ff;\"><strong>Tomatele Monteforte F1<\/strong> nu crap\u0103 si sunt ideale pentru transport.<\/span><\/h6>\n<h6><span style=\"color: #0000ff;\">\u00cenflorirea este buna si are loc chiar si in condi\u021bii dificile de temperatura (foarte cald sau foarte frig). Legarea fructelor este, de asemenea, excelent\u0103, hibridul avand o buna legare si in perioada de var\u0103 (av\u00e2nd genetica din sudul Italiei). <\/span><\/h6>\n<h6>Rosiile tip &#8222;cluster&#8221; sunt foarte populare in sudul europei, unde se vand ambalte sau individual.<\/h6>\n<h6><span style=\"color: #0000ff;\">Este destinat produc\u021biilor din sere si solarii.\u00a0<\/span><\/h6>\n<h6>Rezistenta la boli:<\/h6>\n<h6><strong>INTERMEDIAR\u0102<\/strong><\/h6>\n<ul>\n<li>\n<h6><em>Mi &#8211; Nematozi;\u00a0<\/em><\/h6>\n<\/li>\n<li>\n<h6><em>For<\/em><\/h6>\n<\/li>\n<\/ul>\n<h6><strong>REZISTEN\u021a\u0102 RIDICAT\u0102<\/strong><\/h6>\n<ul>\n<li>\n<h6><em>ToMV 0 2;<\/em><\/h6>\n<\/li>\n<li>\n<h6><em>Va: 0; Vd: 0;<\/em><\/h6>\n<\/li>\n<li>\n<h6><em>Fol: 0 1;\u00a0<\/em><\/h6>\n<\/li>\n<li>\n<h6><em>Ff: A-E<\/em><\/h6>\n<\/li>\n<\/ul>\n<h6><\/h6>\n<h6><\/h6>\n","protected":false},"excerpt":{"rendered":"<h6><span style=\"color: #0000ff;\">10 SEMIN\u021aE<\/span><\/h6>\n<h6><span style=\"color: #ff00ff;\">HIBRID DE CIORCHINE,FOARTE GUSTOS, FOARTE PRODUCTIV !<\/span><\/h6>\n","protected":false},"featured_media":11095,"comment_status":"open","ping_status":"closed","template":"","meta":{"site-sidebar-layout":"default","site-content-layout":"default","ast-site-content-layout":"default","site-content-style":"default","site-sidebar-style":"default","ast-global-header-display":"","ast-banner-title-visibility":"","ast-main-header-display":"","ast-hfb-above-header-display":"","ast-hfb-below-header-display":"","ast-hfb-mobile-header-display":"","site-post-title":"","ast-breadcrumbs-content":"","ast-featured-img":"","footer-sml-layout":"","ast-disable-related-posts":"","theme-transparent-header-meta":"default","adv-header-id-meta":"","stick-header-meta":"","header-above-stick-meta":"","header-main-stick-meta":"","header-below-stick-meta":"","astra-migrate-meta-layouts":"set","ast-page-background-enabled":"default","ast-page-background-meta":{"desktop":{"background-color":"var(--ast-global-color-4)","background-image":"","background-repeat":"repeat","background-position":"center center","background-size":"auto","background-attachment":"scroll","background-type":"","background-media":"","overlay-type":"","overlay-color":"","overlay-opacity":"","overlay-gradient":""},"tablet":{"background-color":"","background-image":"","background-repeat":"repeat","background-position":"center center","background-size":"auto","background-attachment":"scroll","background-type":"","background-media":"","overlay-type":"","overlay-color":"","overlay-opacity":"","overlay-gradient":""},"mobile":{"background-color":"","background-image":"","background-repeat":"repeat","background-position":"center center","background-size":"auto","background-attachment":"scroll","background-type":"","background-media":"","overlay-type":"","overlay-color":"","overlay-opacity":"","overlay-gradient":""}},"ast-content-background-meta":{"desktop":{"background-color":"var(--ast-global-color-5)","background-image":"","background-repeat":"repeat","background-position":"center center","background-size":"auto","background-attachment":"scroll","background-type":"","background-media":"","overlay-type":"","overlay-color":"","overlay-opacity":"","overlay-gradient":""},"tablet":{"background-color":"var(--ast-global-color-5)","background-image":"","background-repeat":"repeat","background-position":"center center","background-size":"auto","background-attachment":"scroll","background-type":"","background-media":"","overlay-type":"","overlay-color":"","overlay-opacity":"","overlay-gradient":""},"mobile":{"background-color":"var(--ast-global-color-5)","background-image":"","background-repeat":"repeat","background-position":"center center","background-size":"auto","background-attachment":"scroll","background-type":"","background-media":"","overlay-type":"","overlay-color":"","overlay-opacity":"","overlay-gradient":""}}},"product_brand":[],"product_cat":[110],"product_tag":[],"class_list":{"0":"post-11093","1":"product","2":"type-product","3":"status-publish","4":"has-post-thumbnail","6":"product_cat-tomate-hibrid","7":"desktop-align-left","8":"tablet-align-left","9":"mobile-align-left","11":"first","12":"outofstock","13":"taxable","14":"shipping-taxable","15":"purchasable","16":"product-type-simple"},"_links":{"self":[{"href":"https:\/\/vivasem.ro\/index.php?rest_route=\/wp\/v2\/product\/11093","targetHints":{"allow":["GET"]}}],"collection":[{"href":"https:\/\/vivasem.ro\/index.php?rest_route=\/wp\/v2\/product"}],"about":[{"href":"https:\/\/vivasem.ro\/index.php?rest_route=\/wp\/v2\/types\/product"}],"replies":[{"embeddable":true,"href":"https:\/\/vivasem.ro\/index.php?rest_route=%2Fwp%2Fv2%2Fcomments&post=11093"}],"wp:featuredmedia":[{"embeddable":true,"href":"https:\/\/vivasem.ro\/index.php?rest_route=\/wp\/v2\/media\/11095"}],"wp:attachment":[{"href":"https:\/\/vivasem.ro\/index.php?rest_route=%2Fwp%2Fv2%2Fmedia&parent=11093"}],"wp:term":[{"taxonomy":"product_brand","embeddable":true,"href":"https:\/\/vivasem.ro\/index.php?rest_route=%2Fwp%2Fv2%2Fproduct_brand&post=11093"},{"taxonomy":"product_cat","embeddable":true,"href":"https:\/\/vivasem.ro\/index.php?rest_route=%2Fwp%2Fv2%2Fproduct_cat&post=11093"},{"taxonomy":"product_tag","embeddable":true,"href":"https:\/\/vivasem.ro\/index.php?rest_route=%2Fwp%2Fv2%2Fproduct_tag&post=11093"}],"curies":[{"name":"wp","href":"https:\/\/api.w.org\/{rel}","templated":true}]}}