{"id":11047,"date":"2023-11-15T12:04:03","date_gmt":"2023-11-15T10:04:03","guid":{"rendered":"https:\/\/vivasem.ro\/?post_type=product&#038;p=11047"},"modified":"2026-03-23T12:40:57","modified_gmt":"2026-03-23T10:40:57","slug":"fasole-meraviglia-di-venezia-minunea-venetiei-100-gr-oferta","status":"publish","type":"product","link":"https:\/\/vivasem.ro\/?product=fasole-meraviglia-di-venezia-minunea-venetiei-100-gr-oferta","title":{"rendered":"Fasole MERAVIGLIA DI VENEZIA \/MINUNEA VENETIEI  (100 gr.)"},"content":{"rendered":"<h6><span style=\"color: #ff6600;\"><strong><u>MERAVIGLIA DI VENEZIA\/<\/u><\/strong><\/span><span style=\"color: #ff6600;\"><strong><u>MINUNEA VENE\u021aIEI<\/u><\/strong><\/span><span style=\"color: #ff6600;\"><strong><u>\/ VENEZIA,<\/u><\/strong><\/span><\/h6>\n<h6><span style=\"color: #ff0000;\">Produs \u0219i ambalat de Patru Agro SRL\u00a0 Rom\u00e2nia,<\/span><\/h6>\n<h6><span style=\"color: #0000ff;\"><strong>Soi timpuriu, de arac,perioada de vegetatie 65-68 zile. <\/strong><\/span><\/h6>\n<h6><span style=\"color: #0000ff;\"><strong>P\u0103staia este galben-aurie, lat\u0103,de 18-22 mm \u015fi au lungimea medie de 18- 20 centimetrii. <\/strong>Este de bun\u0103 calitate,fraged\u0103 \u015fi f\u0103r\u0103 a\u0163e, cu gust foarte pl\u0103cut.<\/span><\/h6>\n<h6>Boabele sunt albe.<\/h6>\n<h6><span style=\"color: #0000ff;\">Plantele sunt nedeterminate, viguroase, productive, cu o inflorire continua.<\/span><\/h6>\n<h6>Se poate utiliza in stare proaspat\u0103 sau se poate conserva prin fierbere sau congelare.<\/h6>\n<h6>Pentru FRUCTIFICARE TIMPURIE ,SE RECOMAND\u0102 C\u00c2RNITUL PLANTEI LA 0,5m, 1m. \u0219i la 1,5 m.<\/h6>\n<div class=\"ast-oembed-container \" style=\"height: 100%;\"><iframe loading=\"lazy\" title=\"Doua soiuri super roditoare de fasole  de arac\" width=\"500\" height=\"281\" src=\"https:\/\/www.youtube.com\/embed\/mo-w2bizoFw?feature=oembed\" frameborder=\"0\" allow=\"accelerometer; autoplay; clipboard-write; encrypted-media; gyroscope; picture-in-picture; web-share\" referrerpolicy=\"strict-origin-when-cross-origin\" allowfullscreen><\/iframe><\/div>\n","protected":false},"excerpt":{"rendered":"<h6><span style=\"color: #0000ff;\">100 GRAME\/310 SEMIN\u021aE<\/span><\/h6>\n<h6><span style=\"color: #ff00ff;\">SOI TIMPURIU FOARTE PRODUCTIV !<\/span><\/h6>\n<p>VEZI VIDEOCLIP<\/p>\n","protected":false},"featured_media":12366,"comment_status":"open","ping_status":"closed","template":"","meta":{"site-sidebar-layout":"default","site-content-layout":"default","ast-site-content-layout":"default","site-content-style":"default","site-sidebar-style":"default","ast-global-header-display":"","ast-banner-title-visibility":"","ast-main-header-display":"","ast-hfb-above-header-display":"","ast-hfb-below-header-display":"","ast-hfb-mobile-header-display":"","site-post-title":"","ast-breadcrumbs-content":"","ast-featured-img":"","footer-sml-layout":"","ast-disable-related-posts":"","theme-transparent-header-meta":"default","adv-header-id-meta":"","stick-header-meta":"","header-above-stick-meta":"","header-main-stick-meta":"","header-below-stick-meta":"","astra-migrate-meta-layouts":"set","ast-page-background-enabled":"default","ast-page-background-meta":{"desktop":{"background-color":"var(--ast-global-color-4)","background-image":"","background-repeat":"repeat","background-position":"center center","background-size":"auto","background-attachment":"scroll","background-type":"","background-media":"","overlay-type":"","overlay-color":"","overlay-opacity":"","overlay-gradient":""},"tablet":{"background-color":"","background-image":"","background-repeat":"repeat","background-position":"center center","background-size":"auto","background-attachment":"scroll","background-type":"","background-media":"","overlay-type":"","overlay-color":"","overlay-opacity":"","overlay-gradient":""},"mobile":{"background-color":"","background-image":"","background-repeat":"repeat","background-position":"center center","background-size":"auto","background-attachment":"scroll","background-type":"","background-media":"","overlay-type":"","overlay-color":"","overlay-opacity":"","overlay-gradient":""}},"ast-content-background-meta":{"desktop":{"background-color":"var(--ast-global-color-5)","background-image":"","background-repeat":"repeat","background-position":"center center","background-size":"auto","background-attachment":"scroll","background-type":"","background-media":"","overlay-type":"","overlay-color":"","overlay-opacity":"","overlay-gradient":""},"tablet":{"background-color":"var(--ast-global-color-5)","background-image":"","background-repeat":"repeat","background-position":"center center","background-size":"auto","background-attachment":"scroll","background-type":"","background-media":"","overlay-type":"","overlay-color":"","overlay-opacity":"","overlay-gradient":""},"mobile":{"background-color":"var(--ast-global-color-5)","background-image":"","background-repeat":"repeat","background-position":"center center","background-size":"auto","background-attachment":"scroll","background-type":"","background-media":"","overlay-type":"","overlay-color":"","overlay-opacity":"","overlay-gradient":""}}},"product_brand":[],"product_cat":[85],"product_tag":[],"class_list":{"0":"post-11047","1":"product","2":"type-product","3":"status-publish","4":"has-post-thumbnail","6":"product_cat-fasole","7":"desktop-align-left","8":"tablet-align-left","9":"mobile-align-left","11":"first","12":"instock","13":"taxable","14":"shipping-taxable","15":"purchasable","16":"product-type-simple"},"_links":{"self":[{"href":"https:\/\/vivasem.ro\/index.php?rest_route=\/wp\/v2\/product\/11047","targetHints":{"allow":["GET"]}}],"collection":[{"href":"https:\/\/vivasem.ro\/index.php?rest_route=\/wp\/v2\/product"}],"about":[{"href":"https:\/\/vivasem.ro\/index.php?rest_route=\/wp\/v2\/types\/product"}],"replies":[{"embeddable":true,"href":"https:\/\/vivasem.ro\/index.php?rest_route=%2Fwp%2Fv2%2Fcomments&post=11047"}],"wp:featuredmedia":[{"embeddable":true,"href":"https:\/\/vivasem.ro\/index.php?rest_route=\/wp\/v2\/media\/12366"}],"wp:attachment":[{"href":"https:\/\/vivasem.ro\/index.php?rest_route=%2Fwp%2Fv2%2Fmedia&parent=11047"}],"wp:term":[{"taxonomy":"product_brand","embeddable":true,"href":"https:\/\/vivasem.ro\/index.php?rest_route=%2Fwp%2Fv2%2Fproduct_brand&post=11047"},{"taxonomy":"product_cat","embeddable":true,"href":"https:\/\/vivasem.ro\/index.php?rest_route=%2Fwp%2Fv2%2Fproduct_cat&post=11047"},{"taxonomy":"product_tag","embeddable":true,"href":"https:\/\/vivasem.ro\/index.php?rest_route=%2Fwp%2Fv2%2Fproduct_tag&post=11047"}],"curies":[{"name":"wp","href":"https:\/\/api.w.org\/{rel}","templated":true}]}}