{"id":11021,"date":"2023-11-12T22:10:38","date_gmt":"2023-11-12T20:10:38","guid":{"rendered":"https:\/\/vivasem.ro\/?post_type=product&#038;p=11021"},"modified":"2024-11-18T21:38:05","modified_gmt":"2024-11-18T19:38:05","slug":"conopida-freedom-f1-25s-seminis","status":"publish","type":"product","link":"https:\/\/vivasem.ro\/?product=conopida-freedom-f1-25s-seminis","title":{"rendered":"CONOPIDA FREEDOM F1 SEMINIS"},"content":{"rendered":"<h6><span style=\"color: #ff0000;\"><strong><u>FREEDOM F1,\u00a0<\/u><\/strong><\/span>\u00a0 \u00a0 \u00a0 \u00a0 \u00a0 \u00a0 \u00a0 \u00a0 \u00a0 \u00a0 \u00a0 \u00a0 \u00a0<span style=\"color: #ff0000;\"><strong><u><a href=\"https:\/\/vivasem.ro\/wp-content\/uploads\/2022\/11\/SEMINIS-LOGO.jpg\"><img loading=\"lazy\" decoding=\"async\" class=\"alignnone wp-image-8232\" src=\"https:\/\/vivasem.ro\/wp-content\/uploads\/2022\/11\/SEMINIS-LOGO.jpg\" alt=\"\" width=\"143\" height=\"80\" \/><\/a><\/u><\/strong><\/span><\/h6>\n<h6><span style=\"color: #ff0000;\"><strong><u>Produc\u0103tor : SEMINIS<\/u><\/strong><\/span><\/h6>\n<h6><span style=\"color: #0000ff;\">Freedom F1 este un hibrid timpuriu, destinat at\u00e2t culturii de var\u0103 c\u00e2t \u0219i celei de toamn\u0103, ce produce inflorescen\u021be albe, dense, rezistente la \u00eengalbenire, cu greutatea de 1,5-3 kg. <\/span><\/h6>\n<h6><span style=\"color: #0000ff;\">Plantele prezinta o buna capacitate de autoinvelire a c\u0103p\u0103\u021b\u00e2nilor.Hibrid tolerant la condi\u021bii climatice variate,Freedom asigur\u0103 o bun\u0103 planificare a recolt\u0103rilor, ca urmare a perioadei constante de vegetatie.<\/span><\/h6>\n<h6><span style=\"color: #0000ff;\"><strong><span style=\"color: #0000ff;\">\u00a0Maturitate :60-65 de zile vara, 78-80 de zile toamna.<\/span><\/strong><\/span><\/h6>\n<h6>Densitatea recomandata de plantare este , vara , de 26.000plante\/ha,\u0219i toamna de 24.000 plante\/ha .<\/h6>\n<p>&nbsp;<\/p>\n<h6><a href=\"https:\/\/vivasem.ro\/wp-content\/uploads\/2023\/11\/FREEDOM-SCHEMA.jpg\"><img loading=\"lazy\" decoding=\"async\" class=\"alignnone size-medium wp-image-11018\" src=\"https:\/\/vivasem.ro\/wp-content\/uploads\/2023\/11\/FREEDOM-SCHEMA-300x142.jpg\" alt=\"\" width=\"300\" height=\"142\" srcset=\"https:\/\/vivasem.ro\/wp-content\/uploads\/2023\/11\/FREEDOM-SCHEMA-300x142.jpg 300w, https:\/\/vivasem.ro\/wp-content\/uploads\/2023\/11\/FREEDOM-SCHEMA-original-248x117.jpg 248w, https:\/\/vivasem.ro\/wp-content\/uploads\/2023\/11\/FREEDOM-SCHEMA-original-590x279.jpg 590w, https:\/\/vivasem.ro\/wp-content\/uploads\/2023\/11\/FREEDOM-SCHEMA-original.jpg 700w\" sizes=\"auto, (max-width: 300px) 100vw, 300px\" \/><\/a><\/h6>\n<h6><\/h6>\n<h6><\/h6>\n<p>&nbsp;<\/p>\n","protected":false},"excerpt":{"rendered":"<h6><span style=\"color: #0000ff;\">25 -200 SEMIN\u021aE\u00a0<\/span><\/h6>\n<h6><span style=\"color: #ff00ff;\">HIBRIDUL PROFESIONAL TIMPURIU !<\/span><\/h6>\n<h6><\/h6>\n","protected":false},"featured_media":11019,"comment_status":"open","ping_status":"closed","template":"","meta":{"site-sidebar-layout":"default","site-content-layout":"default","ast-site-content-layout":"default","site-content-style":"default","site-sidebar-style":"default","ast-global-header-display":"","ast-banner-title-visibility":"","ast-main-header-display":"","ast-hfb-above-header-display":"","ast-hfb-below-header-display":"","ast-hfb-mobile-header-display":"","site-post-title":"","ast-breadcrumbs-content":"","ast-featured-img":"","footer-sml-layout":"","ast-disable-related-posts":"","theme-transparent-header-meta":"default","adv-header-id-meta":"","stick-header-meta":"","header-above-stick-meta":"","header-main-stick-meta":"","header-below-stick-meta":"","astra-migrate-meta-layouts":"set","ast-page-background-enabled":"default","ast-page-background-meta":{"desktop":{"background-color":"var(--ast-global-color-4)","background-image":"","background-repeat":"repeat","background-position":"center center","background-size":"auto","background-attachment":"scroll","background-type":"","background-media":"","overlay-type":"","overlay-color":"","overlay-opacity":"","overlay-gradient":""},"tablet":{"background-color":"","background-image":"","background-repeat":"repeat","background-position":"center center","background-size":"auto","background-attachment":"scroll","background-type":"","background-media":"","overlay-type":"","overlay-color":"","overlay-opacity":"","overlay-gradient":""},"mobile":{"background-color":"","background-image":"","background-repeat":"repeat","background-position":"center center","background-size":"auto","background-attachment":"scroll","background-type":"","background-media":"","overlay-type":"","overlay-color":"","overlay-opacity":"","overlay-gradient":""}},"ast-content-background-meta":{"desktop":{"background-color":"var(--ast-global-color-5)","background-image":"","background-repeat":"repeat","background-position":"center center","background-size":"auto","background-attachment":"scroll","background-type":"","background-media":"","overlay-type":"","overlay-color":"","overlay-opacity":"","overlay-gradient":""},"tablet":{"background-color":"var(--ast-global-color-5)","background-image":"","background-repeat":"repeat","background-position":"center center","background-size":"auto","background-attachment":"scroll","background-type":"","background-media":"","overlay-type":"","overlay-color":"","overlay-opacity":"","overlay-gradient":""},"mobile":{"background-color":"var(--ast-global-color-5)","background-image":"","background-repeat":"repeat","background-position":"center center","background-size":"auto","background-attachment":"scroll","background-type":"","background-media":"","overlay-type":"","overlay-color":"","overlay-opacity":"","overlay-gradient":""}}},"product_brand":[],"product_cat":[148],"product_tag":[],"class_list":{"0":"post-11021","1":"product","2":"type-product","3":"status-publish","4":"has-post-thumbnail","6":"product_cat-10-varza-varza-kale","7":"pa_cantitate-10-seminte","8":"pa_cantitate-100-seminte","9":"pa_cantitate-200-seminte","10":"pa_cantitate-25-seminte","11":"pa_cantitate-250-seminte","12":"pa_cantitate-5-seminte","13":"pa_cantitate-50-seminte","14":"pa_cantitate-500-seminte","15":"desktop-align-left","16":"tablet-align-left","17":"mobile-align-left","19":"first","20":"instock","21":"sale","22":"taxable","23":"shipping-taxable","24":"purchasable","25":"product-type-variable"},"_links":{"self":[{"href":"https:\/\/vivasem.ro\/index.php?rest_route=\/wp\/v2\/product\/11021","targetHints":{"allow":["GET"]}}],"collection":[{"href":"https:\/\/vivasem.ro\/index.php?rest_route=\/wp\/v2\/product"}],"about":[{"href":"https:\/\/vivasem.ro\/index.php?rest_route=\/wp\/v2\/types\/product"}],"replies":[{"embeddable":true,"href":"https:\/\/vivasem.ro\/index.php?rest_route=%2Fwp%2Fv2%2Fcomments&post=11021"}],"wp:featuredmedia":[{"embeddable":true,"href":"https:\/\/vivasem.ro\/index.php?rest_route=\/wp\/v2\/media\/11019"}],"wp:attachment":[{"href":"https:\/\/vivasem.ro\/index.php?rest_route=%2Fwp%2Fv2%2Fmedia&parent=11021"}],"wp:term":[{"taxonomy":"product_brand","embeddable":true,"href":"https:\/\/vivasem.ro\/index.php?rest_route=%2Fwp%2Fv2%2Fproduct_brand&post=11021"},{"taxonomy":"product_cat","embeddable":true,"href":"https:\/\/vivasem.ro\/index.php?rest_route=%2Fwp%2Fv2%2Fproduct_cat&post=11021"},{"taxonomy":"product_tag","embeddable":true,"href":"https:\/\/vivasem.ro\/index.php?rest_route=%2Fwp%2Fv2%2Fproduct_tag&post=11021"}],"curies":[{"name":"wp","href":"https:\/\/api.w.org\/{rel}","templated":true}]}}