{"id":10914,"date":"2023-11-08T09:40:23","date_gmt":"2023-11-08T07:40:23","guid":{"rendered":"https:\/\/vivasem.ro\/?post_type=product&#038;p=10914"},"modified":"2024-04-01T06:41:40","modified_gmt":"2024-04-01T04:41:40","slug":"fasole-urcatoare-verde-fiji","status":"publish","type":"product","link":"https:\/\/vivasem.ro\/?product=fasole-urcatoare-verde-fiji","title":{"rendered":"\u201e\u201eFasole urc\u0103toare verde FIJI"},"content":{"rendered":"<h6><span style=\"color: #ff6600;\"><strong><u>FASOLE FIJI<\/u><\/strong><\/span><\/h6>\n<h6><span style=\"color: #ff6600;\"><strong><u> Produc\u0103tor :BAKKER BROTHERS.OLANDA,<\/u><\/strong><\/span><\/h6>\n<h6><span style=\"color: #0000ff;\"><strong>Fiji este un soi foarte productiv de fasole lat\u0103 urc\u0103toare, ce se caracterizeaza prin p\u0103st\u0103i verzi, late si foarte gustoase.<\/strong><\/span><\/h6>\n<h6><span style=\"color: #0000ff;\"><strong>Fiji<\/strong> este de sezon lung, destinata culturilor de primavar\u0103 pan\u0103 in toamn\u0103, atat in culturile protejate, cat si in c\u00e2mp deschis, pe arac.\u00a0<\/span><\/h6>\n<h6><span style=\"color: #0000ff;\"><strong>Soiul<\/strong>\u00a0de fasole\u00a0<strong>Fiji\u00a0<\/strong>produce numeroase <strong>p\u0103stai<\/strong>\u00a0late, de 20 &#8211; 25 mm, lungi de 25 cm, de culoare verde-deschis.<\/span><\/h6>\n<h6><span style=\"color: #0000ff;\">Productiile din acest<strong>\u00a0soi<\/strong> sunt foarte mari \u0219i de o calitate excep\u021bionala, gustul fiind principala caracteristica pentru care, in ultimii ani, in Europa, acest tip de fasole a ajuns sa fie din ce in ce mai apreciat.\u00a0<\/span><\/h6>\n<h6><span style=\"color: #0000ff;\"><strong>Pastaile<\/strong> au un interior fraged si nu con\u021bin a\u021be.<\/span><\/h6>\n<h6><span style=\"color: #0000ff;\"><strong>Fiji<\/strong>\u00a0este un\u00a0<strong>soi<\/strong>\u00a0de\u00a0<strong>fasole <\/strong>\u00a0care se poate recolta pe o perioada indelungata si se pastreaza pe raft excelent.\u00a0<\/span><\/h6>\n<h6><span style=\"color: #0000ff;\">SE CULTIV\u0102 CU REZULTATE FOARTE BUNE \u00ceN C\u00c2MP \u0218I EXCEP\u021aIONALE \u00ceN SOLAR.<\/span><\/h6>\n<h6><span style=\"color: #0000ff;\"><span style=\"color: #ff6600;\">Semintele sunt tratate cu<\/span> <\/span><span style=\"color: #ff6600;\">Biostim , un tratament organic de \u00eembun\u0103t\u0103\u021bire a semin\u021belor care protejeaz\u0103 \u0219i hr\u0103ne\u0219te semin\u021bele, datorit\u0103 filmului organic \u0219i nutrien\u021bilor ad\u0103uga\u021bi. <\/span><span style=\"color: #ff6600;\">Stimuleaz\u0103 semin\u021bele \u0219i nu d\u0103uneaz\u0103 mediului.<\/span><\/h6>\n<h6><span style=\"color: #ff6600;\">Biostim este lipsit de efectele secundare negative care sunt comune tratamentelor chimice.<\/span><\/h6>\n<h6><span style=\"color: #ff6600;\">De asemenea, nu con\u021bine microplastice ad\u0103ugate inten\u021bionat, adic\u0103 semin\u021bele se usuc\u0103 mai repede. Ca atare, semin\u021bele tratate cu Biostim r\u0103m\u00e2n viguroase mult mai mult timp dec\u00e2t cele tratate cu chimicale tradi\u021bionale. Rezultatele testelor pe teren au ar\u0103tat c\u0103 semin\u021bele tratate cu Biostim dau un randament mai mare. Rezultatele au mai ar\u0103tat c\u0103 semin\u021bele tratate au o toleran\u021b\u0103 foarte bun\u0103 la d\u0103un\u0103tori \u0219i boli.<\/span><\/h6>\n<h6><\/h6>\n<h6><span style=\"color: #ff6600;\">\u00a0\u00a0<\/span><\/h6>\n<h6><\/h6>\n","protected":false},"excerpt":{"rendered":"<h6><span style=\"color: #0000ff;\">30 SEMIN\u021aE<\/span><\/h6>\n<h6><span style=\"color: #ff00ff;\">GUST \u0218I PRODUCTIVITATE DE EXCEP\u021aIE<\/span><\/h6>\n","protected":false},"featured_media":10915,"comment_status":"open","ping_status":"closed","template":"","meta":{"site-sidebar-layout":"default","site-content-layout":"default","ast-site-content-layout":"default","site-content-style":"default","site-sidebar-style":"default","ast-global-header-display":"","ast-banner-title-visibility":"","ast-main-header-display":"","ast-hfb-above-header-display":"","ast-hfb-below-header-display":"","ast-hfb-mobile-header-display":"","site-post-title":"","ast-breadcrumbs-content":"","ast-featured-img":"","footer-sml-layout":"","ast-disable-related-posts":"","theme-transparent-header-meta":"default","adv-header-id-meta":"","stick-header-meta":"","header-above-stick-meta":"","header-main-stick-meta":"","header-below-stick-meta":"","astra-migrate-meta-layouts":"set","ast-page-background-enabled":"default","ast-page-background-meta":{"desktop":{"background-color":"var(--ast-global-color-4)","background-image":"","background-repeat":"repeat","background-position":"center center","background-size":"auto","background-attachment":"scroll","background-type":"","background-media":"","overlay-type":"","overlay-color":"","overlay-opacity":"","overlay-gradient":""},"tablet":{"background-color":"","background-image":"","background-repeat":"repeat","background-position":"center center","background-size":"auto","background-attachment":"scroll","background-type":"","background-media":"","overlay-type":"","overlay-color":"","overlay-opacity":"","overlay-gradient":""},"mobile":{"background-color":"","background-image":"","background-repeat":"repeat","background-position":"center center","background-size":"auto","background-attachment":"scroll","background-type":"","background-media":"","overlay-type":"","overlay-color":"","overlay-opacity":"","overlay-gradient":""}},"ast-content-background-meta":{"desktop":{"background-color":"var(--ast-global-color-5)","background-image":"","background-repeat":"repeat","background-position":"center center","background-size":"auto","background-attachment":"scroll","background-type":"","background-media":"","overlay-type":"","overlay-color":"","overlay-opacity":"","overlay-gradient":""},"tablet":{"background-color":"var(--ast-global-color-5)","background-image":"","background-repeat":"repeat","background-position":"center center","background-size":"auto","background-attachment":"scroll","background-type":"","background-media":"","overlay-type":"","overlay-color":"","overlay-opacity":"","overlay-gradient":""},"mobile":{"background-color":"var(--ast-global-color-5)","background-image":"","background-repeat":"repeat","background-position":"center center","background-size":"auto","background-attachment":"scroll","background-type":"","background-media":"","overlay-type":"","overlay-color":"","overlay-opacity":"","overlay-gradient":""}}},"product_brand":[],"product_cat":[85],"product_tag":[],"class_list":{"0":"post-10914","1":"product","2":"type-product","3":"status-publish","4":"has-post-thumbnail","6":"product_cat-fasole","7":"desktop-align-left","8":"tablet-align-left","9":"mobile-align-left","11":"first","12":"outofstock","13":"taxable","14":"shipping-taxable","15":"purchasable","16":"product-type-simple"},"_links":{"self":[{"href":"https:\/\/vivasem.ro\/index.php?rest_route=\/wp\/v2\/product\/10914","targetHints":{"allow":["GET"]}}],"collection":[{"href":"https:\/\/vivasem.ro\/index.php?rest_route=\/wp\/v2\/product"}],"about":[{"href":"https:\/\/vivasem.ro\/index.php?rest_route=\/wp\/v2\/types\/product"}],"replies":[{"embeddable":true,"href":"https:\/\/vivasem.ro\/index.php?rest_route=%2Fwp%2Fv2%2Fcomments&post=10914"}],"wp:featuredmedia":[{"embeddable":true,"href":"https:\/\/vivasem.ro\/index.php?rest_route=\/wp\/v2\/media\/10915"}],"wp:attachment":[{"href":"https:\/\/vivasem.ro\/index.php?rest_route=%2Fwp%2Fv2%2Fmedia&parent=10914"}],"wp:term":[{"taxonomy":"product_brand","embeddable":true,"href":"https:\/\/vivasem.ro\/index.php?rest_route=%2Fwp%2Fv2%2Fproduct_brand&post=10914"},{"taxonomy":"product_cat","embeddable":true,"href":"https:\/\/vivasem.ro\/index.php?rest_route=%2Fwp%2Fv2%2Fproduct_cat&post=10914"},{"taxonomy":"product_tag","embeddable":true,"href":"https:\/\/vivasem.ro\/index.php?rest_route=%2Fwp%2Fv2%2Fproduct_tag&post=10914"}],"curies":[{"name":"wp","href":"https:\/\/api.w.org\/{rel}","templated":true}]}}