{"id":10761,"date":"2023-10-03T10:00:04","date_gmt":"2023-10-03T08:00:04","guid":{"rendered":"https:\/\/vivasem.ro\/?post_type=product&#038;p=10761"},"modified":"2024-02-09T11:31:10","modified_gmt":"2024-02-09T09:31:10","slug":"florina-44-scdl-buzau300s","status":"publish","type":"product","link":"https:\/\/vivasem.ro\/?product=florina-44-scdl-buzau300s","title":{"rendered":"FLORINA 44- SCDL BUZ\u0102U(300s\/1g)"},"content":{"rendered":"<h6><span style=\"color: #ff0000;\">FLORINA 44,<\/span><\/h6>\n<h6><span style=\"color: #ff0000;\">PRODUC\u0102TOR: <strong><u>STA\u021aIUNEA DE CERCETARE \u0218I DEZVOLTARE LEGUMICOL\u0102 BUZ\u0102U,<\/u><\/strong><\/span><\/h6>\n<h6><span style=\"color: #0000ff;\"><strong>\u00a0<\/strong>Soiul de tomate Florina 44 , are cre\u015ftere determinat\u0103 \u0219i este destinat cultiv\u0103rii \u00een c\u00e2mp.<\/span><\/h6>\n<h6>Planta cre\u0219te sub form\u0103 de tuf\u0103 \u0219i este compus\u0103 din 4-6 de l\u0103stari principali cu o \u00een\u0103l\u021bime medie de 60-65 cm.<\/h6>\n<h6>Vigoarea plantei este medie, prezint\u0103 un num\u0103r de 60-80 frunze, cu foliole de m\u0103rime medie.<\/h6>\n<h6>Fructul imatur este verde, cu u\u0219or capac, iar <span style=\"color: #ff0000;\">la maturitatea fiziologic\u0103 se transform\u0103 \u00een ro\u0219u str\u0103lucitor.\u00a0<\/span><\/h6>\n<h6><span style=\"color: #ff0000;\">\u00cen inflorescen\u021b\u0103 se g\u0103sesc 4-6 fructe mari, rotunde, greutatea medie a fructului fiind de 180-220 g.<\/span><\/h6>\n<h6><span style=\"color: #0000ff;\">Fructele sunt ferme, rezistente la cr\u0103pare \u015fi arsura solar\u0103 \u015fi au capacitate bun\u0103 de p\u0103strare dup\u0103 recoltare (peste 10 zile).\u00a0<\/span><\/h6>\n<h6><span style=\"color: #0000ff;\">\u00cen sec\u021biune transversal\u0103, fructul prezint\u0103 un pericarp cu o grosime de 7-8 mm \u0219i 4 loji seminale.<\/span><\/h6>\n<h6><span style=\"color: #0000ff;\">\u00cen fruct se g\u0103se\u0219te un num\u0103r mic de semin\u021be, \u00eentre 60-80, care sunt bine dezvoltate \u0219i vizibil acoperite cu peri\u0219ori aurii fini.<\/span><\/h6>\n<h6><span style=\"color: #0000ff;\">Fructul are aspect comercial atractiv, cu gust pl\u0103cut, echilibrat.\u00a0Fructul poate fi recoltat \u0219i cu codi\u021b\u0103, deoarece prezint\u0103 pedicel scurt, m\u0103rindu-se astfel durata de p\u0103strare dup\u0103 recoltare.<\/span><\/h6>\n<h6><span style=\"color: #ff0000;\">Soiul prezint\u0103 toleran\u021b\u0103 fa\u0163\u0103 de principalele boli specifice tomatelor cultivate \u00een c\u00e2mp.<\/span><\/h6>\n<h6><span style=\"color: #ff0000;\">Poten\u0163ialul de produc\u0163ie este de 50-60 t\/ha.<\/span><\/h6>\n<h6><span style=\"color: #ff0000;\">Soiul Florina 44 are calitate \u015fi valoare comercial\u0103 ridicat\u0103.\u00a0<\/span><\/h6>\n<h6><span style=\"color: #ff0000;\">Poate fi cultivat \u00een toate zonele \u0163\u0103rii favorabile cultiv\u0103rii tomatelor \u00een c\u00e2mp.\u00a0<\/span><\/h6>\n<h6><span style=\"color: #ff0000;\">Gustul \u0219i aroma deosebite de care dispune \u00eel recomand\u0103 pentru a fi consumat \u00een stare proasp\u0103t\u0103, iar substan\u021ba uscat\u0103 de peste 6,2% \u00eel recomand\u0103 pentru industrializare.<\/span><\/h6>\n<h6>FLORINA 44, a fost ob\u021binut la SCDL Buz\u0103u ca rod al cercet\u0103rilor \u00eentreprinse \u00een ameliorarea tomatelor \u00een perioada 1996-2016. Soiul nou ob\u021binut a fost brevetat \u0219i introdus \u00een lista plantelor de cultur\u0103 \u00een Rom\u00e2nia, \u00eencep\u00e2nd cu anul 2017.<\/h6>\n","protected":false},"excerpt":{"rendered":"<h6><span style=\"color: #0000ff;\">300 SEMIN\u021aE\/cca 1 gram<\/span><\/h6>\n<h6><span style=\"color: #ff00ff;\">SOI DETERMINAT ROM\u0102NESC !<\/span><\/h6>\n<h6><span style=\"color: #ff00ff;\">GUST EXCEP\u021aIONAL !<\/span><\/h6>\n<p><img loading=\"lazy\" decoding=\"async\" class=\"alignnone wp-image-7096\" src=\"https:\/\/vivasem.ro\/wp-content\/uploads\/2021\/11\/ROMANIA-e1695978047917-300x114.jpg\" alt=\"\" width=\"208\" height=\"79\" \/><\/p>\n","protected":false},"featured_media":10762,"comment_status":"open","ping_status":"closed","template":"","meta":{"site-sidebar-layout":"default","site-content-layout":"default","ast-site-content-layout":"default","site-content-style":"default","site-sidebar-style":"default","ast-global-header-display":"","ast-banner-title-visibility":"","ast-main-header-display":"","ast-hfb-above-header-display":"","ast-hfb-below-header-display":"","ast-hfb-mobile-header-display":"","site-post-title":"","ast-breadcrumbs-content":"","ast-featured-img":"","footer-sml-layout":"","ast-disable-related-posts":"","theme-transparent-header-meta":"default","adv-header-id-meta":"","stick-header-meta":"","header-above-stick-meta":"","header-main-stick-meta":"","header-below-stick-meta":"","astra-migrate-meta-layouts":"set","ast-page-background-enabled":"default","ast-page-background-meta":{"desktop":{"background-color":"var(--ast-global-color-4)","background-image":"","background-repeat":"repeat","background-position":"center center","background-size":"auto","background-attachment":"scroll","background-type":"","background-media":"","overlay-type":"","overlay-color":"","overlay-opacity":"","overlay-gradient":""},"tablet":{"background-color":"","background-image":"","background-repeat":"repeat","background-position":"center center","background-size":"auto","background-attachment":"scroll","background-type":"","background-media":"","overlay-type":"","overlay-color":"","overlay-opacity":"","overlay-gradient":""},"mobile":{"background-color":"","background-image":"","background-repeat":"repeat","background-position":"center center","background-size":"auto","background-attachment":"scroll","background-type":"","background-media":"","overlay-type":"","overlay-color":"","overlay-opacity":"","overlay-gradient":""}},"ast-content-background-meta":{"desktop":{"background-color":"var(--ast-global-color-5)","background-image":"","background-repeat":"repeat","background-position":"center center","background-size":"auto","background-attachment":"scroll","background-type":"","background-media":"","overlay-type":"","overlay-color":"","overlay-opacity":"","overlay-gradient":""},"tablet":{"background-color":"var(--ast-global-color-5)","background-image":"","background-repeat":"repeat","background-position":"center center","background-size":"auto","background-attachment":"scroll","background-type":"","background-media":"","overlay-type":"","overlay-color":"","overlay-opacity":"","overlay-gradient":""},"mobile":{"background-color":"var(--ast-global-color-5)","background-image":"","background-repeat":"repeat","background-position":"center center","background-size":"auto","background-attachment":"scroll","background-type":"","background-media":"","overlay-type":"","overlay-color":"","overlay-opacity":"","overlay-gradient":""}}},"product_brand":[],"product_cat":[167,140,142,15],"product_tag":[],"class_list":{"0":"post-10761","1":"product","2":"type-product","3":"status-publish","4":"has-post-thumbnail","6":"product_cat-tufa","7":"product_cat-soiuri-romanesti","8":"product_cat-soiuri-rosii-roz","9":"product_cat-tomate-soi","10":"desktop-align-left","11":"tablet-align-left","12":"mobile-align-left","14":"first","15":"instock","16":"taxable","17":"shipping-taxable","18":"purchasable","19":"product-type-simple"},"_links":{"self":[{"href":"https:\/\/vivasem.ro\/index.php?rest_route=\/wp\/v2\/product\/10761","targetHints":{"allow":["GET"]}}],"collection":[{"href":"https:\/\/vivasem.ro\/index.php?rest_route=\/wp\/v2\/product"}],"about":[{"href":"https:\/\/vivasem.ro\/index.php?rest_route=\/wp\/v2\/types\/product"}],"replies":[{"embeddable":true,"href":"https:\/\/vivasem.ro\/index.php?rest_route=%2Fwp%2Fv2%2Fcomments&post=10761"}],"wp:featuredmedia":[{"embeddable":true,"href":"https:\/\/vivasem.ro\/index.php?rest_route=\/wp\/v2\/media\/10762"}],"wp:attachment":[{"href":"https:\/\/vivasem.ro\/index.php?rest_route=%2Fwp%2Fv2%2Fmedia&parent=10761"}],"wp:term":[{"taxonomy":"product_brand","embeddable":true,"href":"https:\/\/vivasem.ro\/index.php?rest_route=%2Fwp%2Fv2%2Fproduct_brand&post=10761"},{"taxonomy":"product_cat","embeddable":true,"href":"https:\/\/vivasem.ro\/index.php?rest_route=%2Fwp%2Fv2%2Fproduct_cat&post=10761"},{"taxonomy":"product_tag","embeddable":true,"href":"https:\/\/vivasem.ro\/index.php?rest_route=%2Fwp%2Fv2%2Fproduct_tag&post=10761"}],"curies":[{"name":"wp","href":"https:\/\/api.w.org\/{rel}","templated":true}]}}