{"id":10742,"date":"2023-10-01T08:01:45","date_gmt":"2023-10-01T06:01:45","guid":{"rendered":"https:\/\/vivasem.ro\/?post_type=product&#038;p=10742"},"modified":"2026-02-16T08:42:18","modified_gmt":"2026-02-16T06:42:18","slug":"stir-cezar-scdl-buzau-2600s","status":"publish","type":"product","link":"https:\/\/vivasem.ro\/?product=stir-cezar-scdl-buzau-2600s","title":{"rendered":"\u201e\u201eSTIR CEZAR -SCDL Buz\u0103u (2600s)"},"content":{"rendered":"<h6><span style=\"color: #ff0000;\"><strong><u>\u0218TIR-Soiul CEZAR,<\/u><\/strong><\/span><\/h6>\n<h6><span style=\"color: #ff0000;\"><strong><u>-Produc\u0103tor:<\/u><\/strong><\/span><span style=\"color: #ff0000;\"><strong><u>Sta\u021biunea de Cercetare \u0219i Dezvoltare Legumicol\u0103 BUZ\u0102U,<\/u><\/strong><\/span><\/h6>\n<h6>\u0218tirul (Amaranthus retroflexus) este o specie de plante din familia Amarathaceae.<\/h6>\n<h6><span style=\"color: #0000ff;\">Frunzele sunt comestibile \u0219i au gust asem\u0103n\u0103tor spanacului.<\/span><\/h6>\n<h6><span style=\"color: #0000ff;\">\u0218tirul Cezar este un soi timpuriu ce poate fi cultivat \u00een spa\u021bii protejate \u0219i \u00een c\u00e2mp, prim\u0103vara devreme sau toamna, \u00a0cultivarea\u00a0 este foarte u\u0219oar\u0103 deoarece este foarte rezistent din punct de vedere climatic ,de\u0219i la temperaturi ridicate, poten\u021bialul de produc\u021bie scade.<\/span><\/h6>\n<h6>Cultura se \u00eenfiin\u021beaz\u0103 prin sem\u0103nat direct, \u00een r\u00e2nduri apropiate, la 25-30 cm \u00eentre r\u00e2nduri \u0219i 15-20 cm \u00eentre plante\/r\u00e2nd.<\/h6>\n<h6>Cultura produce plante \u00eenalte ,pline de l\u0103stari \u0219i frunze suculente, ce pot fi utilizate \u00een diverse preparate, \u00een special la ciorbe sau ca \u00eenlocuitor de spanac.<\/h6>\n<h6>Poten\u021bialul de produc\u021bie este de 12-15 t mas\u0103 verde\/ha\/recoltare. Se pot realiza 2-3 recolt\u0103ri, \u00een func\u021bie de momentul \u00eenfiin\u021b\u0103rii culturii \u0219i tehnologia aplicat\u0103.<\/h6>\n<h6>Soiul suport\u0103 diverse variante tehnologice, de la cele gospod\u0103re\u0219ti, p\u00e2n\u0103 la cele intensive.<\/h6>\n<h6>Cantitatea de s\u0103m\u00e2n\u021b\u0103 consumat\u0103\/ha, variaz\u0103 de la 2 la 4 kg, \u00een func\u021bie de schema de \u00eenfiin\u021bare utilizat\u0103.<\/h6>\n<h6>Sem\u0103nat: \u00eencep\u00e2nd cu 1 martie.<\/h6>\n<h6>R\u0103s\u0103rit: la 12-15 zile de la sem\u0103nat.<\/h6>\n<h6>Recoltat: e\u0219alonat, prima recolt\u0103 \u00eencep\u00e2nd cu 15 mai.<\/h6>\n<h6>Anumite specii de Amaranthus au fost consumate de c\u0103tre oameni (\u00een special \u00een America de Sud &#8211; Mexic-5000 a.C.) \u00eenc\u0103 de acum 7000 ani datorit\u0103 faptului c\u0103 aceast\u0103 plant\u0103 este mai hr\u0103nitoare chiar mai mult dec\u00e2t porumbul, gr\u00e2ul, sau alte cereale. Se pot consuma at\u00e2t frunzele proaspete, c\u00e2t \u0219i semin\u021bele uscate sub diferite forme.<\/h6>\n<h6><span style=\"color: #0000ff;\">Popula\u021biile str\u0103vechi ale Asiei men\u021bionau aceast\u0103 buruian\u0103 ca av\u00e2nd rangul de regin\u0103 a nemuririi, aztecii o socoteau hran\u0103 a imortalit\u0103\u021bii, iar grecii antici o denumeau \u201eamaranthus\u201c, adic\u0103 planta care nu moare, Pigweed, in engleza, denumit\u0103 \u0219i spanacul chinezesc, stirul este o planta valoroasa, extrem de rezistenta si productiva, supusa unor prejudecati alimentare si nu numai.<\/span><\/h6>\n<h6>Denumire stiintifica: Amaranthus retroflexus<br \/>\nDenumire populara: Stir salbatic<br \/>\nBuruiana anuala cu inmultire prin seminte foarte raspandita indeosebi pe soluri permeabile, bogate in humus si in substante nutritive, in special in azot.<\/h6>\n<h6>Epoca de germinare<br \/>\nTarzie, germinatie tipic de vara.<\/h6>\n<h6>Cotiledoane<br \/>\nDe forma alungit ovala, de cca. 10-12 mm, cu partea inferioara de obicei rosiatica.<\/h6>\n<h6>Frunzele adevarate<br \/>\nOvoidale, lung petiolate, verzi albastrui, alterne, cu varful ascutit, de obicei rosiatice pe partea inferioara.<\/h6>\n<h6>Tulpina<br \/>\nCu inaltime pana la 100 cm, simpla sau ramificata, verde deschis pana la rosiatica, la baza cu frunze putine, iar in partea superioara cu frunze dese, acoperite cu<\/h6>\n<h6>perisori desi.<\/h6>\n<h6>Floarea<br \/>\nMica, putin vizibila, grupata in manunchiuri verzui la extremitatea tulpinii principale sau a ramificatiilor, cu periant ascutit ca un ghimpe, inflorescenta intepatoare.<\/h6>\n<h6>Perioada de inflorire<br \/>\niunie &#8211; septembrie<\/h6>\n<h6>Stirul, o\u00a0 planta calomniata, subestimata.<\/h6>\n<h6>Genul Amaranthus, din care stirul comun (Amaranthus retroflexus) face parte, buruiana noastra cea de toate zilele, cuprinde numeroase specii de stir, toate (sau covarsitoarea lor majoritate) fiind comestibile, consituindu-se intr-o sursa avantajoasa de proteine, vitamine, squalen si acizi grasi polinesaturati dar si de pigmenti naturali, iar in gradinile organice ajuta la &#8222;aerisirea&#8221; solului (avand un rol similar cu cel al ramelor).<\/h6>\n<h6>Sunt circa 1300 semin\u021be\/1 gram.<\/h6>\n<h6>Ambalaj:plic ZIP etichetat.<\/h6>\n<h6><\/h6>\n","protected":false},"excerpt":{"rendered":"<h6><span style=\"color: #0000ff;\">2600 semin\u021be\/cca 2 grame<\/span><\/h6>\n<h6><img loading=\"lazy\" decoding=\"async\" class=\"alignnone wp-image-7096\" src=\"https:\/\/vivasem.ro\/wp-content\/uploads\/2021\/11\/ROMANIA-e1695978047917-300x114.jpg\" alt=\"\" width=\"187\" height=\"71\" \/><\/h6>\n","protected":false},"featured_media":10691,"comment_status":"open","ping_status":"closed","template":"","meta":{"site-sidebar-layout":"default","site-content-layout":"default","ast-site-content-layout":"default","site-content-style":"default","site-sidebar-style":"default","ast-global-header-display":"","ast-banner-title-visibility":"","ast-main-header-display":"","ast-hfb-above-header-display":"","ast-hfb-below-header-display":"","ast-hfb-mobile-header-display":"","site-post-title":"","ast-breadcrumbs-content":"","ast-featured-img":"","footer-sml-layout":"","ast-disable-related-posts":"","theme-transparent-header-meta":"default","adv-header-id-meta":"","stick-header-meta":"","header-above-stick-meta":"","header-main-stick-meta":"","header-below-stick-meta":"","astra-migrate-meta-layouts":"set","ast-page-background-enabled":"default","ast-page-background-meta":{"desktop":{"background-color":"var(--ast-global-color-4)","background-image":"","background-repeat":"repeat","background-position":"center center","background-size":"auto","background-attachment":"scroll","background-type":"","background-media":"","overlay-type":"","overlay-color":"","overlay-opacity":"","overlay-gradient":""},"tablet":{"background-color":"","background-image":"","background-repeat":"repeat","background-position":"center center","background-size":"auto","background-attachment":"scroll","background-type":"","background-media":"","overlay-type":"","overlay-color":"","overlay-opacity":"","overlay-gradient":""},"mobile":{"background-color":"","background-image":"","background-repeat":"repeat","background-position":"center center","background-size":"auto","background-attachment":"scroll","background-type":"","background-media":"","overlay-type":"","overlay-color":"","overlay-opacity":"","overlay-gradient":""}},"ast-content-background-meta":{"desktop":{"background-color":"var(--ast-global-color-5)","background-image":"","background-repeat":"repeat","background-position":"center center","background-size":"auto","background-attachment":"scroll","background-type":"","background-media":"","overlay-type":"","overlay-color":"","overlay-opacity":"","overlay-gradient":""},"tablet":{"background-color":"var(--ast-global-color-5)","background-image":"","background-repeat":"repeat","background-position":"center center","background-size":"auto","background-attachment":"scroll","background-type":"","background-media":"","overlay-type":"","overlay-color":"","overlay-opacity":"","overlay-gradient":""},"mobile":{"background-color":"var(--ast-global-color-5)","background-image":"","background-repeat":"repeat","background-position":"center center","background-size":"auto","background-attachment":"scroll","background-type":"","background-media":"","overlay-type":"","overlay-color":"","overlay-opacity":"","overlay-gradient":""}}},"product_brand":[],"product_cat":[114,91],"product_tag":[],"class_list":{"0":"post-10742","1":"product","2":"type-product","3":"status-publish","4":"has-post-thumbnail","6":"product_cat-spanac","7":"product_cat-alte-legume","8":"desktop-align-left","9":"tablet-align-left","10":"mobile-align-left","12":"first","13":"outofstock","14":"taxable","15":"shipping-taxable","16":"purchasable","17":"product-type-simple"},"_links":{"self":[{"href":"https:\/\/vivasem.ro\/index.php?rest_route=\/wp\/v2\/product\/10742","targetHints":{"allow":["GET"]}}],"collection":[{"href":"https:\/\/vivasem.ro\/index.php?rest_route=\/wp\/v2\/product"}],"about":[{"href":"https:\/\/vivasem.ro\/index.php?rest_route=\/wp\/v2\/types\/product"}],"replies":[{"embeddable":true,"href":"https:\/\/vivasem.ro\/index.php?rest_route=%2Fwp%2Fv2%2Fcomments&post=10742"}],"wp:featuredmedia":[{"embeddable":true,"href":"https:\/\/vivasem.ro\/index.php?rest_route=\/wp\/v2\/media\/10691"}],"wp:attachment":[{"href":"https:\/\/vivasem.ro\/index.php?rest_route=%2Fwp%2Fv2%2Fmedia&parent=10742"}],"wp:term":[{"taxonomy":"product_brand","embeddable":true,"href":"https:\/\/vivasem.ro\/index.php?rest_route=%2Fwp%2Fv2%2Fproduct_brand&post=10742"},{"taxonomy":"product_cat","embeddable":true,"href":"https:\/\/vivasem.ro\/index.php?rest_route=%2Fwp%2Fv2%2Fproduct_cat&post=10742"},{"taxonomy":"product_tag","embeddable":true,"href":"https:\/\/vivasem.ro\/index.php?rest_route=%2Fwp%2Fv2%2Fproduct_tag&post=10742"}],"curies":[{"name":"wp","href":"https:\/\/api.w.org\/{rel}","templated":true}]}}