{"id":10615,"date":"2023-09-25T08:28:28","date_gmt":"2023-09-25T06:28:28","guid":{"rendered":"https:\/\/vivasem.ro\/?post_type=product&#038;p=10615"},"modified":"2024-03-15T11:34:11","modified_gmt":"2024-03-15T09:34:11","slug":"ardei-iute-jovial-buzau-scdl-2g","status":"publish","type":"product","link":"https:\/\/vivasem.ro\/?product=ardei-iute-jovial-buzau-scdl-2g","title":{"rendered":"\u201e\u201eARDEI IUTE JOVIAL-BUZ\u0102U SCDL (2g)"},"content":{"rendered":"<h6>ARDEI<span style=\"color: #ff0000;\"><strong><u> IUTE JOVIAL &#8211;<\/u><\/strong><\/span><\/h6>\n<h6><span style=\"color: #ff0000;\"><strong><u>Produc\u0103tor :Sta\u021biunea de Cercetare \u0219i Dezvoltare Legumicol\u0103 BUZ\u0102U,<\/u><\/strong><\/span><\/h6>\n<h6><span style=\"color: #0000ff;\">Dimensiunile fructului sunt cuprinse \u00eentre 15 \u2013 23 cm lungime \u0219i 1,2 \u2013 1,5 cm diametru bazal. <\/span><\/h6>\n<h6>Ardeiul Jovial are forma elipsoidal\u0103 cu v\u00e2rful ascu\u021bit, u\u0219or curbat, iar cu treimea superioar\u0103 ondulat\u0103 \u0219i neted \u00een rest.<\/h6>\n<h6>La maturitatea tehnic\u0103 fructele au culoarea verde deschis, iar la maturitatea fiziologic\u0103 sunt de culoare ro\u0219u-intens.<\/h6>\n<h6><span style=\"color: #0000ff;\">Pericarpul este gros spre foarte gros \u0219i capsicina este prezent\u0103.<\/span><\/h6>\n<h6><span style=\"color: #0000ff;\"> Gustul este mediu picant, pl\u0103cut.<\/span><\/h6>\n<h6><span style=\"color: #ff0000;\">Soiul de ardei iute este foarte productiv at\u00e2t \u00een condi\u021bii de protejare c\u00e2t \u0219i \u00een c\u00e2mp deschis.<\/span><\/h6>\n<h6>FRUCTUL<br \/>\nGreutatea medie: 18.5 g<br \/>\nForma: \u00eengust triunghiular\u0103<br \/>\nLungime: 15-23 cm<br \/>\nDiametru: 1.5 \u20131.7 cm<br \/>\nCuloarea la maturitatea de consum: galben deschis<br \/>\nCuloarea la maturitatea fiziologic\u0103: ro\u015fie cu luciu mediu<br \/>\nNr. de loji seminale: 2<br \/>\nTIPUL DE PLANT\u0102<br \/>\nSoi: semitimpuriu<br \/>\nToleran\u0163\u0103: mare la VMT<br \/>\nPoten\u0163ial de produc\u0163ie: 30-35 t\/ha \u00een c\u00e2mp \u015fi 1.5-2.7 t\/1000 m.p<br \/>\n<span style=\"color: #0000ff;\">OBSERVA\u0162II<\/span><br \/>\n<span style=\"color: #0000ff;\">Destinat cultiv\u0103rii \u00een ser\u0103, solarii \u015fi c\u00e2mp deschis. Capacitate de p\u0103strare bun\u0103, destinat consumului<\/span><span style=\"color: #0000ff;\">\u00een stare proasp\u0103t\u0103 \u015fi pentru industrializare.<\/span><\/h6>\n<h6><span style=\"color: #0000ff;\">Jovial este un soi de ardei iute tip Cayenne destinat consumului \u00een stare proasp\u0103t\u0103 sau pentru industrializare.<\/span><\/h6>\n<h6><span style=\"color: #0000ff;\">In\u0103l\u021bimea plantei este medie cuprinz\u00e2ndu-se \u00eentre 80 \u0219i 120 cm. Forma frunzei este lanceolat\u0103 u\u0219or concav\u0103 \u00een sec\u021biune transversal\u0103 \u0219i culoarea este verde deschis.<\/span><\/h6>\n<h6><\/h6>\n<h6><\/h6>\n","protected":false},"excerpt":{"rendered":"<h6><span style=\"color: #0000ff;\">2 GRAME\/350 SEMIN\u021aE<\/span><\/h6>\n<p><img loading=\"lazy\" decoding=\"async\" class=\"alignnone wp-image-7098\" src=\"https:\/\/vivasem.ro\/wp-content\/uploads\/2021\/11\/RO-1-300x107.jpg\" alt=\"\" width=\"182\" height=\"65\" \/><\/p>\n","protected":false},"featured_media":10716,"comment_status":"open","ping_status":"closed","template":"","meta":{"site-sidebar-layout":"default","site-content-layout":"default","ast-site-content-layout":"default","site-content-style":"default","site-sidebar-style":"default","ast-global-header-display":"","ast-banner-title-visibility":"","ast-main-header-display":"","ast-hfb-above-header-display":"","ast-hfb-below-header-display":"","ast-hfb-mobile-header-display":"","site-post-title":"","ast-breadcrumbs-content":"","ast-featured-img":"","footer-sml-layout":"","ast-disable-related-posts":"","theme-transparent-header-meta":"default","adv-header-id-meta":"","stick-header-meta":"","header-above-stick-meta":"","header-main-stick-meta":"","header-below-stick-meta":"","astra-migrate-meta-layouts":"set","ast-page-background-enabled":"default","ast-page-background-meta":{"desktop":{"background-color":"var(--ast-global-color-4)","background-image":"","background-repeat":"repeat","background-position":"center center","background-size":"auto","background-attachment":"scroll","background-type":"","background-media":"","overlay-type":"","overlay-color":"","overlay-opacity":"","overlay-gradient":""},"tablet":{"background-color":"","background-image":"","background-repeat":"repeat","background-position":"center center","background-size":"auto","background-attachment":"scroll","background-type":"","background-media":"","overlay-type":"","overlay-color":"","overlay-opacity":"","overlay-gradient":""},"mobile":{"background-color":"","background-image":"","background-repeat":"repeat","background-position":"center center","background-size":"auto","background-attachment":"scroll","background-type":"","background-media":"","overlay-type":"","overlay-color":"","overlay-opacity":"","overlay-gradient":""}},"ast-content-background-meta":{"desktop":{"background-color":"var(--ast-global-color-5)","background-image":"","background-repeat":"repeat","background-position":"center center","background-size":"auto","background-attachment":"scroll","background-type":"","background-media":"","overlay-type":"","overlay-color":"","overlay-opacity":"","overlay-gradient":""},"tablet":{"background-color":"var(--ast-global-color-5)","background-image":"","background-repeat":"repeat","background-position":"center center","background-size":"auto","background-attachment":"scroll","background-type":"","background-media":"","overlay-type":"","overlay-color":"","overlay-opacity":"","overlay-gradient":""},"mobile":{"background-color":"var(--ast-global-color-5)","background-image":"","background-repeat":"repeat","background-position":"center center","background-size":"auto","background-attachment":"scroll","background-type":"","background-media":"","overlay-type":"","overlay-color":"","overlay-opacity":"","overlay-gradient":""}}},"product_brand":[],"product_cat":[111],"product_tag":[],"class_list":{"0":"post-10615","1":"product","2":"type-product","3":"status-publish","4":"has-post-thumbnail","6":"product_cat-ardei-iute","7":"desktop-align-left","8":"tablet-align-left","9":"mobile-align-left","11":"first","12":"outofstock","13":"taxable","14":"shipping-taxable","15":"purchasable","16":"product-type-simple"},"_links":{"self":[{"href":"https:\/\/vivasem.ro\/index.php?rest_route=\/wp\/v2\/product\/10615","targetHints":{"allow":["GET"]}}],"collection":[{"href":"https:\/\/vivasem.ro\/index.php?rest_route=\/wp\/v2\/product"}],"about":[{"href":"https:\/\/vivasem.ro\/index.php?rest_route=\/wp\/v2\/types\/product"}],"replies":[{"embeddable":true,"href":"https:\/\/vivasem.ro\/index.php?rest_route=%2Fwp%2Fv2%2Fcomments&post=10615"}],"wp:featuredmedia":[{"embeddable":true,"href":"https:\/\/vivasem.ro\/index.php?rest_route=\/wp\/v2\/media\/10716"}],"wp:attachment":[{"href":"https:\/\/vivasem.ro\/index.php?rest_route=%2Fwp%2Fv2%2Fmedia&parent=10615"}],"wp:term":[{"taxonomy":"product_brand","embeddable":true,"href":"https:\/\/vivasem.ro\/index.php?rest_route=%2Fwp%2Fv2%2Fproduct_brand&post=10615"},{"taxonomy":"product_cat","embeddable":true,"href":"https:\/\/vivasem.ro\/index.php?rest_route=%2Fwp%2Fv2%2Fproduct_cat&post=10615"},{"taxonomy":"product_tag","embeddable":true,"href":"https:\/\/vivasem.ro\/index.php?rest_route=%2Fwp%2Fv2%2Fproduct_tag&post=10615"}],"curies":[{"name":"wp","href":"https:\/\/api.w.org\/{rel}","templated":true}]}}