{"id":55,"date":"2021-05-30T17:40:02","date_gmt":"2021-05-30T17:40:02","guid":{"rendered":"https:\/\/vivasem.ro\/?page_id=55"},"modified":"2024-12-01T23:09:33","modified_gmt":"2024-12-01T21:09:33","slug":"pseudo-botanica","status":"publish","type":"page","link":"https:\/\/vivasem.ro\/?page_id=55","title":{"rendered":"CUM FINALIZEZ COMANDA"},"content":{"rendered":"\n<p>FINALIZAREA COMENZII:<\/p>\n\n\n\n<p>Ca s\u0103 finaliza\u021bi comanda, dup\u0103 ce ati terminat de ales produsele, ap\u0103sa\u021bi pe <strong>CO\u0218.<\/strong><\/p>\n\n\n\n<p> Apoi alege\u021bi \u0219i bifati mai jos, MODALITATEA DE TRASPORT dorit\u0103, apoi jos de tot, bifa\u021bi pe butonul <strong>FINALIZEAZ\u0102 COMANDA. <\/strong><\/p>\n\n\n\n<p>V\u0103 apare o pagin\u0103 nou\u0103 , <strong>FINALIZEAZ\u0102 CUMP\u0102R\u0102TURILE<\/strong> , unde la BILLING DETAILS  sunt datele de facturare , pe care, dac\u0103 nu le-a\u021bi completat la \u00eenceput, trebuiesc completate acum \u0219i apoi, \u00een partea de jos de tot bifati butonul <strong>NEXT.<\/strong><\/p>\n\n\n\n<p>Se va deschide o alt\u0103 pagin\u0103 ,  <strong>SHIPPING DETTAILS,<\/strong> iar <strong>aici<\/strong> <strong>completati doar dac\u0103 doriti livrarea la alt\u0103 adres\u0103, <\/strong>apoi jos de tot bifa\u021bi <strong>NEXT<\/strong>.<\/p>\n\n\n\n<p> Se va deschide ultima pagin\u0103 <strong>ORDER REVIEW<\/strong> , cu rezumatul comenzii \u0219i a datelor de livrare .Dac\u0103 totul este corect, bifati, jos, <strong>PLASEAZA COMANDA<\/strong> . Doar dac\u0103 dori\u021bi s\u0103 mai modifica\u021bi ceva sau s\u0103 mai ad\u0103uga\u021bi produse, ap\u0103sa\u021bi pe <strong>PREVIOUS <\/strong>\u0219i v\u0103 \u00eentoarce\u021bi la fila pecedent\u0103.<\/p>\n\n\n\n<p>Dup\u0103 ce a\u021bi ap\u0103sat pe butonul PLASEAZA COMANDA ve\u021bi primi confirmarea pe e-mail, c\u0103 am primit comanda dumneavoastr\u0103. <\/p>\n\n\n\n<p> Aten\u021bie ! Dac\u0103 nu a\u021bi completat la ADRESA cu toate datele necesare, telefon, e-mail,etc&#8230; , saitul nu v\u0103 las\u0103 s\u0103 merge\u021bi la pagina urm\u0103toare.<\/p>\n\n\n\n<figure class=\"wp-block-image aligncenter size-large\"><a href=\"https:\/\/vivasem.ro\/wp-content\/uploads\/2021\/05\/vivasem-pseudo-botanica-scaled.jpg\"><img loading=\"lazy\" decoding=\"async\" width=\"1024\" height=\"640\" src=\"https:\/\/vivasem.ro\/wp-content\/uploads\/2021\/05\/vivasem-pseudo-botanica-1024x640.jpg\" alt=\"\" class=\"wp-image-56\" srcset=\"https:\/\/vivasem.ro\/wp-content\/uploads\/2021\/05\/vivasem-pseudo-botanica-1024x640.jpg 1024w, https:\/\/vivasem.ro\/wp-content\/uploads\/2021\/05\/vivasem-pseudo-botanica-scaled-248x155.jpg 248w, https:\/\/vivasem.ro\/wp-content\/uploads\/2021\/05\/vivasem-pseudo-botanica-scaled-590x369.jpg 590w, https:\/\/vivasem.ro\/wp-content\/uploads\/2021\/05\/vivasem-pseudo-botanica-150x94.jpg 150w, https:\/\/vivasem.ro\/wp-content\/uploads\/2021\/05\/vivasem-pseudo-botanica-scaled-original-300x188.jpg 300w, https:\/\/vivasem.ro\/wp-content\/uploads\/2021\/05\/vivasem-pseudo-botanica-768x480.jpg 768w, https:\/\/vivasem.ro\/wp-content\/uploads\/2021\/05\/vivasem-pseudo-botanica-1536x960.jpg 1536w, https:\/\/vivasem.ro\/wp-content\/uploads\/2021\/05\/vivasem-pseudo-botanica-2048x1280.jpg 2048w, https:\/\/vivasem.ro\/wp-content\/uploads\/2021\/05\/vivasem-pseudo-botanica-250x156.jpg 250w, https:\/\/vivasem.ro\/wp-content\/uploads\/2021\/05\/vivasem-pseudo-botanica-600x375.jpg 600w, https:\/\/vivasem.ro\/wp-content\/uploads\/2021\/05\/vivasem-pseudo-botanica-scaled.jpg 700w\" sizes=\"auto, (max-width: 1024px) 100vw, 1024px\" \/><\/a><\/figure>\n\n\n\n<p><a href=\"\/?p=48\" data-type=\"URL\" data-id=\"\/?p=48\"><strong>De la Cire\u0219ele Diavolului la Ro\u0219iile legume<\/strong><\/a><\/p>\n\n\n\n<figure class=\"wp-block-image aligncenter size-large\"><a href=\"https:\/\/vivasem.ro\/wp-content\/uploads\/2021\/05\/originea-legumelor-pe-harta-lumii.jpg\"><img decoding=\"async\" src=\"https:\/\/vivasem.ro\/wp-content\/uploads\/2021\/05\/originea-legumelor-pe-harta-lumii-1024x633.jpg\" alt=\"\" class=\"wp-image-63\"\/><\/a><\/figure>\n","protected":false},"excerpt":{"rendered":"<p>FINALIZAREA COMENZII: Ca s\u0103 finaliza\u021bi comanda, dup\u0103 ce ati terminat de ales produsele, ap\u0103sa\u021bi pe CO\u0218. Apoi alege\u021bi \u0219i bifati mai jos, MODALITATEA DE TRASPORT dorit\u0103, apoi jos de tot, bifa\u021bi pe butonul FINALIZEAZ\u0102 COMANDA. V\u0103 apare o pagin\u0103 nou\u0103 , FINALIZEAZ\u0102 CUMP\u0102R\u0102TURILE , unde la BILLING DETAILS sunt datele de facturare , pe care, [&hellip;]<\/p>\n","protected":false},"author":2,"featured_media":0,"parent":0,"menu_order":0,"comment_status":"closed","ping_status":"closed","template":"","meta":{"site-sidebar-layout":"no-sidebar","site-content-layout":"default","ast-site-content-layout":"default","site-content-style":"default","site-sidebar-style":"default","ast-global-header-display":"","ast-banner-title-visibility":"","ast-main-header-display":"","ast-hfb-above-header-display":"","ast-hfb-below-header-display":"","ast-hfb-mobile-header-display":"","site-post-title":"","ast-breadcrumbs-content":"","ast-featured-img":"","footer-sml-layout":"","ast-disable-related-posts":"","theme-transparent-header-meta":"default","adv-header-id-meta":"","stick-header-meta":"","header-above-stick-meta":"","header-main-stick-meta":"","header-below-stick-meta":"","astra-migrate-meta-layouts":"set","ast-page-background-enabled":"default","ast-page-background-meta":{"desktop":{"background-color":"var(--ast-global-color-4)","background-image":"","background-repeat":"repeat","background-position":"center center","background-size":"auto","background-attachment":"scroll","background-type":"","background-media":"","overlay-type":"","overlay-color":"","overlay-opacity":"","overlay-gradient":""},"tablet":{"background-color":"","background-image":"","background-repeat":"repeat","background-position":"center center","background-size":"auto","background-attachment":"scroll","background-type":"","background-media":"","overlay-type":"","overlay-color":"","overlay-opacity":"","overlay-gradient":""},"mobile":{"background-color":"","background-image":"","background-repeat":"repeat","background-position":"center center","background-size":"auto","background-attachment":"scroll","background-type":"","background-media":"","overlay-type":"","overlay-color":"","overlay-opacity":"","overlay-gradient":""}},"ast-content-background-meta":{"desktop":{"background-color":"var(--ast-global-color-5)","background-image":"","background-repeat":"repeat","background-position":"center center","background-size":"auto","background-attachment":"scroll","background-type":"","background-media":"","overlay-type":"","overlay-color":"","overlay-opacity":"","overlay-gradient":""},"tablet":{"background-color":"var(--ast-global-color-5)","background-image":"","background-repeat":"repeat","background-position":"center center","background-size":"auto","background-attachment":"scroll","background-type":"","background-media":"","overlay-type":"","overlay-color":"","overlay-opacity":"","overlay-gradient":""},"mobile":{"background-color":"var(--ast-global-color-5)","background-image":"","background-repeat":"repeat","background-position":"center center","background-size":"auto","background-attachment":"scroll","background-type":"","background-media":"","overlay-type":"","overlay-color":"","overlay-opacity":"","overlay-gradient":""}},"footnotes":""},"class_list":["post-55","page","type-page","status-publish","hentry"],"_links":{"self":[{"href":"https:\/\/vivasem.ro\/index.php?rest_route=\/wp\/v2\/pages\/55","targetHints":{"allow":["GET"]}}],"collection":[{"href":"https:\/\/vivasem.ro\/index.php?rest_route=\/wp\/v2\/pages"}],"about":[{"href":"https:\/\/vivasem.ro\/index.php?rest_route=\/wp\/v2\/types\/page"}],"author":[{"embeddable":true,"href":"https:\/\/vivasem.ro\/index.php?rest_route=\/wp\/v2\/users\/2"}],"replies":[{"embeddable":true,"href":"https:\/\/vivasem.ro\/index.php?rest_route=%2Fwp%2Fv2%2Fcomments&post=55"}],"version-history":[{"count":10,"href":"https:\/\/vivasem.ro\/index.php?rest_route=\/wp\/v2\/pages\/55\/revisions"}],"predecessor-version":[{"id":15015,"href":"https:\/\/vivasem.ro\/index.php?rest_route=\/wp\/v2\/pages\/55\/revisions\/15015"}],"wp:attachment":[{"href":"https:\/\/vivasem.ro\/index.php?rest_route=%2Fwp%2Fv2%2Fmedia&parent=55"}],"curies":[{"name":"wp","href":"https:\/\/api.w.org\/{rel}","templated":true}]}}