{"id":2,"date":"2016-05-10T03:48:21","date_gmt":"2016-05-10T01:48:21","guid":{"rendered":"http:\/\/vivasem.ro\/?page_id=2"},"modified":"2024-12-17T07:44:34","modified_gmt":"2024-12-17T05:44:34","slug":"sample-page","status":"publish","type":"page","link":"https:\/\/vivasem.ro\/?page_id=2","title":{"rendered":". Bun venit la VIVASEM !"},"content":{"rendered":"\n<div class=\"wp-block-image\"><figure class=\"aligncenter size-full\"><a href=\"https:\/\/vivasem.ro\/wp-content\/uploads\/2021\/10\/header-florin.jpg\"><img loading=\"lazy\" decoding=\"async\" width=\"700\" height=\"119\" src=\"https:\/\/vivasem.ro\/wp-content\/uploads\/2021\/10\/header-florin.jpg\" alt=\"\" class=\"wp-image-250\" srcset=\"https:\/\/vivasem.ro\/wp-content\/uploads\/2021\/10\/header-florin.jpg 700w, https:\/\/vivasem.ro\/wp-content\/uploads\/2021\/10\/header-florin-248x42.jpg 248w, https:\/\/vivasem.ro\/wp-content\/uploads\/2021\/10\/header-florin-590x100.jpg 590w, https:\/\/vivasem.ro\/wp-content\/uploads\/2021\/10\/header-florin-150x26.jpg 150w, https:\/\/vivasem.ro\/wp-content\/uploads\/2021\/10\/header-florin-original-300x51.jpg 300w, https:\/\/vivasem.ro\/wp-content\/uploads\/2021\/10\/header-florin-original-250x43.jpg 250w, https:\/\/vivasem.ro\/wp-content\/uploads\/2021\/10\/header-florin-original-600x102.jpg 600w\" sizes=\"auto, (max-width: 700px) 100vw, 700px\" \/><\/a><\/figure><\/div>\n\n\n\n<p class=\"has-black-color has-white-background-color has-text-color has-background\">Tomate pitice sau uria\u0219e, de multe culori \u0219i forme, dovlecei la metru, castraveti, fasole si multe alte legume deosebite,sunt o surs\u0103 de hran\u0103 s\u0103n\u0103toas\u0103 \u0219i de fericire pentru cel care le cultiv\u0103, le consum\u0103 \u0219i le d\u0103ruiesc! <\/p>\n\n\n\n<p class=\"has-black-color has-white-background-color has-text-color has-background\">Un proiect FLORIN  V\u00ceLCIU, care a \u00eenceput \u00een 2005, odat\u0103 cu testarea primelor tomate mai neobi\u0219nuite,\u00een Bra\u0219ov,\u00eentr-o gr\u0103din\u0103 la poalele mun\u021bilor,l\u00e2ng\u0103 p\u0103dure,\u00een condi\u021bii dificile de temperatur\u0103 .Din cauza sezonului mai scurt,din zona de munte,am c\u0103utat soiuri aclimatizate \u00een zonele reci,\u00een special siberiene,ucraineene ,ruse\u0219ti,dar \u0219i din continentele americane,unde este patria mam\u0103 a tuturor soiurilor de tomate.<\/p>\n\n\n\n<p class=\"has-black-color has-white-background-color has-text-color has-background\"> Acum, la VIVASEM ave\u021bi \u0219ansa s\u0103 descoperi\u021bi semin\u021be din soiuri foarte vechi,cunoscute de sute de ani,denumite spre recunoa\u0219tere, heirloom sau heritage, sau soiuri noi ,sau soiuri rare despre care poate nici nu a\u021bi mai auzit. Majoritatea au fost testate ,de aceea v\u0103 putem \u00eemp\u0103rt\u0103\u0219ii concluziile. Soiurile neprobate, despre care \u0219tim doar informa\u021biile furnizorilor,sunt semnalizate ca PRODUS NOU .<\/p>\n\n\n\n<p class=\"has-black-color has-white-background-color has-text-color has-background\">Avem o sec\u021biune de pseudo-botanic\u0103 \u00een care putem \u00eenv\u0103\u021ba \u00eempreun\u0103 informa\u021bii utile despre legume\u2026 mai avem o sec\u021biune Agrosugestii unde recomand\u0103rile incluse pot fi de real ajutor \u00een cultivarea \u0219i \u00eengrijirea culturilor de legume.<\/p>\n\n\n\n<p class=\"has-black-color has-white-background-color has-text-color has-background\">Periodic, dac\u0103 ne revizita\u021bi, ve-ti descoperi articole interesante despre prietenele noastre legume \u00een sec\u021biunea Blog.<\/p>\n\n\n\n<p class=\"has-black-color has-white-background-color has-text-color has-background\">Dar\u2026 ar fi bine s\u0103 trecem \u0219i la fapte reale! Vizita\u021bi magazinul nostru \u00een care sigur g\u0103si\u021bi c\u00e2teva soiuri deosebite de legume pe care s\u0103 le cultiva\u021bi \u0219i dvs.<\/p>\n\n\n\n<p>Co\u0219ul este preg\u0103tit \u0219i noi deasemenea s\u0103 v\u0103 prelu\u0103m comanda \u0219i s\u0103 facem ca cele alese s\u0103 v\u0103 soseasc\u0103 c\u00e2t mai repede la adresa dvs.<\/p>\n","protected":false},"excerpt":{"rendered":"<p>Tomate pitice sau uria\u0219e, de multe culori \u0219i forme, dovlecei la metru, castraveti, fasole si multe alte legume deosebite,sunt o surs\u0103 de hran\u0103 s\u0103n\u0103toas\u0103 \u0219i de fericire pentru cel care le cultiv\u0103, le consum\u0103 \u0219i le d\u0103ruiesc! Un proiect FLORIN V\u00ceLCIU, care a \u00eenceput \u00een 2005, odat\u0103 cu testarea primelor tomate mai neobi\u0219nuite,\u00een Bra\u0219ov,\u00eentr-o gr\u0103din\u0103 [&hellip;]<\/p>\n","protected":false},"author":1,"featured_media":0,"parent":0,"menu_order":0,"comment_status":"closed","ping_status":"closed","template":"","meta":{"site-sidebar-layout":"no-sidebar","site-content-layout":"default","ast-site-content-layout":"default","site-content-style":"default","site-sidebar-style":"default","ast-global-header-display":"","ast-banner-title-visibility":"","ast-main-header-display":"","ast-hfb-above-header-display":"","ast-hfb-below-header-display":"","ast-hfb-mobile-header-display":"","site-post-title":"","ast-breadcrumbs-content":"","ast-featured-img":"","footer-sml-layout":"","ast-disable-related-posts":"","theme-transparent-header-meta":"default","adv-header-id-meta":"","stick-header-meta":"","header-above-stick-meta":"","header-main-stick-meta":"","header-below-stick-meta":"","astra-migrate-meta-layouts":"default","ast-page-background-enabled":"default","ast-page-background-meta":{"desktop":{"background-color":"var(--ast-global-color-4)","background-image":"","background-repeat":"repeat","background-position":"center center","background-size":"auto","background-attachment":"scroll","background-type":"","background-media":"","overlay-type":"","overlay-color":"","overlay-opacity":"","overlay-gradient":""},"tablet":{"background-color":"","background-image":"","background-repeat":"repeat","background-position":"center center","background-size":"auto","background-attachment":"scroll","background-type":"","background-media":"","overlay-type":"","overlay-color":"","overlay-opacity":"","overlay-gradient":""},"mobile":{"background-color":"","background-image":"","background-repeat":"repeat","background-position":"center center","background-size":"auto","background-attachment":"scroll","background-type":"","background-media":"","overlay-type":"","overlay-color":"","overlay-opacity":"","overlay-gradient":""}},"ast-content-background-meta":{"desktop":{"background-color":"var(--ast-global-color-5)","background-image":"","background-repeat":"repeat","background-position":"center center","background-size":"auto","background-attachment":"scroll","background-type":"","background-media":"","overlay-type":"","overlay-color":"","overlay-opacity":"","overlay-gradient":""},"tablet":{"background-color":"var(--ast-global-color-5)","background-image":"","background-repeat":"repeat","background-position":"center center","background-size":"auto","background-attachment":"scroll","background-type":"","background-media":"","overlay-type":"","overlay-color":"","overlay-opacity":"","overlay-gradient":""},"mobile":{"background-color":"var(--ast-global-color-5)","background-image":"","background-repeat":"repeat","background-position":"center center","background-size":"auto","background-attachment":"scroll","background-type":"","background-media":"","overlay-type":"","overlay-color":"","overlay-opacity":"","overlay-gradient":""}},"footnotes":""},"class_list":["post-2","page","type-page","status-publish","hentry"],"_links":{"self":[{"href":"https:\/\/vivasem.ro\/index.php?rest_route=\/wp\/v2\/pages\/2","targetHints":{"allow":["GET"]}}],"collection":[{"href":"https:\/\/vivasem.ro\/index.php?rest_route=\/wp\/v2\/pages"}],"about":[{"href":"https:\/\/vivasem.ro\/index.php?rest_route=\/wp\/v2\/types\/page"}],"author":[{"embeddable":true,"href":"https:\/\/vivasem.ro\/index.php?rest_route=\/wp\/v2\/users\/1"}],"replies":[{"embeddable":true,"href":"https:\/\/vivasem.ro\/index.php?rest_route=%2Fwp%2Fv2%2Fcomments&post=2"}],"version-history":[{"count":9,"href":"https:\/\/vivasem.ro\/index.php?rest_route=\/wp\/v2\/pages\/2\/revisions"}],"predecessor-version":[{"id":15495,"href":"https:\/\/vivasem.ro\/index.php?rest_route=\/wp\/v2\/pages\/2\/revisions\/15495"}],"wp:attachment":[{"href":"https:\/\/vivasem.ro\/index.php?rest_route=%2Fwp%2Fv2%2Fmedia&parent=2"}],"curies":[{"name":"wp","href":"https:\/\/api.w.org\/{rel}","templated":true}]}}